000
CXUS51 KAKQ 010710
CF6ORF
PRELIMINARY LOCAL CLIMATOLOGICAL DATA (WS FORM: F-6)
STATION: NORFOLK VA
MONTH: SEPTEMBER
YEAR: 2021
LATITUDE: 36 54 N
LONGITUDE: 76 12 W
TEMPERATURE IN F: :PCPN: SNOW: WIND :SUNSHINE: SKY :PK WND
================================================================================
1 2 3 4 5 6A 6B 7 8 9 10 11 12 13 14 15 16 17 18
12Z AVG MX 2MIN
DY MAX MIN AVG DEP HDD CDD WTR SNW DPTH SPD SPD DIR MIN PSBL S-S WX SPD DR
================================================================================
1 89 68 79 2 0 14 0.29 0.0 0 15.2 31 200 M M 4 18 38 200
2 77 64 71 -6 0 6 T 0.0 0 10.1 20 350 M M 7 27 360
3 76 64 70 -7 0 5 0.00 0.0 0 9.4 17 30 M M 1 25 110
4 78 61 70 -7 0 5 0.00 0.0 0 4.6 12 10 M M 2 16 20
5 85 63 74 -3 0 9 0.00 0.0 0 11.5 18 200 M M 0 24 210
6 81 66 74 -2 0 9 0.00 0.0 0 6.3 15 220 M M 2 19 220
7 86 62 74 -2 0 9 0.00 0.0 0 5.6 15 150 M M 1 8 23 140
8 90 67 79 3 0 14 1.34 0.0 0 8.3 20 190 M M 4 1 24 220
9 78 67 73 -3 0 8 0.88 0.0 0 6.6 16 350 M M 7 1 26 350
10 76 65 71 -5 0 6 0.00 0.0 0 7.9 18 360 M M 0 25 350
11 77 59 68 -7 0 3 0.00 0.0 0 4.5 9 150 M M 0 18 130
12 84 61 73 -2 0 8 0.00 0.0 0 11.9 21 220 M M 0 25 220
13 87 67 77 2 0 12 0.00 0.0 0 6.3 18 220 M M 0 22 220
14 89 68 79 4 0 14 0.00 0.0 0 8.2 15 220 M M 0 23 220
15 88 69 79 5 0 14 0.00 0.0 0 9.2 18 160 M M 1 22 170
16 84 70 77 3 0 12 0.00 0.0 0 7.4 15 30 M M 2 24 80
17 82 73 78 4 0 13 T 0.0 0 13.6 20 30 M M 6 1 25 30
18 81 70 76 2 0 11 0.00 0.0 0 6.7 15 20 M M 2 19 30
19 81 69 75 2 0 10 0.00 0.0 0 7.0 15 70 M M 1 21 40
20 77 65 71 -2 0 6 0.00 0.0 0 9.1 18 70 M M 2 23 80
21 81 71 76 3 0 11 0.00 0.0 0 7.3 15 90 M M 1 22 110
22 84 73 79 7 0 14 0.04 0.0 0 11.9 29 150 M M 2 18 41 210
23 77 64 71 -1 0 6 0.44 0.0 0 5.7 24 170 M M 9 13 35 150
24 73 66 70 -2 0 5 T 0.0 0 12.8 22 20 M M 5 28 20
25 75 60 68 -3 0 3 0.00 0.0 0 6.6 15 30 M M 2 19 30
26 74 58 66 -5 0 1 0.00 0.0 0 6.3 17 360 M M 0 26 10
27 80 55 68 -3 0 3 0.00 0.0 0 8.7 17 220 M M 0 22 220
28 85 62 74 4 0 9 0.00 0.0 0 8.6 17 220 M M 0 22 220
29 72 62 67 -3 0 2 0.00 0.0 0 10.2 21 30 M M 3 24 30
30 76 54 65 -5 0 0 0.00 0.0 0 3.2 10 260 M M 1 15 280
================================================================================
SM 2423 1943 0 242 2.99 0.0 250.7 M 65
================================================================================
AV 80.8 64.8 8.4 FASTST M M 2 MAX(MPH)
MISC ----> 31 200 41 210
================================================================================
NOTES:
# LAST OF SEVERAL OCCURRENCES
COLUMN 17 PEAK WIND IN M.P.H.
PRELIMINARY LOCAL CLIMATOLOGICAL DATA (WS FORM: F-6) , PAGE 2
STATION: NORFOLK VA
MONTH: SEPTEMBER
YEAR: 2021
LATITUDE: 36 54 N
LONGITUDE: 76 12 W
[TEMPERATURE DATA] [PRECIPITATION DATA] SYMBOLS USED IN COLUMN 16
AVERAGE MONTHLY: 72.8 TOTAL FOR MONTH: 2.99 1 = FOG OR MIST
DPTR FM NORMAL: -1.2 DPTR FM NORMAL: -2.41 2 = FOG REDUCING VISIBILITY
HIGHEST: 90 ON 8 GRTST 24HR 2.21 ON 8- 9 TO 1/4 MILE OR LESS
LOWEST: 54 ON 30 3 = THUNDER
SNOW, ICE PELLETS, HAIL 4 = ICE PELLETS
TOTAL MONTH: 0.0 INCH 5 = HAIL
GRTST 24HR 0.0 6 = FREEZING RAIN OR DRIZZLE
GRTST DEPTH: 0 7 = DUSTSTORM OR SANDSTORM:
VSBY 1/2 MILE OR LESS
8 = SMOKE OR HAZE
[NO. OF DAYS WITH] [WEATHER - DAYS WITH] 9 = BLOWING SNOW
X = TORNADO
MAX 32 OR BELOW: 0 0.01 INCH OR MORE: 5
MAX 90 OR ABOVE: 1 0.10 INCH OR MORE: 4
MIN 32 OR BELOW: 0 0.50 INCH OR MORE: 2
MIN 0 OR BELOW: 0 1.00 INCH OR MORE: 1
[HDD (BASE 65) ]
TOTAL THIS MO. 0 CLEAR (SCALE 0-3) 23
DPTR FM NORMAL -5 PTCLDY (SCALE 4-7) 6
TOTAL FM JUL 1 0 CLOUDY (SCALE 8-10) 1
DPTR FM NORMAL -3
[CDD (BASE 65) ]
TOTAL THIS MO. 242
DPTR FM NORMAL -33 [PRESSURE DATA]
TOTAL FM JAN 1 1843 HIGHEST SLP M ON M
DPTR FM NORMAL 58 LOWEST SLP 29.56 ON 1
[REMARKS]
#FINAL-09-21#