000
CXUS51 KAKQ 010833
CF6ORF
PRELIMINARY LOCAL CLIMATOLOGICAL DATA (WS FORM: F-6)
STATION: NORFOLK VA
MONTH: AUGUST
YEAR: 2020
LATITUDE: 36 54 N
LONGITUDE: 76 12 W
TEMPERATURE IN F: :PCPN: SNOW: WIND :SUNSHINE: SKY :PK WND
================================================================================
1 2 3 4 5 6A 6B 7 8 9 10 11 12 13 14 15 16 17 18
12Z AVG MX 2MIN
DY MAX MIN AVG DEP HDD CDD WTR SNW DPTH SPD SPD DIR MIN PSBL S-S WX SPD DR
================================================================================
1 88 75 82 3 0 17 0.09 0.0 0 6.0 33 210 M M 5 1 41 210
2 98 76 87 8 0 22 0.00 0.0 0 13.3 25 220 M M 0 32 190
3 91 78 85 6 0 20 0.05 0.0 0 8.1 22 160 M M 3 34 150
4 91 73 82 3 0 17 0.58 0.0 0 16.9 51 210 M M 4 1 61 210
5 92 77 85 6 0 20 0.00 0.0 0 6.8 15 180 M M 2 3 21 190
6 90 73 82 3 0 17 1.11 0.0 0 5.2 22 140 M M 5 13 30 130
7 87 73 80 1 0 15 0.76 0.0 0 4.3 20 150 M M 6 13 26 150
8 88 75 82 3 0 17 T 0.0 0 4.4 17 70 M M 2 3 22 30
9 89 74 82 3 0 17 0.00 0.0 0 4.6 13 80 M M 1 17 120
10 92 76 84 6 0 19 0.34 0.0 0 5.3 25 90 M M 2 38 36 90
11 92 75 84 6 0 19 1.41 0.0 0 6.2 15 200 M M 4 13 22 80
12 93 76 85 7 0 20 0.00 0.0 0 5.3 15 200 M M 2 3 19 160
13 89 78 84 6 0 19 0.01 0.0 0 5.6 16 80 M M 3 21 80
14 87 76 82 4 0 17 0.86 0.0 0 5.9 16 40 M M 5 18 22 40
15 81 76 79 1 0 14 1.97 0.0 0 8.8 18 100 M M 10 1 24 80
16 79 72 76 -2 0 11 0.35 0.0 0 8.1 17 30 M M 9 18 25 10
17 83 72 78 0 0 13 0.09 0.0 0 5.6 14 130 M M 5 1 20 160
18 86 72 79 1 0 14 0.00 0.0 0 5.0 12 210 M M 0 13 210
19 87 73 80 2 0 15 T 0.0 0 6.4 22 20 M M 2 123 27 20
20 83 75 79 1 0 14 0.00 0.0 0 9.0 16 60 M M 3 23 90
21 84 73 79 1 0 14 T 0.0 0 5.3 13 90 M M 2 17 120
22 86 75 81 4 0 16 0.10 0.0 0 3.6 13 60 M M 4 1 17 110
23 91 77 84 7 0 19 0.00 0.0 0 9.8 20 230 M M 2 23 220
24 88 77 83 6 0 18 0.00 0.0 0 12.1 20 230 M M 0 26 230
25 93 78 86 9 0 21 0.00 0.0 0 9.2 15 240 M M 0 29 220
26 89 75 82 5 0 17 0.00 0.0 0 6.9 17 350 M M 0 22 360
27 96 73 85 8 0 20 0.27 0.0 0 12.4 23 220 M M 0 13 30 220
28 95 74 85 8 0 20 0.00 0.0 0 7.9 18 210 M M 0 23 210
29 91 81 86 10 0 21 T 0.0 0 14.8 28 230 M M 3 37 220
30 85 73 79 3 0 14 0.00 0.0 0 7.0 18 360 M M 1 8 25 350
31 85 72 79 3 0 14 T 0.0 0 6.8 15 100 M M 1 20 100
================================================================================
SM 2749 2323 0 531 7.99 0.0 236.6 M 86
================================================================================
AV 88.7 74.9 7.6 FASTST M M 3 MAX(MPH)
MISC ----> # 51 210 # 61 210
================================================================================
NOTES:
# LAST OF SEVERAL OCCURRENCES
COLUMN 17 PEAK WIND IN M.P.H.
PRELIMINARY LOCAL CLIMATOLOGICAL DATA (WS FORM: F-6) , PAGE 2
STATION: NORFOLK VA
MONTH: AUGUST
YEAR: 2020
LATITUDE: 36 54 N
LONGITUDE: 76 12 W
[TEMPERATURE DATA] [PRECIPITATION DATA] SYMBOLS USED IN COLUMN 16
AVERAGE MONTHLY: 81.8 TOTAL FOR MONTH: 7.99 1 = FOG OR MIST
DPTR FM NORMAL: 3.9 DPTR FM NORMAL: 2.47 2 = FOG REDUCING VISIBILITY
HIGHEST: 98 ON 2 GRTST 24HR 1.97 ON 15-15 TO 1/4 MILE OR LESS
LOWEST: 72 ON 31,18 3 = THUNDER
SNOW, ICE PELLETS, HAIL 4 = ICE PELLETS
TOTAL MONTH: 0.0 INCH 5 = HAIL
GRTST 24HR 0.0 6 = FREEZING RAIN OR DRIZZLE
GRTST DEPTH: 0 7 = DUSTSTORM OR SANDSTORM:
VSBY 1/2 MILE OR LESS
8 = SMOKE OR HAZE
[NO. OF DAYS WITH] [WEATHER - DAYS WITH] 9 = BLOWING SNOW
X = TORNADO
MAX 32 OR BELOW: 0 0.01 INCH OR MORE: 14
MAX 90 OR ABOVE: 13 0.10 INCH OR MORE: 10
MIN 32 OR BELOW: 0 0.50 INCH OR MORE: 6
MIN 0 OR BELOW: 0 1.00 INCH OR MORE: 3
[HDD (BASE 65) ]
TOTAL THIS MO. 0 CLEAR (SCALE 0-3) 21
DPTR FM NORMAL 0 PTCLDY (SCALE 4-7) 8
TOTAL FM JUL 1 0 CLOUDY (SCALE 8-10) 2
DPTR FM NORMAL 0
[CDD (BASE 65) ]
TOTAL THIS MO. 531
DPTR FM NORMAL 131 [PRESSURE DATA]
TOTAL FM JAN 1 1699 HIGHEST SLP 30.16 ON 9
DPTR FM NORMAL 364 LOWEST SLP 29.52 ON 4
[REMARKS]
#FINAL-08-20#