000
CXUS51 KAKQ 020244
CF6ORF
PRELIMINARY LOCAL CLIMATOLOGICAL DATA (WS FORM: F-6)
STATION: NORFOLK VA
MONTH: JUNE
YEAR: 2020
LATITUDE: 36 54 N
LONGITUDE: 76 12 W
TEMPERATURE IN F: :PCPN: SNOW: WIND :SUNSHINE: SKY :PK WND
================================================================================
1 2 3 4 5 6A 6B 7 8 9 10 11 12 13 14 15 16 17 18
12Z AVG MX 2MIN
DY MAX MIN AVG DEP HDD CDD WTR SNW DPTH SPD SPD DIR MIN PSBL S-S WX SPD DR
================================================================================
1 72 56 64 -7 1 0 0.00 0.0 0 8.0 21 60 M M 1 26 60
2 83 57 70 -2 0 5 0.00 0.0 0 11.7 21 220 M M 4 24 230
3 93 73 83 11 0 18 0.00 0.0 0 13.9 23 220 M M 0 31 220
4 95 76 86 14 0 21 0.00 0.0 0 11.9 23 210 M M 1 30 200
5 90 73 82 10 0 17 T 0.0 0 14.2 23 210 M M 5 31 220
6 91 68 80 7 0 15 0.36 0.0 0 6.3 26 350 M M 4 13 42 340
7 81 66 74 1 0 9 0.14 0.0 0 7.4 18 210 M M 2 13 21 210
8 85 63 74 1 0 9 0.00 0.0 0 6.2 12 140 M M 1 18 120
9 90 69 80 6 0 15 0.00 0.0 0 8.4 22 200 M M 1 27 200
10 91 73 82 8 0 17 0.00 0.0 0 15.9 28 200 M M 3 34 200
11 87 75 81 7 0 16 T 0.0 0 16.3 24 210 M M 7 33 210
12 81 68 75 1 0 10 0.48 0.0 0 5.9 16 220 M M 7 13 22 230
13 76 65 71 -4 0 6 0.00 0.0 0 10.7 24 60 M M 1 31 60
14 73 66 70 -5 0 5 T 0.0 0 11.9 20 70 M M 1 27 60
15 67 63 65 -10 0 0 0.47 0.0 0 16.9 25 40 M M 10 1 35 40
16 66 62 64 -12 1 0 1.22 0.0 0 21.2 31 60 M M 10 1 39 60
17 79 66 73 -3 0 8 T 0.0 0 10.9 23 80 M M 7 1 33 80
18 82 65 74 -2 0 9 0.00 0.0 0 6.4 15 130 M M 5 20 130
19 86 67 77 1 0 12 0.00 0.0 M 8.1 20 180 M M 1 26 190
20 82 69 76 -1 0 11 0.15 0.0 0 4.5 15 220 M M 3 13 18 210
21 82 67 75 -2 0 10 0.00 0.0 0 5.1 12 30 M M 2 14 20
22 90 70 80 3 0 15 0.59 0.0 0 6.3 30 230 M M 2 13 42 230
23 93 72 83 6 0 18 0.00 0.0 0 13.6 24 200 M M 1 31 200
24 85 73 79 1 0 14 0.00 0.0 0 8.0 15 30 M M 2 20 220
25 85 72 79 1 0 14 0.09 0.0 0 4.8 15 250 M M 4 1 22 280
26 90 68 79 1 0 14 0.00 0.0 0 5.6 12 250 M M 1 17 290
27 93 72 83 5 0 18 0.00 0.0 0 9.4 20 220 M M 1 28 210
28 92 77 85 7 0 20 0.00 0.0 0 5.8 12 40 M M 1 13 360
29 87 75 81 3 0 16 0.00 0.0 0 6.4 16 10 M M 0 21 360
30 91 73 82 3 0 17 T 0.0 0 6.4 16 350 M M 3 19 350
================================================================================
SM 2538 2059 2 359 3.50 0.0 288.1 M 91
================================================================================
AV 84.6 68.6 9.6 FASTST M M 3 MAX(MPH)
MISC ----> # 31 60 # 42 340
================================================================================
NOTES:
# LAST OF SEVERAL OCCURRENCES
COLUMN 17 PEAK WIND IN M.P.H.
PRELIMINARY LOCAL CLIMATOLOGICAL DATA (WS FORM: F-6) , PAGE 2
STATION: NORFOLK VA
MONTH: JUNE
YEAR: 2020
LATITUDE: 36 54 N
LONGITUDE: 76 12 W
[TEMPERATURE DATA] [PRECIPITATION DATA] SYMBOLS USED IN COLUMN 16
AVERAGE MONTHLY: 76.6 TOTAL FOR MONTH: 3.50 1 = FOG OR MIST
DPTR FM NORMAL: 1.3 DPTR FM NORMAL: -0.76 2 = FOG REDUCING VISIBILITY
HIGHEST: 95 ON 4 GRTST 24HR 1.22 ON 16-16 TO 1/4 MILE OR LESS
LOWEST: 56 ON 1 3 = THUNDER
SNOW, ICE PELLETS, HAIL 4 = ICE PELLETS
TOTAL MONTH: 0.0 INCH 5 = HAIL
GRTST 24HR 0.0 6 = FREEZING RAIN OR DRIZZLE
GRTST DEPTH: 0 7 = DUSTSTORM OR SANDSTORM:
VSBY 1/2 MILE OR LESS
8 = SMOKE OR HAZE
[NO. OF DAYS WITH] [WEATHER - DAYS WITH] 9 = BLOWING SNOW
X = TORNADO
MAX 32 OR BELOW: 0 0.01 INCH OR MORE: 8
MAX 90 OR ABOVE: 12 0.10 INCH OR MORE: 7
MIN 32 OR BELOW: 0 0.50 INCH OR MORE: 2
MIN 0 OR BELOW: 0 1.00 INCH OR MORE: 1
[HDD (BASE 65) ]
TOTAL THIS MO. 2 CLEAR (SCALE 0-3) 18
DPTR FM NORMAL -4 PTCLDY (SCALE 4-7) 10
TOTAL FM JUL 1 2513 CLOUDY (SCALE 8-10) 2
DPTR FM NORMAL -864
[CDD (BASE 65) ]
TOTAL THIS MO. 359
DPTR FM NORMAL 44 [PRESSURE DATA]
TOTAL FM JAN 1 529 HIGHEST SLP 30.32 ON 1
DPTR FM NORMAL 48 LOWEST SLP 29.72 ON 23
[REMARKS]
#FINAL-06-20#