000
CXUS53 KDMX 020234
CF6OTM
PRELIMINARY LOCAL CLIMATOLOGICAL DATA (WS FORM: F-6)
STATION: OTTUMWA IA
MONTH: MAY
YEAR: 2023
LATITUDE: 41 6 N
LONGITUDE: 92 27 W
TEMPERATURE IN F: :PCPN: SNOW: WIND :SUNSHINE: SKY :PK WND
================================================================================
1 2 3 4 5 6A 6B 7 8 9 10 11 12 13 14 15 16 17 18
12Z AVG MX 2MIN
DY MAX MIN AVG DEP HDD CDD WTR SNW DPTH SPD SPD DIR MIN PSBL S-S WX SPD DR
================================================================================
1 61 41 51 -5 14 0 0.00 0.0 0 20.4 36 310 M M 1 50 340
2 63 39 51 -6 14 0 0.00 0.0 0 19.4 33 310 M M 0 47 320
3 67 30 49 -8 16 0 0.00 0.0 0 5.0 14 270 M M 0 20 270
4 77 42 60 2 5 0 0.00 0.0 0 9.4 18 200 M M 0 8 27 180
5 73 47 60 2 5 0 T 0.0 0 11.9 23 170 M M 6 29 170
6 79 58 69 11 0 4 0.00 0.0 0 12.3 32 180 M M 6 3 45 180
7 87 55 71 12 0 6 0.37 0.0 0 9.1 32 30 M M 3 1238 45 30
8 76 57 67 8 0 2 0.15 0.0 0 8.2 25 90 M M 5 13 34 100
9 74 53 64 5 1 0 0.00 0.0 0 10.5 18 160 M M 3 1 24 150
10 80 55 68 8 0 3 0.00 0.0 0 11.2 18 130 M M 0 24 120
11 78 58 68 8 0 3 0.30 0.0 0 9.3 26 130 M M 5 1 33 140
12 80 65 73 13 0 8 T 0.0 0 8.7 13 160 M M 6 1 17 150
13 78 65 72 11 0 7 0.08 0.0 0 13.2 23 100 M M 4 138 30 100
14 69 54 62 1 3 0 T 0.0 0 12.2 23 70 M M 10 18 29 70
15 68 53 61 -1 4 0 T 0.0 0 9.2 15 60 M M 9 22 70
16 77 55 66 4 0 1 0.03 0.0 0 7.3 15 330 M M 4 23 270
17 76 53 65 3 0 0 0.00 0.0 0 7.9 15 90 M M 0 19 90
18 83 50 67 4 0 2 0.00 0.0 0 8.7 16 210 M M 1 28 220
19 70 44 57 -6 8 0 0.00 0.0 0 14.1 24 340 M M 2 18 32 350
20 72 39 56 -7 9 0 0.00 0.0 0 5.7 15 30 M M 0 23 360
21 77 43 60 -4 5 0 0.00 0.0 0 4.0 12 180 M M 0 8 16 180
22 79 51 65 1 0 0 0.00 0.0 0 6.7 15 190 M M 0 8 21 170
23 81 50 66 1 0 1 0.00 0.0 0 5.9 14 160 M M 0 8 20 150
24 86 50 68 3 0 3 0.00 0.0 0 5.8 16 80 M M 2 23 80
25 76 51 64 -1 1 0 0.00 0.0 0 12.5 18 90 M M 2 27 90
26 76 43 60 -6 5 0 0.00 0.0 0 8.2 18 90 M M 0 8 26 110
27 80 48 64 -2 1 0 0.00 0.0 0 7.0 15 120 M M 0 8 26 100
28 83 48 66 0 0 1 0.00 0.0 0 6.6 16 180 M M 0 25 180
29 84 49 67 0 0 2 0.00 0.0 0 5.6 15 150 M M 0 8 20 160
30 88 61 75 8 0 10 0.00 0.0 0 8.4 15 200 M M 1 8 21 180
31 90 60 75 8 0 10 0.00 0.0 0 7.9 22 150 M M 0 38 29 160
================================================================================
SM 2388 1567 91 63 0.93 0.0 292.3 M 70
================================================================================
AV 77.0 50.5 9.4 FASTST M M 2 MAX(MPH)
MISC ----> 36 310 50 340
================================================================================
NOTES:
# LAST OF SEVERAL OCCURRENCES
COLUMN 17 PEAK WIND IN M.P.H.
PRELIMINARY LOCAL CLIMATOLOGICAL DATA (WS FORM: F-6) , PAGE 2
STATION: OTTUMWA IA
MONTH: MAY
YEAR: 2023
LATITUDE: 41 6 N
LONGITUDE: 92 27 W
[TEMPERATURE DATA] [PRECIPITATION DATA] SYMBOLS USED IN COLUMN 16
AVERAGE MONTHLY: 63.8 TOTAL FOR MONTH: 0.93 1 = FOG OR MIST
DPTR FM NORMAL: 1.8 DPTR FM NORMAL: -4.10 2 = FOG REDUCING VISIBILITY
HIGHEST: 90 ON 31 GRTST 24HR 0.52 ON 7- 8 TO 1/4 MILE OR LESS
LOWEST: 30 ON 3 3 = THUNDER
SNOW, ICE PELLETS, HAIL 4 = ICE PELLETS
TOTAL MONTH: 0.0 INCH 5 = HAIL
GRTST 24HR 0.0 6 = FREEZING RAIN OR DRIZZLE
GRTST DEPTH: 0 7 = DUSTSTORM OR SANDSTORM:
VSBY 1/2 MILE OR LESS
8 = SMOKE OR HAZE
[NO. OF DAYS WITH] [WEATHER - DAYS WITH] 9 = BLOWING SNOW
X = TORNADO
MAX 32 OR BELOW: 0 0.01 INCH OR MORE: 5
MAX 90 OR ABOVE: 1 0.10 INCH OR MORE: 3
MIN 32 OR BELOW: 1 0.50 INCH OR MORE: 0
MIN 0 OR BELOW: 0 1.00 INCH OR MORE: 0
[HDD (BASE 65) ]
TOTAL THIS MO. 91 CLEAR (SCALE 0-3) 22
DPTR FM NORMAL -71 PTCLDY (SCALE 4-7) 7
TOTAL FM JUL 1 5872 CLOUDY (SCALE 8-10) 2
DPTR FM NORMAL -258
[CDD (BASE 65) ]
TOTAL THIS MO. 63
DPTR FM NORMAL -4 [PRESSURE DATA]
TOTAL FM JAN 1 69 HIGHEST SLP 30.33 ON 15
DPTR FM NORMAL -9 LOWEST SLP 29.67 ON 1
[REMARKS]
#FINAL-05-23#