000
CXUS53 KPAH 010700
CF6OWB
PRELIMINARY LOCAL CLIMATOLOGICAL DATA (WS FORM: F-6)
STATION: OWENSBORO KY
MONTH: MARCH
YEAR: 2022
LATITUDE: 37 45 N
LONGITUDE: 87 10 W
TEMPERATURE IN F: :PCPN: SNOW: WIND :SUNSHINE: SKY :PK WND
================================================================================
1 2 3 4 5 6A 6B 7 8 9 10 11 12 13 14 15 16 17 18
12Z AVG MX 2MIN
DY MAX MIN AVG DEP HDD CDD WTR SNW DPTH SPD SPD DIR MIN PSBL S-S WX SPD DR
================================================================================
1 69 35 52 8 13 0 0.00 M M 7.3 17 230 M M 0 21 220
2 74 37 56 12 9 0 0.00 M M 5.6 16 240 M M 0 22 240
3 61 40 51 7 14 0 0.00 M M 9.1 18 50 M M 0 24 40
4 68 36 52 7 13 0 0.00 M M 6.4 13 90 M M 0 16 90
5 73 51 62 17 3 0 0.00 M M 14.6 29 210 M M 3 33 210
6 71 60 66 21 0 1 0.11 M M 13.5 28 220 M M 9 13 36 220
7 69 37 53 7 12 0 1.07 M M 15.0 31 310 M M 9 13 36 300
8 41 35 38 -8 27 0 T M M 5.5 10 340 M M 9 13 350
9 51 36 44 -2 21 0 T M M 5.9 14 300 M M 4 21 320
10 55 34 45 -2 20 0 0.00 M M 3.5 9 10 M M 0 13 20
11 45 27 36 -11 29 0 0.03 M M 10.4 23 310 M M 7 18 30 340
12 30 17 24 -23 41 0 0.00 M M 13.8 25 330 M M 3 32 320
13 57 22 40 -8 25 0 0.00 M M 14.1 26 220 M M 3 33 220
14 66 36 51 3 14 0 T M M 9.5 20 180 M M 2 24 220
15 69 46 58 10 7 0 T M M 2.8 9 160 M M 3 12 170
16 71 41 56 8 9 0 0.00 M M 3.9 14 150 M M 0 17 150
17 73 46 60 11 5 0 0.00 M M 4.0 13 210 M M 2 1 15 210
18 67 53 60 11 5 0 0.07 M M 12.7 26 240 M M 7 138 31 240
19 53 37 45 -5 20 0 0.07 M M 11.8 25 270 M M 8 18 31 270
20 67 31 49 -1 16 0 0.00 M M 3.3 12 260 M M 0 14 270
21 73 42 58 8 7 0 T M M 7.8 17 170 M M 0 20 170
22 61 51 56 6 9 0 0.69 M M 9.7 22 300 M M 9 13 26 300
23 61 46 54 3 11 0 0.26 M M 14.5 30 230 M M 10 1 36 230
24 51 41 46 -5 19 0 0.00 M M 12.4 25 220 M M 8 29 240
25 50 37 44 -8 21 0 0.00 M M 10.6 21 270 M M 7 23 280
26 52 33 43 -9 22 0 0.00 M M 15.0 29 280 M M 0 37 300
27 47 29 38 -14 27 0 0.00 M M 6.4 16 310 M M 0 20 310
28 48 29 39 -14 26 0 0.00 M M 3.6 12 70 M M 3 15 20
29 59 42 51 -2 14 0 0.00 M M 12.9 17 120 M M 5 24 110
30 80 54 67 14 0 2 1.13 M M 18.9 45 240 M M 5 12 54 230
31 60 39 50 -4 15 0 0.01 M M 12.7 25 210 M M 10 1 32 220
================================================================================
SM 1872 1200 474 3 3.44 M 297.2 M 126
================================================================================
AV 60.4 38.7 9.6 FASTST M M 4 MAX(MPH)
MISC ----> 45 240 54 230
================================================================================
NOTES:
# LAST OF SEVERAL OCCURRENCES
COLUMN 17 PEAK WIND IN M.P.H.
PRELIMINARY LOCAL CLIMATOLOGICAL DATA (WS FORM: F-6) , PAGE 2
STATION: OWENSBORO KY
MONTH: MARCH
YEAR: 2022
LATITUDE: 37 45 N
LONGITUDE: 87 10 W
[TEMPERATURE DATA] [PRECIPITATION DATA] SYMBOLS USED IN COLUMN 16
AVERAGE MONTHLY: 49.5 TOTAL FOR MONTH: 3.44 1 = FOG OR MIST
DPTR FM NORMAL: 0.9 DPTR FM NORMAL: -1.20 2 = FOG REDUCING VISIBILITY
HIGHEST: 80 ON 30 GRTST 24HR 1.18 ON 6- 7 TO 1/4 MILE OR LESS
LOWEST: 17 ON 12 3 = THUNDER
SNOW, ICE PELLETS, HAIL 4 = ICE PELLETS
TOTAL MONTH: M 5 = HAIL
GRTST 24HR M ON M 6 = FREEZING RAIN OR DRIZZLE
GRTST DEPTH: M ON M 7 = DUSTSTORM OR SANDSTORM:
VSBY 1/2 MILE OR LESS
8 = SMOKE OR HAZE
[NO. OF DAYS WITH] [WEATHER - DAYS WITH] 9 = BLOWING SNOW
X = TORNADO
MAX 32 OR BELOW: 1 0.01 INCH OR MORE: 9
MAX 90 OR ABOVE: 0 0.10 INCH OR MORE: 5
MIN 32 OR BELOW: 6 0.50 INCH OR MORE: 3
MIN 0 OR BELOW: 0 1.00 INCH OR MORE: 2
[HDD (BASE 65) ]
TOTAL THIS MO. 474 CLEAR (SCALE 0-3) 13
DPTR FM NORMAL -40 PTCLDY (SCALE 4-7) 10
TOTAL FM JUL 1 3622 CLOUDY (SCALE 8-10) 8
DPTR FM NORMAL 19
[CDD (BASE 65) ]
TOTAL THIS MO. 3
DPTR FM NORMAL -3 [PRESSURE DATA]
TOTAL FM JAN 1 3 HIGHEST SLP 30.36 ON 4
DPTR FM NORMAL -3 LOWEST SLP 29.29 ON 30
[REMARKS]
#FINAL-03-22#