335
CXUS55 KRIW 010945
CF6P60
PRELIMINARY LOCAL CLIMATOLOGICAL DATA (WS FORM: F-6)
STATION: LAKE YELLOWSTONE WY
MONTH: JUNE
YEAR: 2020
LATITUDE: 44 32 N
LONGITUDE: 110 25 W
TEMPERATURE IN F: :PCPN: SNOW: WIND :SUNSHINE: SKY :PK WND
================================================================================
1 2 3 4 5 6A 6B 7 8 9 10 11 12 13 14 15 16 17 18
12Z AVG MX 2MIN
DY MAX MIN AVG DEP HDD CDD WTR SNW DPTH SPD SPD DIR MIN PSBL S-S WX SPD DR
================================================================================
1 71 34 53 9 12 0 0.00 M M 3.1 15 270 M M 0 27 270
2 62 39 51 7 14 0 0.00 M M 2.7 12 240 M M 0 20 220
3 67 38 53 8 12 0 0.06 M M 3.5 18 270 M M 0 33 260
4 65 37 51 6 14 0 0.02 M M 4.0 18 280 M M 0 36 240
5 75 33 54 9 11 0 0.00 M M 2.0 13 270 M M 0 25 200
6 59 38 49 3 16 0 0.26 M M 2.4 18 260 M M 0 38 270
7 44 31 38 -8 27 0 0.15 M M 2.1 12 270 M M 0 19 270
8 44 27 36 -10 29 0 0.05 M M 3.8 16 280 M M 0 27 280
9 44 23 34 -12 31 0 0.01 M M 2.9 16 280 M M 0 28 280
10 57 29 43 -4 22 0 0.00 M M 2.9 13 280 M M 0 23 320
11 68 29 49 2 16 0 0.00 M M 1.9 9 270 M M 0 20 220
12 74 33 54 7 11 0 0.00 M M 1.4 9 150 M M 0 27 120
13 70 39 55 7 10 0 0.00 M M 2.6 16 280 M M 0 30 310
14 50 33 42 -6 23 0 0.00 M M 4.4 15 290 M M 0 30 290
15 61 27 44 -4 21 0 0.00 M M 3.5 14 270 M M 0 28 220
16 50 38 44 -5 21 0 0.17 M M 2.0 10 270 M M 0 21 270
17 42 32 37 -12 28 0 0.20 M M 2.6 13 280 M M 0 24 280
18 51 32 42 -7 23 0 0.00 M M 1.6 8 110 M M 0 13 120
19 58 28 43 -7 22 0 0.09 M M 1.9 13 270 M M 0 21 290
20 63 32 48 -2 17 0 0.01 M M 3.0 15 290 M M 0 26 270
21 58 38 48 -2 17 0 0.06 M M 1.3 13 280 M M 0 25 270
22 70 33 52 2 13 0 0.00 M M 1.4 13 270 M M 0 20 300
23 74 34 54 3 11 0 0.00 M M 2.0 12 260 M M 0 18 310
24 76 38 57 6 8 0 0.04 M M 2.4 12 270 M M 0 19 280
25 57 37 47 -5 18 0 0.07 M M 1.2 7 260 M M 0 14 240
26 72 34 53 1 12 0 0.00 M M 1.6 9 290 M M 0 18 230
27 72 38 55 3 10 0 0.00 M M 4.0 15 280 M M 0 30 220
28 53 36 45 -7 20 0 0.48 M M 1.8 8 310 M M 0 17 240
29 41 31 36 -17 29 0 0.18 M M 2.1 10 270 M M 0 17 260
30 47 30 39 -14 26 0 0.21 M M 3.0 14 260 M M 0 26 250
================================================================================
SM 1795 1001 544 0 2.06 M 75.1 M 0
================================================================================
AV 59.8 33.4 2.5 FASTST M M 0 MAX(MPH)
MISC ----> # 18 270 # 38 270
================================================================================
NOTES:
# LAST OF SEVERAL OCCURRENCES
COLUMN 17 PEAK WIND IN M.P.H.
PRELIMINARY LOCAL CLIMATOLOGICAL DATA (WS FORM: F-6) , PAGE 2
STATION: LAKE YELLOWSTONE WY
MONTH: JUNE
YEAR: 2020
LATITUDE: 44 32 N
LONGITUDE: 110 25 W
[TEMPERATURE DATA] [PRECIPITATION DATA] SYMBOLS USED IN COLUMN 16
AVERAGE MONTHLY: 46.6 TOTAL FOR MONTH: 2.06 1 = FOG OR MIST
DPTR FM NORMAL: -2.0 DPTR FM NORMAL: 0.06 2 = FOG REDUCING VISIBILITY
HIGHEST: 76 ON 24 GRTST 24HR 0.48 ON 28-28 TO 1/4 MILE OR LESS
LOWEST: 23 ON 9 3 = THUNDER
SNOW, ICE PELLETS, HAIL 4 = ICE PELLETS
TOTAL MONTH: M 5 = HAIL
GRTST 24HR M ON M 6 = FREEZING RAIN OR DRIZZLE
GRTST DEPTH: M ON M 7 = DUSTSTORM OR SANDSTORM:
VSBY 1/2 MILE OR LESS
8 = SMOKE OR HAZE
[NO. OF DAYS WITH] [WEATHER - DAYS WITH] 9 = BLOWING SNOW
X = TORNADO
MAX 32 OR BELOW: 0 0.01 INCH OR MORE: 16
MAX 90 OR ABOVE: 0 0.10 INCH OR MORE: 7
MIN 32 OR BELOW: 12 0.50 INCH OR MORE: 0
MIN 0 OR BELOW: 0 1.00 INCH OR MORE: 0
[HDD (BASE 65) ]
TOTAL THIS MO. 544 CLEAR (SCALE 0-3) 30
DPTR FM NORMAL 51 PTCLDY (SCALE 4-7) 0
TOTAL FM JUL 1 12188 CLOUDY (SCALE 8-10) 0
DPTR FM NORMAL 667
[CDD (BASE 65) ]
TOTAL THIS MO. 0
DPTR FM NORMAL 0 [PRESSURE DATA]
TOTAL FM JAN 1 0 HIGHEST SLP 30.34 ON 11
DPTR FM NORMAL 0 LOWEST SLP 29.41 ON 6
[REMARKS]
#FINAL-06-20#