920
CXUS52 KMFL 011000
CF6PBI
PRELIMINARY LOCAL CLIMATOLOGICAL DATA (WS FORM: F-6)
STATION: WEST PALM BEACH
MONTH: JULY
YEAR: 2020
LATITUDE: 26 40 N
LONGITUDE: 80 7 W
TEMPERATURE IN F: :PCPN: SNOW: WIND :SUNSHINE: SKY :PK WND
================================================================================
1 2 3 4 5 6A 6B 7 8 9 10 11 12 13 14 15 16 17 18
12Z AVG MX 2MIN
DY MAX MIN AVG DEP HDD CDD WTR SNW DPTH SPD SPD DIR MIN PSBL S-S WX SPD DR
================================================================================
1 94 78 86 4 0 21 0.00 0.0 0 6.8 24 310 M M 4 3 29 270
2 96 77 87 5 0 22 0.01 0.0 0 6.5 22 200 M M 5 13 28 200
3 95 78 87 5 0 22 0.27 0.0 0 7.1 18 150 M M 4 138 22 130
4 93 78 86 4 0 21 0.03 0.0 0 6.4 18 140 M M 7 138 23 220
5 93 72 83 1 0 18 4.06 0.0 0 5.1 40 360 M M 8 1238 55 10
6 91 74 83 1 0 18 0.03 0.0 0 3.9 20 220 M M 6 3 27 210
7 90 77 84 2 0 19 0.80 0.0 0 4.5 18 230 M M 5 13 23 230
8 95 78 87 5 0 22 T 0.0 0 5.1 17 250 M M 6 3 21 260
9 95 79 87 5 0 22 0.00 0.0 0 8.1 16 160 M M 8 22 160
10 95 78 87 5 0 22 0.06 0.0 0 8.8 20 180 M M 7 3 24 190
11 94 77 86 4 0 21 T 0.0 0 9.4 18 150 M M 7 23 150
12 91 78 85 3 0 20 0.38 0.0 0 8.1 24 190 M M 7 138 30 190
13 95 77 86 3 0 21 0.01 0.0 0 8.6 20 270 M M 4 3 25 250
14 93 74 84 1 0 19 0.31 0.0 0 6.7 29 300 M M 4 13 35 300
15 91 77 84 1 0 19 0.00 0.0 0 4.1 15 300 M M 4 20 80
16 92 76 84 1 0 19 0.63 0.0 0 8.3 30 110 M M 5 13 35 110
17 91 77 84 1 0 19 0.31 0.0 0 10.0 23 90 M M 7 138 30 70
18 86 72 79 -4 0 14 1.53 0.0 0 9.1 20 90 M M 8 3 24 100
19 89 78 84 1 0 19 0.56 0.0 0 11.5 25 100 M M 4 13 29 160
20 90 77 84 1 0 19 0.16 0.0 0 9.7 26 140 M M 4 13 32 160
21 87 78 83 0 0 18 0.20 0.0 0 13.5 23 110 M M 7 13 27 110
22 85 76 81 -2 0 16 1.69 0.0 0 11.0 30 140 M M 8 13 36 150
23 88 76 82 -1 0 17 0.48 0.0 0 11.3 28 90 M M 7 13 33 90
24 90 78 84 1 0 19 0.05 0.0 0 13.0 22 110 M M 5 138 27 130
25 90 79 85 2 0 20 T 0.0 0 12.7 22 130 M M 5 3 26 100
26 89 75 82 -1 0 17 0.10 0.0 0 8.0 18 130 M M 6 3 24 140
27 90 73 82 -1 0 17 0.13 0.0 0 6.8 33 280 M M 7 13 41 280
28 90 74 82 -1 0 17 0.00 0.0 0 5.4 15 120 M M 6 20 150
29 90 79 85 2 0 20 T 0.0 0 6.9 15 100 M M 5 20 110
30 90 82 86 3 0 21 0.00 0.0 0 8.6 15 110 M M 4 18 120
31 92 82 87 4 0 22 0.00 0.0 0 9.6 17 90 M M 3 21 80
================================================================================
SM 2830 2384 0 601 11.80 0.0 254.6 M 177
================================================================================
AV 91.3 76.9 8.2 FASTST M M 6 MAX(MPH)
MISC ----> # 40 360 # 55 10
================================================================================
NOTES:
# LAST OF SEVERAL OCCURRENCES
COLUMN 17 PEAK WIND IN M.P.H.
PRELIMINARY LOCAL CLIMATOLOGICAL DATA (WS FORM: F-6) , PAGE 2
STATION: WEST PALM BEACH
MONTH: JULY
YEAR: 2020
LATITUDE: 26 40 N
LONGITUDE: 80 7 W
[TEMPERATURE DATA] [PRECIPITATION DATA] SYMBOLS USED IN COLUMN 16
AVERAGE MONTHLY: 84.1 TOTAL FOR MONTH: 11.80 1 = FOG OR MIST
DPTR FM NORMAL: 1.4 DPTR FM NORMAL: 6.04 2 = FOG REDUCING VISIBILITY
HIGHEST: 96 ON 2 GRTST 24HR 4.06 ON 5- 5 TO 1/4 MILE OR LESS
LOWEST: 72 ON 18, 5 3 = THUNDER
SNOW, ICE PELLETS, HAIL 4 = ICE PELLETS
TOTAL MONTH: 0.0 INCH 5 = HAIL
GRTST 24HR 0.0 6 = FREEZING RAIN OR DRIZZLE
GRTST DEPTH: 0 7 = DUSTSTORM OR SANDSTORM:
VSBY 1/2 MILE OR LESS
8 = SMOKE OR HAZE
[NO. OF DAYS WITH] [WEATHER - DAYS WITH] 9 = BLOWING SNOW
X = TORNADO
MAX 32 OR BELOW: 0 0.01 INCH OR MORE: 21
MAX 90 OR ABOVE: 25 0.10 INCH OR MORE: 15
MIN 32 OR BELOW: 0 0.50 INCH OR MORE: 6
MIN 0 OR BELOW: 0 1.00 INCH OR MORE: 3
[HDD (BASE 65) ]
TOTAL THIS MO. 0 CLEAR (SCALE 0-3) 1
DPTR FM NORMAL 0 PTCLDY (SCALE 4-7) 30
TOTAL FM JUL 1 0 CLOUDY (SCALE 8-10) 0
DPTR FM NORMAL 0
[CDD (BASE 65) ]
TOTAL THIS MO. 601
DPTR FM NORMAL 52 [PRESSURE DATA]
TOTAL FM JAN 1 2828 HIGHEST SLP 30.16 ON 27
DPTR FM NORMAL 680 LOWEST SLP 29.88 ON 3
[REMARKS]
#FINAL-07-20#