000
CXUS52 KFFC 011010
CF6PDK
PRELIMINARY LOCAL CLIMATOLOGICAL DATA (WS FORM: F-6)
STATION: DEKALB PEACHTREE AIRPORT
MONTH: SEPTEMBER
YEAR: 2021
LATITUDE: 33 52 N
LONGITUDE: 84 18 W
TEMPERATURE IN F: :PCPN: SNOW: WIND :SUNSHINE: SKY :PK WND
================================================================================
1 2 3 4 5 6A 6B 7 8 9 10 11 12 13 14 15 16 17 18
12Z AVG MX 2MIN
DY MAX MIN AVG DEP HDD CDD WTR SNW DPTH SPD SPD DIR MIN PSBL S-S WX SPD DR
================================================================================
1 86 70 78 2 0 13 0.01 M M 10.0 20 310 M M 6 1 27 300
2 87 65 76 0 0 11 0.00 M M 2.4 9 350 M M 1 14 90
3 81 62 72 -4 0 7 0.00 M M 2.0 8 100 M M 0 8 16 110
4 84 59 72 -4 0 7 0.00 M M 1.0 8 170 M M 0 12 160
5 87 58 73 -3 0 8 0.00 M M 2.4 10 240 M M 1 1 16 230
6 86 70 78 2 0 13 0.32 M M 4.6 14 350 M M 7 18 20 250
7 86 69 78 3 0 13 0.60 M M 2.1 21 340 M M 6 138 29 320
8 86 68 77 2 0 12 0.16 M M 4.6 13 180 M M 5 13 19 180
9 82 62 72 -3 0 7 0.07 M M 8.4 15 310 M M 4 1 23 330
10 83 56 70 -5 0 5 0.07 M M 1.7 16 340 M M 1 1 27 330
11 85 59 72 -2 0 7 0.00 M 0 1.4 7 170 M M 2 8 13 120
12 85 60 73 -1 0 8 0.00 M M 1.2 7 150 M M 1 1 11 160
13 88 63 76 2 0 11 0.00 M M 2.9 13 340 M M 1 1 16 330
14 90 65 78 4 0 13 0.00 M M 1.0 8 200 M M 1 18 10 320
15 80 67 74 1 0 9 0.33 M M 1.4 10 160 M M 6 1 17 140
16 75 66 71 -2 0 6 0.08 M M 1.9 7 100 M M 10 1 14 110
17 78 70 74 1 0 9 0.06 M M 1.8 8 180 M M 10 1 14 140
18 84 70 77 5 0 12 0.07 M M 0.7 7 150 M M 7 1 13 120
19 79 71 75 3 0 10 0.19 M M 1.6 7 120 M M 6 1 12 110
20 73 68 71 -1 0 6 0.51 M M 2.6 10 110 M M 9 1 20 100
21 84 69 77 5 0 12 T M M 2.5 10 20 M M 8 1 16 20
22 77 58 68 -3 0 3 0.12 M M 8.6 24 310 M M 6 1 36 320
23 73 51 62 -9 3 0 0.00 M M 9.1 17 330 M M 0 22 20
24 78 49 64 -6 1 0 0.00 M M 1.6 9 360 M M 0 12 350
25 78 51 65 -5 0 0 0.00 M M 2.7 13 10 M M 0 1 19 350
26 81 52 67 -3 0 2 0.00 M M 2.6 13 330 M M 0 1 18 340
27 83 55 69 0 0 4 0.00 M M 1.1 9 250 M M 0 1 12 280
28 84 56 70 1 0 5 0.00 0.0 M 2.8 13 320 M M 0 1 19 330
29 86 58 72 3 0 7 0.00 0.0 M 2.8 13 330 M M 0 1 19 300
30 85 60 73 5 0 8 0.00 M M 0.7 8 150 M M 0 18 12 150
================================================================================
SM 2474 1857 4 228 2.59 0.0 90.2 M 98
================================================================================
AV 82.5 61.9 3.0 FASTST M M 3 MAX(MPH)
MISC ----> 24 310 36 320
================================================================================
NOTES:
# LAST OF SEVERAL OCCURRENCES
COLUMN 17 PEAK WIND IN M.P.H.
PRELIMINARY LOCAL CLIMATOLOGICAL DATA (WS FORM: F-6) , PAGE 2
STATION: DEKALB PEACHTREE AIRPORT
MONTH: SEPTEMBER
YEAR: 2021
LATITUDE: 33 52 N
LONGITUDE: 84 18 W
[TEMPERATURE DATA] [PRECIPITATION DATA] SYMBOLS USED IN COLUMN 16
AVERAGE MONTHLY: 72.2 TOTAL FOR MONTH: 2.59 1 = FOG OR MIST
DPTR FM NORMAL: -0.7 DPTR FM NORMAL: -1.53 2 = FOG REDUCING VISIBILITY
HIGHEST: 90 ON 14 GRTST 24HR 0.76 ON 7- 8 TO 1/4 MILE OR LESS
LOWEST: 49 ON 24 3 = THUNDER
SNOW, ICE PELLETS, HAIL 4 = ICE PELLETS
TOTAL MONTH: 0.0 INCH 5 = HAIL
GRTST 24HR 0.0 6 = FREEZING RAIN OR DRIZZLE
GRTST DEPTH: 0 7 = DUSTSTORM OR SANDSTORM:
VSBY 1/2 MILE OR LESS
8 = SMOKE OR HAZE
[NO. OF DAYS WITH] [WEATHER - DAYS WITH] 9 = BLOWING SNOW
X = TORNADO
MAX 32 OR BELOW: 0 0.01 INCH OR MORE: 13
MAX 90 OR ABOVE: 1 0.10 INCH OR MORE: 7
MIN 32 OR BELOW: 0 0.50 INCH OR MORE: 2
MIN 0 OR BELOW: 0 1.00 INCH OR MORE: 0
[HDD (BASE 65) ]
TOTAL THIS MO. 4 CLEAR (SCALE 0-3) 17
DPTR FM NORMAL -6 PTCLDY (SCALE 4-7) 10
TOTAL FM JUL 1 4 CLOUDY (SCALE 8-10) 3
DPTR FM NORMAL -3
[CDD (BASE 65) ]
TOTAL THIS MO. 228
DPTR FM NORMAL -17 [PRESSURE DATA]
TOTAL FM JAN 1 1615 HIGHEST SLP 30.30 ON 12
DPTR FM NORMAL -60 LOWEST SLP 29.64 ON 1
[REMARKS]
#FINAL-09-21#