000
CXUS52 KFFC 011010
CF6PDK
PRELIMINARY LOCAL CLIMATOLOGICAL DATA (WS FORM: F-6)
STATION: DEKALB PEACHTREE AIRPORT
MONTH: MAY
YEAR: 2021
LATITUDE: 33 52 N
LONGITUDE: 84 18 W
TEMPERATURE IN F: :PCPN: SNOW: WIND :SUNSHINE: SKY :PK WND
================================================================================
1 2 3 4 5 6A 6B 7 8 9 10 11 12 13 14 15 16 17 18
12Z AVG MX 2MIN
DY MAX MIN AVG DEP HDD CDD WTR SNW DPTH SPD SPD DIR MIN PSBL S-S WX SPD DR
================================================================================
1 79 51 65 0 0 0 0.00 0.0 M 4.5 10 220 M M 0 16 180
2 80 54 67 1 0 2 0.00 M M 4.9 15 170 M M 3 24 120
3 71 63 67 1 0 2 3.44 0.0 M 5.5 22 200 M M 7 123 36 200
4 75 61 68 2 0 3 1.65 0.0 M 5.1 32 300 M M 8 13 49 310
5 76 58 67 1 0 2 0.00 0.0 M 9.0 18 290 M M 5 27 300
6 71 50 61 -6 4 0 0.00 0.0 M 8.6 24 310 M M 0 38 280
7 67 47 57 -10 8 0 0.00 0.0 M 10.4 23 340 M M 1 34 330
8 74 44 59 -8 6 0 0.00 M M 3.9 15 260 M M 3 24 310
9 83 49 66 -2 0 1 0.06 M M 8.2 23 210 M M 1 34 190
10 76 61 69 1 0 4 0.62 M M 6.8 21 310 M M 6 13 32 310
11 76 60 68 0 0 3 0.00 0.0 M 4.4 14 330 M M 5 17 270
12 64 49 57 -11 8 0 1.28 M M 4.2 14 40 M M 10 1 24 30
13 70 44 57 -12 8 0 0.00 M M 3.1 12 360 M M 4 20 350
14 74 46 60 -9 5 0 0.00 M M 2.3 8 160 M M 4 12 160
15 77 48 63 -6 2 0 0.00 M M 2.3 9 200 M M 3 13 210
16 79 52 66 -4 0 1 0.00 0.0 M 3.6 13 210 M M 1 20 230
17 79 53 66 -4 0 1 0.00 0.0 M 2.6 15 170 M M 1 20 150
18 77 62 70 0 0 5 T 0.0 M 5.4 12 120 M M 4 23 100
19 80 64 72 2 0 7 0.00 0.0 M 4.9 14 140 M M 2 23 150
20 80 62 71 0 0 6 0.00 0.0 M 4.5 13 130 M M 2 26 140
21 83 54 69 -2 0 4 0.00 M M 3.0 10 120 M M 1 18 110
22 85 57 71 0 0 6 0.00 M M 1.9 8 150 M M 0 1 14 110
23 90 59 75 4 0 10 0.00 M M 3.3 13 340 M M 0 21 300
24 92 60 76 4 0 11 0.00 M M 2.7 10 270 M M 1 1 14 270
25 90 63 77 5 0 12 0.07 M M 1.7 16 290 M M 2 18 26 280
26 89 63 76 4 0 11 0.00 M M 5.7 18 220 M M 1 1 27 220
27 88 63 76 4 0 11 T M M 4.8 16 230 M M 5 24 220
28 87 67 77 4 0 12 0.32 M M 9.7 18 240 M M 4 138 27 230
29 74 57 66 -7 0 1 0.00 M M 10.1 18 310 M M 7 26 320
30 77 53 65 -8 0 0 0.00 M M 6.9 14 320 M M 3 19 310
31 78 54 66 -7 0 1 0.00 M M 3.9 9 140 M M 3 15 110
================================================================================
SM 2441 1728 41 116 7.44 0.0 157.9 M 97
================================================================================
AV 78.7 55.7 5.1 FASTST M M 3 MAX(MPH)
MISC ----> 32 300 49 310
================================================================================
NOTES:
# LAST OF SEVERAL OCCURRENCES
COLUMN 17 PEAK WIND IN M.P.H.
PRELIMINARY LOCAL CLIMATOLOGICAL DATA (WS FORM: F-6) , PAGE 2
STATION: DEKALB PEACHTREE AIRPORT
MONTH: MAY
YEAR: 2021
LATITUDE: 33 52 N
LONGITUDE: 84 18 W
[TEMPERATURE DATA] [PRECIPITATION DATA] SYMBOLS USED IN COLUMN 16
AVERAGE MONTHLY: 67.2 TOTAL FOR MONTH: 7.44 1 = FOG OR MIST
DPTR FM NORMAL: -2.2 DPTR FM NORMAL: 3.61 2 = FOG REDUCING VISIBILITY
HIGHEST: 92 ON 24 GRTST 24HR 3.44 ON 3- 3 TO 1/4 MILE OR LESS
LOWEST: 44 ON 13, 8 3 = THUNDER
SNOW, ICE PELLETS, HAIL 4 = ICE PELLETS
TOTAL MONTH: 0.0 INCH 5 = HAIL
GRTST 24HR 0.0 6 = FREEZING RAIN OR DRIZZLE
GRTST DEPTH: M ON M 7 = DUSTSTORM OR SANDSTORM:
VSBY 1/2 MILE OR LESS
8 = SMOKE OR HAZE
[NO. OF DAYS WITH] [WEATHER - DAYS WITH] 9 = BLOWING SNOW
X = TORNADO
MAX 32 OR BELOW: 0 0.01 INCH OR MORE: 7
MAX 90 OR ABOVE: 3 0.10 INCH OR MORE: 5
MIN 32 OR BELOW: 0 0.50 INCH OR MORE: 4
MIN 0 OR BELOW: 0 1.00 INCH OR MORE: 3
[HDD (BASE 65) ]
TOTAL THIS MO. 41 CLEAR (SCALE 0-3) 19
DPTR FM NORMAL 8 PTCLDY (SCALE 4-7) 11
TOTAL FM JUL 1 2688 CLOUDY (SCALE 8-10) 1
DPTR FM NORMAL -288
[CDD (BASE 65) ]
TOTAL THIS MO. 116
DPTR FM NORMAL -53 [PRESSURE DATA]
TOTAL FM JAN 1 154 HIGHEST SLP 30.42 ON 22
DPTR FM NORMAL -61 LOWEST SLP 29.75 ON 28
[REMARKS]
#FINAL-05-21#