000
CXUS52 KFFC 011010
CF6PDK
PRELIMINARY LOCAL CLIMATOLOGICAL DATA (WS FORM: F-6)
STATION: DEKALB PEACHTREE AIRPORT
MONTH: SEPTEMBER
YEAR: 2020
LATITUDE: 33 52 N
LONGITUDE: 84 18 W
TEMPERATURE IN F: :PCPN: SNOW: WIND :SUNSHINE: SKY :PK WND
================================================================================
1 2 3 4 5 6A 6B 7 8 9 10 11 12 13 14 15 16 17 18
12Z AVG MX 2MIN
DY MAX MIN AVG DEP HDD CDD WTR SNW DPTH SPD SPD DIR MIN PSBL S-S WX SPD DR
================================================================================
1 90 72 81 4 0 16 0.00 M M 3.0 12 280 M M 2 13 15 270
2 90 73 82 5 0 17 0.00 M M 5.7 14 240 M M 1 18 240
3 92 69 81 4 0 16 0.00 M M 6.1 16 250 M M 1 1 19 250
4 92 70 81 4 0 16 0.00 M M 6.0 14 330 M M 1 1 18 250
5 88 65 77 1 0 12 0.00 M M 6.2 13 350 M M 0 18 320
6 84 62 73 -3 0 8 0.00 M M 2.5 9 30 M M 0 13 120
7 85 58 72 -4 0 7 0.00 M M 2.8 8 360 M M 0 12 120
8 85 66 76 1 0 11 0.00 M M 3.1 9 120 M M 1 14 110
9 85 65 75 0 0 10 0.00 M M 3.6 10 100 M M 5 17 100
10 87 72 80 5 0 15 0.03 M M 2.8 8 160 M M 7 1 13 70
11 91 71 81 6 0 16 0.00 0.0 M 2.1 8 40 M M 2 12 40
12 88 73 81 7 0 16 0.32 0.0 M 3.0 13 100 M M 6 13 21 100
13 86 73 80 6 0 15 0.00 0.0 M 3.0 9 50 M M 6 14 120
14 86 72 79 5 0 14 0.00 0.0 M 3.2 10 20 M M 6 3 19 60
15 74 67 71 -2 0 6 0.44 0.0 M 5.3 13 70 M M 8 1 22 70
16 68 63 66 -7 0 1 1.19 0.0 M 6.8 13 70 M M 8 1 22 30
17 74 65 70 -3 0 5 3.42 M M 7.2 18 20 M M 10 1 26 40
18 83 64 74 2 0 9 0.00 M M 4.5 13 330 M M 4 1 15 330
19 70 61 66 -6 0 1 0.00 M M 4.9 12 90 M M 4 17 90
20 71 54 63 -9 2 0 0.00 M M 5.8 14 20 M M 0 20 60
21 71 52 62 -9 3 0 0.00 M M 5.0 14 70 M M 0 27 70
22 72 50 61 -10 4 0 0.00 M M 2.2 9 120 M M 0 14 50
23 76 57 67 -4 0 2 0.00 0.0 M 1.6 10 210 M M 2 14 220
24 67 62 65 -5 0 0 0.16 M M 3.7 10 130 M M 8 1 18 100
25 76 67 72 2 0 7 0.79 M M 4.3 12 150 M M 10 1 18 140
26 80 64 72 3 0 7 0.00 M M 1.2 9 310 M M 8 1 12 320
27 81 65 73 4 0 8 0.34 M M 3.6 16 170 M M 7 13 22 180
28 83 67 75 6 0 10 0.17 M M 4.6 16 310 M M 7 13 20 310
29 67 52 60 -8 5 0 0.20 M M 7.0 15 290 M M 7 1 20 280
30 73 47 60 -8 5 0 0.00 M M 4.2 12 300 M M 0 18 300
================================================================================
SM 2415 1918 19 245 7.06 0.0 125.0 M 121
================================================================================
AV 80.5 63.9 4.2 FASTST M M 4 MAX(MPH)
MISC ----> 18 20 27 70
================================================================================
NOTES:
# LAST OF SEVERAL OCCURRENCES
COLUMN 17 PEAK WIND IN M.P.H.
PRELIMINARY LOCAL CLIMATOLOGICAL DATA (WS FORM: F-6) , PAGE 2
STATION: DEKALB PEACHTREE AIRPORT
MONTH: SEPTEMBER
YEAR: 2020
LATITUDE: 33 52 N
LONGITUDE: 84 18 W
[TEMPERATURE DATA] [PRECIPITATION DATA] SYMBOLS USED IN COLUMN 16
AVERAGE MONTHLY: 72.2 TOTAL FOR MONTH: 7.06 1 = FOG OR MIST
DPTR FM NORMAL: -0.7 DPTR FM NORMAL: 2.50 2 = FOG REDUCING VISIBILITY
HIGHEST: 92 ON 4, 3 GRTST 24HR 4.57 ON 16-17 TO 1/4 MILE OR LESS
LOWEST: 47 ON 30 3 = THUNDER
SNOW, ICE PELLETS, HAIL 4 = ICE PELLETS
TOTAL MONTH: 0.0 INCH 5 = HAIL
GRTST 24HR 0.0 6 = FREEZING RAIN OR DRIZZLE
GRTST DEPTH: M ON M 7 = DUSTSTORM OR SANDSTORM:
VSBY 1/2 MILE OR LESS
8 = SMOKE OR HAZE
[NO. OF DAYS WITH] [WEATHER - DAYS WITH] 9 = BLOWING SNOW
X = TORNADO
MAX 32 OR BELOW: 0 0.01 INCH OR MORE: 10
MAX 90 OR ABOVE: 5 0.10 INCH OR MORE: 9
MIN 32 OR BELOW: 0 0.50 INCH OR MORE: 3
MIN 0 OR BELOW: 0 1.00 INCH OR MORE: 2
[HDD (BASE 65) ]
TOTAL THIS MO. 19 CLEAR (SCALE 0-3) 14
DPTR FM NORMAL 9 PTCLDY (SCALE 4-7) 12
TOTAL FM JUL 1 19 CLOUDY (SCALE 8-10) 4
DPTR FM NORMAL 11
[CDD (BASE 65) ]
TOTAL THIS MO. 245
DPTR FM NORMAL -2 [PRESSURE DATA]
TOTAL FM JAN 1 1671 HIGHEST SLP 30.41 ON 21
DPTR FM NORMAL -33 LOWEST SLP 29.72 ON 17
[REMARKS]
#FINAL-09-20#