000
CXUS56 KPDT 011810
CF6PDT
PRELIMINARY LOCAL CLIMATOLOGICAL DATA (WS FORM: F-6)
STATION: PENDLETON OR
MONTH: OCTOBER
YEAR: 2022
LATITUDE: 45 40 N
LONGITUDE: 118 51 W
TEMPERATURE IN F: :PCPN: SNOW: WIND :SUNSHINE: SKY :PK WND
================================================================================
1 2 3 4 5 6A 6B 7 8 9 10 11 12 13 14 15 16 17 18
12Z AVG MX 2MIN
DY MAX MIN AVG DEP HDD CDD WTR SNW DPTH SPD SPD DIR MIN PSBL S-S WX SPD DR
================================================================================
1 77 46 62 4 3 0 0.00 0.0 0 6.7 14 320 M M 0 19 310
2 83 51 67 9 0 2 0.00 0.0 0 8.1 13 50 M M 0 17 320
3 85 50 68 11 0 3 0.00 0.0 0 7.4 18 300 M M 0 27 300
4 86 50 68 11 0 3 0.00 0.0 0 6.8 14 60 M M 0 15 40
5 86 48 67 11 0 2 0.00 0.0 0 5.9 14 40 M M 0 20 290
6 84 49 67 11 0 2 0.00 0.0 0 7.0 15 40 M M 0 8 19 30
7 80 51 66 11 0 1 0.00 0.0 0 6.9 13 140 M M 0 8 15 290
8 80 49 65 10 0 0 0.00 0.0 0 7.5 13 140 M M 0 8 15 330
9 80 49 65 11 0 0 0.00 0.0 0 8.1 13 150 M M 0 8 20 310
10 84 52 68 14 0 3 0.00 0.0 0 16.4 33 260 M M 0 8 44 260
11 75 49 62 8 3 0 0.00 0.0 0 6.1 23 260 M M 0 30 260
12 80 46 63 10 2 0 0.00 0.0 0 6.7 13 30 M M 0 19 40
13 78 45 62 9 3 0 0.00 0.0 0 6.3 13 310 M M 0 8 18 300
14 78 44 61 9 4 0 0.00 0.0 0 6.1 13 50 M M 0 8 15 290
15 72 44 58 6 7 0 0.00 0.0 0 6.4 12 160 M M 0 17 320
16 79 42 61 10 4 0 0.00 0.0 0 6.0 13 20 M M 0 8 17 330
17 75 41 58 7 7 0 0.00 0.0 0 5.7 15 290 M M 0 8 18 280
18 75 43 59 9 6 0 0.00 0.0 0 5.6 12 170 M M 0 13 160
19 73 43 58 8 7 0 0.00 0.0 0 6.7 14 320 M M 0 8 19 300
20 76 42 59 9 6 0 0.00 0.0 0 8.6 23 250 M M 2 8 33 230
21 61 46 54 5 11 0 0.57 0.0 0 9.7 31 270 M M 6 18 38 270
22 54 43 49 0 16 0 0.28 0.0 0 13.6 25 260 M M 8 34 250
23 54 39 47 -1 18 0 T 0.0 0 9.3 20 260 M M 4 25 260
24 54 38 46 -2 19 0 0.13 0.0 0 13.6 29 250 M M 6 37 250
25 55 41 48 0 17 0 0.02 0.0 0 10.1 22 220 M M 2 8 31 220
26 54 39 47 0 18 0 T 0.0 0 17.3 31 250 M M 4 39 250
27 63 39 51 4 14 0 0.00 0.0 0 8.5 21 160 M M 0 8 24 150
28 63 51 57 10 8 0 T 0.0 0 8.3 18 290 M M 4 23 180
29 65 44 55 9 10 0 0.00 0.0 0 6.1 12 330 M M 3 8 15 330
30 63 45 54 8 11 0 T 0.0 0 6.6 17 250 M M 6 8 21 270
31 58 49 54 8 11 0 0.04 0.0 0 5.5 21 250 M M 8 8 26 250
================================================================================
SM 2230 1408 205 16 1.04 0.0 253.6 M 53
================================================================================
AV 71.9 45.4 8.2 FASTST M M 2 MAX(MPH)
MISC ----> 33 260 44 260
================================================================================
NOTES:
# LAST OF SEVERAL OCCURRENCES
COLUMN 17 PEAK WIND IN M.P.H.
PRELIMINARY LOCAL CLIMATOLOGICAL DATA (WS FORM: F-6) , PAGE 2
STATION: PENDLETON OR
MONTH: OCTOBER
YEAR: 2022
LATITUDE: 45 40 N
LONGITUDE: 118 51 W
[TEMPERATURE DATA] [PRECIPITATION DATA] SYMBOLS USED IN COLUMN 16
AVERAGE MONTHLY: 58.7 TOTAL FOR MONTH: 1.04 1 = FOG OR MIST
DPTR FM NORMAL: 7.2 DPTR FM NORMAL: -0.05 2 = FOG REDUCING VISIBILITY
HIGHEST: 86 ON 5, 4 GRTST 24HR 0.85 ON 21-22 TO 1/4 MILE OR LESS
LOWEST: 38 ON 24 3 = THUNDER
SNOW, ICE PELLETS, HAIL 4 = ICE PELLETS
TOTAL MONTH: 0.0 INCH 5 = HAIL
GRTST 24HR 0.0 6 = FREEZING RAIN OR DRIZZLE
GRTST DEPTH: 0 7 = DUSTSTORM OR SANDSTORM:
VSBY 1/2 MILE OR LESS
8 = SMOKE OR HAZE
[NO. OF DAYS WITH] [WEATHER - DAYS WITH] 9 = BLOWING SNOW
X = TORNADO
MAX 32 OR BELOW: 0 0.01 INCH OR MORE: 5
MAX 90 OR ABOVE: 0 0.10 INCH OR MORE: 3
MIN 32 OR BELOW: 0 0.50 INCH OR MORE: 1
MIN 0 OR BELOW: 0 1.00 INCH OR MORE: 0
[HDD (BASE 65) ]
TOTAL THIS MO. 205 CLEAR (SCALE 0-3) 22
DPTR FM NORMAL -218 PTCLDY (SCALE 4-7) 9
TOTAL FM JUL 1 235 CLOUDY (SCALE 8-10) 0
DPTR FM NORMAL -317
[CDD (BASE 65) ]
TOTAL THIS MO. 16
DPTR FM NORMAL 13 [PRESSURE DATA]
TOTAL FM JAN 1 1001 HIGHEST SLP 30.36 ON 19
DPTR FM NORMAL 364 LOWEST SLP 29.45 ON 22
[REMARKS]
#FINAL-10-22#