000
CXUS56 KPDT 011810
CF6PDT
PRELIMINARY LOCAL CLIMATOLOGICAL DATA (WS FORM: F-6)
STATION: PENDLETON OR
MONTH: JUNE
YEAR: 2022
LATITUDE: 45 40 N
LONGITUDE: 118 51 W
TEMPERATURE IN F: :PCPN: SNOW: WIND :SUNSHINE: SKY :PK WND
================================================================================
1 2 3 4 5 6A 6B 7 8 9 10 11 12 13 14 15 16 17 18
12Z AVG MX 2MIN
DY MAX MIN AVG DEP HDD CDD WTR SNW DPTH SPD SPD DIR MIN PSBL S-S WX SPD DR
================================================================================
1 80 51 66 5 0 1 T 0.0 0 8.8 17 40 M M 5 25 160
2 81 56 69 7 0 4 0.58 0.0 0 5.9 36 190 M M 3 13 54 190
3 71 53 62 0 3 0 0.14 0.0 0 8.4 24 290 M M 5 3 29 300
4 72 52 62 0 3 0 0.11 0.0 0 5.5 14 60 M M 7 1 18 60
5 73 56 65 3 0 0 0.31 0.0 0 9.3 30 270 M M 6 13 38 280
6 71 53 62 0 3 0 T 0.0 0 9.1 24 280 M M 5 30 280
7 79 46 63 1 2 0 0.00 0.0 0 6.3 14 60 M M 1 20 30
8 77 57 67 4 0 2 T 0.0 0 6.2 14 290 M M 3 18 330
9 85 57 71 8 0 6 T 0.0 0 5.9 22 300 M M 2 28 290
10 75 60 68 5 0 3 0.35 0.0 0 5.2 20 310 M M 9 1 25 300
11 72 59 66 3 0 1 0.26 0.0 0 8.4 18 290 M M 8 1 23 150
12 64 50 57 -6 8 0 0.40 0.0 0 14.0 33 270 M M 10 1 45 270
13 64 49 57 -7 8 0 T 0.0 0 27.6 40 260 M M 6 51 270
14 67 47 57 -7 8 0 0.00 0.0 0 17.0 32 260 M M 4 40 270
15 79 44 62 -2 3 0 0.00 0.0 0 8.2 23 40 M M 0 31 30
16 75 53 64 0 1 0 T 0.0 0 6.5 18 270 M M 0 23 270
17 73 53 63 -2 2 0 0.01 0.0 0 10.9 21 270 M M 5 35 280
18 66 52 59 -6 6 0 T 0.0 0 11.7 25 260 M M 9 32 270
19 72 53 63 -2 2 0 0.00 0.0 0 13.8 28 250 M M 9 37 250
20 76 54 65 0 0 0 0.00 0.0 0 10.6 22 250 M M 4 29 270
21 84 50 67 1 0 2 0.00 0.0 0 6.0 13 140 M M 0 17 350
22 90 56 73 7 0 8 0.00 0.0 0 8.7 18 250 M M 0 26 250
23 81 55 68 2 0 3 0.00 0.0 0 5.0 12 80 M M 0 16 290
24 79 50 65 -2 0 0 0.00 0.0 0 7.3 16 10 M M 0 22 30
25 87 51 69 2 0 4 0.00 0.0 0 6.8 13 30 M M 0 19 350
26 92 54 73 6 0 8 0.00 0.0 0 6.6 14 330 M M 0 19 350
27 98 62 80 12 0 15 0.00 0.0 0 8.1 21 260 M M 0 27 250
28 86 60 73 5 0 8 0.00 0.0 0 14.9 26 270 M M 0 35 270
29 85 53 69 1 0 4 0.00 0.0 0 8.5 20 270 M M 0 26 260
30 87 51 69 0 0 4 0.00 0.0 0 6.6 13 50 M M 0 21 30
================================================================================
SM 2341 1597 49 73 2.16 0.0 277.8 M 101
================================================================================
AV 78.0 53.2 9.3 FASTST M M 3 MAX(MPH)
MISC ----> 40 260 54 190
================================================================================
NOTES:
# LAST OF SEVERAL OCCURRENCES
COLUMN 17 PEAK WIND IN M.P.H.
PRELIMINARY LOCAL CLIMATOLOGICAL DATA (WS FORM: F-6) , PAGE 2
STATION: PENDLETON OR
MONTH: JUNE
YEAR: 2022
LATITUDE: 45 40 N
LONGITUDE: 118 51 W
[TEMPERATURE DATA] [PRECIPITATION DATA] SYMBOLS USED IN COLUMN 16
AVERAGE MONTHLY: 65.6 TOTAL FOR MONTH: 2.16 1 = FOG OR MIST
DPTR FM NORMAL: 1.0 DPTR FM NORMAL: 1.11 2 = FOG REDUCING VISIBILITY
HIGHEST: 98 ON 27 GRTST 24HR 0.61 ON 2- 3 TO 1/4 MILE OR LESS
LOWEST: 44 ON 15 3 = THUNDER
SNOW, ICE PELLETS, HAIL 4 = ICE PELLETS
TOTAL MONTH: 0.0 INCH 5 = HAIL
GRTST 24HR 0.0 6 = FREEZING RAIN OR DRIZZLE
GRTST DEPTH: 0 7 = DUSTSTORM OR SANDSTORM:
VSBY 1/2 MILE OR LESS
8 = SMOKE OR HAZE
[NO. OF DAYS WITH] [WEATHER - DAYS WITH] 9 = BLOWING SNOW
X = TORNADO
MAX 32 OR BELOW: 0 0.01 INCH OR MORE: 8
MAX 90 OR ABOVE: 3 0.10 INCH OR MORE: 7
MIN 32 OR BELOW: 0 0.50 INCH OR MORE: 1
MIN 0 OR BELOW: 0 1.00 INCH OR MORE: 0
[HDD (BASE 65) ]
TOTAL THIS MO. 49 CLEAR (SCALE 0-3) 15
DPTR FM NORMAL -37 PTCLDY (SCALE 4-7) 10
TOTAL FM JUL 1 5198 CLOUDY (SCALE 8-10) 5
DPTR FM NORMAL -143
[CDD (BASE 65) ]
TOTAL THIS MO. 73
DPTR FM NORMAL 0 [PRESSURE DATA]
TOTAL FM JAN 1 75 HIGHEST SLP 30.28 ON 21
DPTR FM NORMAL -19 LOWEST SLP 29.61 ON 12
[REMARKS]
#FINAL-06-22#