000
CXUS56 KPQR 021107
CF6PDX
PRELIMINARY LOCAL CLIMATOLOGICAL DATA (WS FORM: F-6)
STATION: PORTLAND OR
MONTH: JUNE
YEAR: 2021
LATITUDE: 45 35 N
LONGITUDE: 122 36 W
TEMPERATURE IN F: :PCPN: SNOW: WIND :SUNSHINE: SKY :PK WND
================================================================================
1 2 3 4 5 6A 6B 7 8 9 10 11 12 13 14 15 16 17 18
12Z AVG MX 2MIN
DY MAX MIN AVG DEP HDD CDD WTR SNW DPTH SPD SPD DIR MIN PSBL S-S WX SPD DR
================================================================================
1 95 61 78 16 0 13 0.00 0.0 0 5.3 14 290 M M 1 16 280
2 90 65 78 16 0 13 0.00 0.0 0 5.6 14 280 M M 1 19 280
3 83 57 70 8 0 5 0.00 0.0 0 8.0 20 320 M M 3 24 320
4 77 53 65 3 0 0 0.00 0.0 0 6.4 16 350 M M 5 22 360
5 68 52 60 -2 5 0 0.01 0.0 0 10.5 23 280 M M 7 28 270
6 64 50 57 -6 8 0 0.09 0.0 0 7.8 28 250 M M 8 39 240
7 67 50 59 -4 6 0 0.00 0.0 0 5.5 15 270 M M 7 20 200
8 67 53 60 -3 5 0 0.01 0.0 0 4.5 15 300 M M 7 18 90
9 69 51 60 -3 5 0 0.00 0.0 0 6.7 16 300 M M 5 20 320
10 68 52 60 -3 5 0 T 0.0 0 5.3 13 260 M M 8 8 17 250
11 63 57 60 -3 5 0 0.06 0.0 0 5.7 16 80 M M 10 18 80
12 80 58 69 6 0 4 0.25 0.0 0 5.8 13 80 M M 9 1 15 70
13 68 61 65 1 0 0 0.68 0.0 0 5.4 14 120 M M 10 1 17 120
14 73 59 66 2 0 1 0.12 0.0 0 6.3 13 310 M M 8 1 16 100
15 71 55 63 -1 2 0 0.03 0.0 0 6.4 18 230 M M 6 24 240
16 80 50 65 1 0 0 0.00 0.0 0 7.5 16 300 M M 3 128 20 290
17 84 55 70 6 0 5 0.00 0.0 0 7.6 18 320 M M 1 23 320
18 81 56 69 5 0 4 0.00 0.0 0 9.3 18 320 M M 1 22 300
19 83 55 69 4 0 4 0.00 0.0 0 6.6 16 320 M M 3 21 320
20 93 59 76 11 0 11 0.00 0.0 0 6.8 14 310 M M 1 17 280
21 97 65 81 16 0 16 0.00 0.0 0 4.4 13 310 M M 2 17 330
22 83 63 73 8 0 8 0.00 0.0 0 5.8 12 290 M M 3 15 280
23 83 58 71 5 0 6 0.00 0.0 0 6.8 15 290 M M 2 18 290
24 89 56 73 7 0 8 0.00 0.0 0 4.8 14 320 M M 5 20 330
25 95 65 80 14 0 15 0.00 0.0 0 5.5 14 290 M M 3 18 270
26 108 70 89 23 0 24 0.00 0.0 0 5.9 14 270 M M 0 20 350
27 112 73 93 27 0 28 0.00 0.0 0 6.9 18 90 M M 0 26 40
28 116 75 96 29 0 31 0.00 0.0 0 9.4 22 80 M M 0 27 90
29 93 63 78 11 0 13 0.00 0.0 0 6.3 14 300 M M 1 16 300
30 79 66 73 6 0 8 0.00 0.0 0 5.3 12 320 M M 7 8 14 240
================================================================================
SM 2479 1763 41 217 1.25 0.0 194.1 M 127
================================================================================
AV 82.6 58.8 6.5 FASTST M M 4 MAX(MPH)
MISC ----> 28 250 39 240
================================================================================
NOTES:
# LAST OF SEVERAL OCCURRENCES
COLUMN 17 PEAK WIND IN M.P.H.
PRELIMINARY LOCAL CLIMATOLOGICAL DATA (WS FORM: F-6) , PAGE 2
STATION: PORTLAND OR
MONTH: JUNE
YEAR: 2021
LATITUDE: 45 35 N
LONGITUDE: 122 36 W
[TEMPERATURE DATA] [PRECIPITATION DATA] SYMBOLS USED IN COLUMN 16
AVERAGE MONTHLY: 70.7 TOTAL FOR MONTH: 1.25 1 = FOG OR MIST
DPTR FM NORMAL: 6.5 DPTR FM NORMAL: -0.38 2 = FOG REDUCING VISIBILITY
HIGHEST: 116 ON 28 GRTST 24HR 0.89 ON 12-13 TO 1/4 MILE OR LESS
LOWEST: 50 ON 16, 7 3 = THUNDER
SNOW, ICE PELLETS, HAIL 4 = ICE PELLETS
TOTAL MONTH: 0.0 INCH 5 = HAIL
GRTST 24HR 0.0 6 = FREEZING RAIN OR DRIZZLE
GRTST DEPTH: 0 7 = DUSTSTORM OR SANDSTORM:
VSBY 1/2 MILE OR LESS
8 = SMOKE OR HAZE
[NO. OF DAYS WITH] [WEATHER - DAYS WITH] 9 = BLOWING SNOW
X = TORNADO
MAX 32 OR BELOW: 0 0.01 INCH OR MORE: 8
MAX 90 OR ABOVE: 9 0.10 INCH OR MORE: 3
MIN 32 OR BELOW: 0 0.50 INCH OR MORE: 1
MIN 0 OR BELOW: 0 1.00 INCH OR MORE: 0
[HDD (BASE 65) ]
TOTAL THIS MO. 41 CLEAR (SCALE 0-3) 16
DPTR FM NORMAL -39 PTCLDY (SCALE 4-7) 9
TOTAL FM JUL 1 3824 CLOUDY (SCALE 8-10) 5
DPTR FM NORMAL -279
[CDD (BASE 65) ]
TOTAL THIS MO. 217
DPTR FM NORMAL 161 [PRESSURE DATA]
TOTAL FM JAN 1 238 HIGHEST SLP 30.36 ON 16
DPTR FM NORMAL 159 LOWEST SLP 29.51 ON 28
[REMARKS]
#FINAL-06-21#