000
CXUS56 KFGZ 010910
CF6PGA
PRELIMINARY LOCAL CLIMATOLOGICAL DATA (WS FORM: F-6)
STATION: PAGE AZ AIRPORT
MONTH: DECEMBER
YEAR: 2022
LATITUDE: 36 55 N
LONGITUDE: 111 27 W
TEMPERATURE IN F: :PCPN: SNOW: WIND :SUNSHINE: SKY :PK WND
================================================================================
1 2 3 4 5 6A 6B 7 8 9 10 11 12 13 14 15 16 17 18
12Z AVG MX 2MIN
DY MAX MIN AVG DEP HDD CDD WTR SNW DPTH SPD SPD DIR MIN PSBL S-S WX SPD DR
================================================================================
1 46 27 37 -4 28 0 0.00 M M 1.8 7 330 M M 1 8 9 340
2 58 39 49 9 16 0 0.00 M M 6.9 23 230 M M 3 8 35 240
3 49 38 44 4 21 0 0.00 M M 0.7 6 330 M M 2 8 8 290
4 51 35 43 3 22 0 0.00 M M 1.7 6 240 M M 2 8 9 360
5 54 36 45 6 20 0 0.00 M M 2.5 9 170 M M 0 8 10 170
6 52 39 46 7 19 0 T M M 4.7 12 170 M M 6 14 170
7 45 35 40 1 25 0 0.50 M M 3.1 13 220 M M 9 1 20 290
8 44 31 38 0 27 0 0.00 M M 1.8 7 30 M M 0 18 9 30
9 45 31 38 0 27 0 0.00 M M 2.3 8 20 M M 0 18 11 10
10 44 29 37 -1 28 0 0.00 M M 1.7 6 360 M M 0 8 340
11 51 32 42 4 23 0 0.02 M M 4.5 24 180 M M 1 31 200
12 42 31 37 -1 28 0 0.15 M M 5.3 16 280 M M 5 12 27 280
13 40 29 35 -2 30 0 0.03 M M 5.2 13 270 M M 4 1 19 270
14 41 25 33 -4 32 0 0.00 M M 2.6 9 350 M M 0 12 250
15 42 27 35 -2 30 0 0.00 M M 3.8 12 310 M M 1 19 310
16 38 24 31 -6 34 0 0.00 M M 2.4 10 300 M M 0 8 14 290
17 36 21 29 -8 36 0 0.00 M M 1.9 8 10 M M 0 8 16 20
18 34 21 28 -9 37 0 0.00 M M 1.3 6 20 M M 0 8 8 350
19 38 20 29 -8 36 0 0.00 M M 2.0 7 350 M M 0 8 12 350
20 38 25 32 -5 33 0 0.00 M M 1.3 7 190 M M 0 8 9 360
21 41 23 32 -4 33 0 0.00 M M 2.4 7 180 M M 0 8 9 40
22 50 27 39 3 26 0 0.00 M M 2.0 8 140 M M 2 8 11 90
23 51 35 43 7 22 0 0.00 M M 2.2 7 50 M M 2 8 10 10
24 49 30 40 4 25 0 0.00 M M 1.9 7 90 M M 0 8 9 60
25 50 32 41 5 24 0 0.00 M M 2.7 8 150 M M 0 9 50
26 48 31 40 4 25 0 0.00 M M 2.2 7 120 M M 0 8 8 50
27 47 34 41 5 24 0 0.09 M M 2.7 10 150 M M 5 8 12 150
28 47 36 42 6 23 0 0.10 M M 4.2 23 290 M M 7 123 38 280
29 39 29 34 -2 31 0 0.15 M M 2.1 8 350 M M 5 18 11 360
30 41 33 37 1 28 0 0.01 M M 1.7 7 160 M M 10 1 9 360
31 51 36 44 7 21 0 0.00 M M 2.2 14 200 M M 4 1 22 190
================================================================================
SM 1402 941 834 0 1.05 M 83.8 M 69
================================================================================
AV 45.2 30.4 2.7 FASTST M M 2 MAX(MPH)
MISC ----> 24 180 38 280
================================================================================
NOTES:
# LAST OF SEVERAL OCCURRENCES
COLUMN 17 PEAK WIND IN M.P.H.
PRELIMINARY LOCAL CLIMATOLOGICAL DATA (WS FORM: F-6) , PAGE 2
STATION: PAGE AZ AIRPORT
MONTH: DECEMBER
YEAR: 2022
LATITUDE: 36 55 N
LONGITUDE: 111 27 W
[TEMPERATURE DATA] [PRECIPITATION DATA] SYMBOLS USED IN COLUMN 16
AVERAGE MONTHLY: 37.8 TOTAL FOR MONTH: 1.05 1 = FOG OR MIST
DPTR FM NORMAL: 0.2 DPTR FM NORMAL: 0.62 2 = FOG REDUCING VISIBILITY
HIGHEST: 58 ON 2 GRTST 24HR 0.50 ON 6- 7 TO 1/4 MILE OR LESS
LOWEST: 20 ON 19 3 = THUNDER
SNOW, ICE PELLETS, HAIL 4 = ICE PELLETS
TOTAL MONTH: M 5 = HAIL
GRTST 24HR M ON M 6 = FREEZING RAIN OR DRIZZLE
GRTST DEPTH: M ON M 7 = DUSTSTORM OR SANDSTORM:
VSBY 1/2 MILE OR LESS
8 = SMOKE OR HAZE
[NO. OF DAYS WITH] [WEATHER - DAYS WITH] 9 = BLOWING SNOW
X = TORNADO
MAX 32 OR BELOW: 0 0.01 INCH OR MORE: 8
MAX 90 OR ABOVE: 0 0.10 INCH OR MORE: 4
MIN 32 OR BELOW: 20 0.50 INCH OR MORE: 1
MIN 0 OR BELOW: 0 1.00 INCH OR MORE: 0
[HDD (BASE 65) ]
TOTAL THIS MO. 834 CLEAR (SCALE 0-3) 22
DPTR FM NORMAL -17 PTCLDY (SCALE 4-7) 7
TOTAL FM JUL 1 1648 CLOUDY (SCALE 8-10) 2
DPTR FM NORMAL 77
[CDD (BASE 65) ]
TOTAL THIS MO. 0
DPTR FM NORMAL 0 [PRESSURE DATA]
TOTAL FM JAN 1 2420 HIGHEST SLP M ON M
DPTR FM NORMAL 259 LOWEST SLP 29.59 ON 11
[REMARKS]
#FINAL-12-22#