000
CXUS52 KTBW 040944
CF6PGD
PRELIMINARY LOCAL CLIMATOLOGICAL DATA (WS FORM: F-6)
STATION: PUNTA GORDA
MONTH: JUNE
YEAR: 2021
LATITUDE: 26 55 N
LONGITUDE: 82 0 W
TEMPERATURE IN F: :PCPN: SNOW: WIND :SUNSHINE: SKY :PK WND
================================================================================
1 2 3 4 5 6A 6B 7 8 9 10 11 12 13 14 15 16 17 18
12Z AVG MX 2MIN
DY MAX MIN AVG DEP HDD CDD WTR SNW DPTH SPD SPD DIR MIN PSBL S-S WX SPD DR
================================================================================
1 93 68 81 1 0 16 0.00 0.0 0 10.2 28 70 M M 2 35 80
2 92 68 80 0 0 15 0.11 0.0 0 5.9 17 130 M M 6 13 21 130
3 91 70 81 1 0 16 0.24 0.0 0 7.0 21 130 M M 4 13 27 130
4 88 72 80 -1 0 15 3.15 0.0 0 6.1 17 250 M M 5 1238 20 250
5 91 72 82 1 0 17 0.48 0.0 0 6.0 18 170 M M 4 13 20 180
6 95 72 84 3 0 19 0.00 0.0 0 8.5 24 200 M M 2 1 29 210
7 96 75 86 5 0 21 0.00 0.0 0 9.0 17 110 M M 3 24 160
8 95 71 83 2 0 18 0.12 0.0 0 7.8 18 190 M M 3 3 25 160
9 95 69 82 1 0 17 0.00 0.0 0 6.5 14 290 M M 2 18 290
10 93 70 82 1 0 17 0.00 0.0 0 6.7 15 240 M M 2 18 230
11 92 75 84 3 0 19 0.00 0.0 0 7.6 16 240 M M 3 3 20 260
12 91 76 84 2 0 19 0.01 0.0 0 6.8 17 260 M M 4 22 230
13 92 78 85 3 0 20 0.00 0.0 0 9.3 20 230 M M 2 3 26 220
14 90 75 83 1 0 18 0.66 0.0 0 9.3 22 230 M M 3 13 28 220
15 88 72 80 -2 0 15 1.36 0.0 0 7.8 33 220 M M 4 138 41 220
16 88 71 80 -2 0 15 0.36 0.0 0 5.9 17 180 M M 4 13 25 280
17 84 71 78 -4 0 13 0.14 0.0 0 4.4 10 160 M M 4 1 14 220
18 89 75 82 0 0 17 0.00 0.0 0 8.1 17 110 M M 1 22 110
19 94 76 85 3 0 20 0.00 0.0 0 8.3 18 240 M M 4 1 22 240
20 93 77 85 3 0 20 0.00 0.0 0 6.6 16 240 M M 1 20 250
21 94 75 85 3 0 20 T 0.0 0 7.1 21 90 M M 2 13 27 80
22 94 74 84 2 0 19 0.00 0.0 0 9.6 20 250 M M 1 3 25 240
23 94 73 84 2 0 19 1.62 0.0 0 5.8 21 140 M M 2 12 26 140
24 91 73 82 0 0 17 T 0.0 0 6.1 29 130 M M 1 3 34 140
25 88 72 80 -3 0 15 0.38 0.0 0 6.8 29 80 M M 2 13 34 100
26 94 72 83 0 0 18 0.61 0.0 0 7.5 31 80 M M 2 13 36 80
27 93 75 84 1 0 19 0.00 0.0 0 9.0 20 50 M M 2 26 50
28 90 73 82 -1 0 17 0.52 0.0 0 7.0 28 120 M M 3 13 34 130
29 92 73 83 0 0 18 0.45 0.0 0 5.8 23 200 M M 3 138 28 210
30 87 73 80 -3 0 15 0.54 0.0 0 5.4 20 170 M M 3 1 22 170
================================================================================
SM 2747 2186 0 524 10.75 0.0 217.9 M 84
================================================================================
AV 91.6 72.9 7.3 FASTST M M 3 MAX(MPH)
MISC ----> 33 220 41 220
================================================================================
NOTES:
# LAST OF SEVERAL OCCURRENCES
COLUMN 17 PEAK WIND IN M.P.H.
PRELIMINARY LOCAL CLIMATOLOGICAL DATA (WS FORM: F-6) , PAGE 2
STATION: PUNTA GORDA
MONTH: JUNE
YEAR: 2021
LATITUDE: 26 55 N
LONGITUDE: 82 0 W
[TEMPERATURE DATA] [PRECIPITATION DATA] SYMBOLS USED IN COLUMN 16
AVERAGE MONTHLY: 82.2 TOTAL FOR MONTH: 10.75 1 = FOG OR MIST
DPTR FM NORMAL: 0.5 DPTR FM NORMAL: 1.51 2 = FOG REDUCING VISIBILITY
HIGHEST: 96 ON 7 GRTST 24HR 3.34 ON 3- 4 TO 1/4 MILE OR LESS
LOWEST: 68 ON 2, 1 3 = THUNDER
SNOW, ICE PELLETS, HAIL 4 = ICE PELLETS
TOTAL MONTH: 0.0 INCH 5 = HAIL
GRTST 24HR 0.0 6 = FREEZING RAIN OR DRIZZLE
GRTST DEPTH: 0 7 = DUSTSTORM OR SANDSTORM:
VSBY 1/2 MILE OR LESS
8 = SMOKE OR HAZE
[NO. OF DAYS WITH] [WEATHER - DAYS WITH] 9 = BLOWING SNOW
X = TORNADO
MAX 32 OR BELOW: 0 0.01 INCH OR MORE: 16
MAX 90 OR ABOVE: 23 0.10 INCH OR MORE: 15
MIN 32 OR BELOW: 0 0.50 INCH OR MORE: 7
MIN 0 OR BELOW: 0 1.00 INCH OR MORE: 3
[HDD (BASE 65) ]
TOTAL THIS MO. 0 CLEAR (SCALE 0-3) 20
DPTR FM NORMAL 0 PTCLDY (SCALE 4-7) 10
TOTAL FM JUL 1 289 CLOUDY (SCALE 8-10) 0
DPTR FM NORMAL -65
[CDD (BASE 65) ]
TOTAL THIS MO. 524
DPTR FM NORMAL 22 [PRESSURE DATA]
TOTAL FM JAN 1 1628 HIGHEST SLP 30.18 ON 9
DPTR FM NORMAL 179 LOWEST SLP 29.86 ON 13
[REMARKS]
#FINAL-06-21#