000
CXUS53 KUNR 011721
CLMPHP
CLIMATE REPORT
NATIONAL WEATHER SERVICE RAPID CITY SD
1121 AM MDT MON MAY 01 2023
...................................
...THE PHILIP SD CLIMATE SUMMARY FOR THE MONTH OF APRIL 2023...
CLIMATE NORMAL PERIOD 1991 TO 2020
CLIMATE RECORD PERIOD 9999 TO 9999
WEATHER OBSERVED NORMAL DEPART LAST YEAR`S
VALUE DATE(S) VALUE FROM VALUE DATE(S)
NORMAL
................................................................
TEMPERATURE (F)
HIGHEST 91 04/11 81 04/22
LOWEST 7 04/01 11 04/16
04/06
AVG. MAXIMUM 57.7 59.2 -1.5 56.5
AVG. MINIMUM 29.0 32.0 -3.0 27.3
MEAN 43.4 45.6 -2.2 41.9
DAYS MAX >= 90 1 0
DAYS MAX <= 32 2 1
DAYS MIN <= 32 18 20
DAYS MIN <= 0 0 0
PRECIPITATION (INCHES)
TOTALS 1.15 1.71 -0.56 0.66
DAILY AVG. 0.04 0.06 -0.02 0.02
DAYS >= .01 5 9
DAYS >= .10 2 3
DAYS >= .50 1 0
DAYS >= 1.00 0 0
GREATEST
24 HR. TOTAL MM 0.23
DEGREE DAYS
HEATING TOTAL 643 583 60 685
SINCE 7/1 6819 6787 32 MM
COOLING TOTAL 0 1 -1 0
SINCE 1/1 0 1 -1 MM
................................................................
WIND (MPH)
AVERAGE WIND SPEED 11.8
HIGHEST WIND SPEED/DIRECTION 38/310 DATE 04/20
HIGHEST GUST SPEED/DIRECTION 52/330 DATE 04/20
AVERAGE RH (PERCENT) 63
WEATHER CONDITIONS. NUMBER OF DAYS WITH
THUNDERSTORM 1 MIXED PRECIP 0
HEAVY RAIN 0 RAIN 1
LIGHT RAIN 4 FREEZING RAIN 0
LT FREEZING RAIN 0 HAIL 0
HEAVY SNOW 0 SNOW 1
LIGHT SNOW 3 SLEET 0
FOG 7 FOG W/VIS <= 1/4 MILE 2
HAZE 0
- INDICATES NEGATIVE NUMBERS.
R INDICATES RECORD WAS SET OR TIED.
MM INDICATES DATA IS MISSING.
T INDICATES TRACE AMOUNT.
$$