000
CXUS55 KABR 011100
CF6PIR
PRELIMINARY LOCAL CLIMATOLOGICAL DATA (WS FORM: F-6)
STATION: PIERRE SD
MONTH: APRIL
YEAR: 2021
LATITUDE: 44 22 N
LONGITUDE: 100 17 W
TEMPERATURE IN F: :PCPN: SNOW: WIND :SUNSHINE: SKY :PK WND
================================================================================
1 2 3 4 5 6A 6B 7 8 9 10 11 12 13 14 15 16 17 18
12Z AVG MX 2MIN
DY MAX MIN AVG DEP HDD CDD WTR SNW DPTH SPD SPD DIR MIN PSBL S-S WX SPD DR
================================================================================
1 68 20 44 3 21 0 0.00 0.0 0 12.2 23 170 M M 0 29 160
2 79 36 58 17 7 0 0.00 0.0 0 11.6 29 10 M M 0 41 180
3 83 33 58 16 7 0 0.00 0.0 0 10.0 28 180 M M M 37 160
4 84 37 61 19 4 0 0.00 0.0 0 8.1 22 140 M M 0 32 140
5 80 38 59 17 6 0 0.00 0.0 0 9.7 30 30 M M 0 38 10
6 49 37 43 0 22 0 0.81 T 0 17.9 36 50 M M 8 13 49 50
7 52 37 45 2 20 0 0.01 0.0 0 13.8 28 350 M M 8 38 360
8 67 31 49 5 16 0 0.00 0.0 0 11.5 23 310 M M 0 32 340
9 54 32 43 -1 22 0 0.00 0.0 0 19.1 38 330 M M 4 48 330
10 63 24 44 -1 21 0 0.00 0.0 0 7.2 16 120 M M 0 21 120
11 52 36 44 -1 21 0 0.05 0.0 0 19.8 33 300 M M 5 42 310
12 47 33 40 -6 25 0 0.00 0.0 0 26.5 43 310 M M 7 57 310
13 41 28 35 -11 30 0 0.00 0.0 0 23.8 36 310 M M 10 46 310
14 47 26 37 -9 28 0 T T 0 11.5 21 330 M M 5 8 28 320
15 45 20 33 -14 32 0 T T 0 7.6 15 360 M M 8 1 20 350
16 48 37 43 -4 22 0 0.01 0.0 0 11.6 20 340 M M 10 27 340
17 56 36 46 -2 19 0 0.00 0.0 0 7.8 20 290 M M 6 24 300
18 68 31 50 2 15 0 0.00 0.0 0 15.2 33 360 M M 3 42 20
19 38 21 30 -18 35 0 0.00 0.0 0 11.8 21 360 M M 8 30 10
20 44 18 31 -18 34 0 T T 0 12.5 31 10 M M 7 8 38 340
21 52 20 36 -13 29 0 0.00 0.0 0 7.7 16 320 M M 3 24 310
22 55 24 40 -10 25 0 0.03 0.0 0 11.3 29 200 M M 5 1 38 180
23 42 26 34 -16 31 0 T T 0 11.7 20 10 M M 8 12 26 350
24 50 21 36 -14 29 0 T 0.0 0 8.4 20 110 M M 4 12 27 120
25 69 34 52 1 13 0 T 0.0 0 16.3 29 120 M M 5 38 130
26 69 40 55 4 10 0 0.01 0.0 0 12.8 23 50 M M 1 31 40
27 52 39 46 -6 19 0 0.36 0.0 0 8.0 18 10 M M 10 12 23 360
28 69 34 52 0 13 0 0.00 0.0 0 5.1 12 230 M M 2 12 16 320
29 73 40 57 5 8 0 0.00 0.0 0 9.6 23 50 M M 0 30 50
30 79 38 59 6 6 0 0.00 0.0 0 12.5 23 130 M M 1 30 60
================================================================================
SM 1775 927 590 0 1.28 T 372.6 M 128
================================================================================
AV 59.2 30.9 12.4 FASTST M M 4 MAX(MPH)
MISC ----> 43 310 57 310
================================================================================
NOTES:
# LAST OF SEVERAL OCCURRENCES
COLUMN 17 PEAK WIND IN M.P.H.
PRELIMINARY LOCAL CLIMATOLOGICAL DATA (WS FORM: F-6) , PAGE 2
STATION: PIERRE SD
MONTH: APRIL
YEAR: 2021
LATITUDE: 44 22 N
LONGITUDE: 100 17 W
[TEMPERATURE DATA] [PRECIPITATION DATA] SYMBOLS USED IN COLUMN 16
AVERAGE MONTHLY: 45.0 TOTAL FOR MONTH: 1.28 1 = FOG OR MIST
DPTR FM NORMAL: -2.0 DPTR FM NORMAL: -0.53 2 = FOG REDUCING VISIBILITY
HIGHEST: 84 ON 4 GRTST 24HR 0.81 ON 6- 6 TO 1/4 MILE OR LESS
LOWEST: 18 ON 20 3 = THUNDER
SNOW, ICE PELLETS, HAIL 4 = ICE PELLETS
TOTAL MONTH: T 5 = HAIL
GRTST 24HR T ON 6- 6 6 = FREEZING RAIN OR DRIZZLE
GRTST DEPTH: 0 7 = DUSTSTORM OR SANDSTORM:
VSBY 1/2 MILE OR LESS
8 = SMOKE OR HAZE
[NO. OF DAYS WITH] [WEATHER - DAYS WITH] 9 = BLOWING SNOW
X = TORNADO
MAX 32 OR BELOW: 0 0.01 INCH OR MORE: 7
MAX 90 OR ABOVE: 0 0.10 INCH OR MORE: 2
MIN 32 OR BELOW: 14 0.50 INCH OR MORE: 1
MIN 0 OR BELOW: 0 1.00 INCH OR MORE: 0
[HDD (BASE 65) ]
TOTAL THIS MO. 590 CLEAR (SCALE 0-3) 12
DPTR FM NORMAL 45 PTCLDY (SCALE 4-7) 10
TOTAL FM JUL 1 6475 CLOUDY (SCALE 8-10) 8
DPTR FM NORMAL -516
[CDD (BASE 65) ]
TOTAL THIS MO. 0
DPTR FM NORMAL -4 [PRESSURE DATA]
TOTAL FM JAN 1 0 HIGHEST SLP 30.49 ON 1
DPTR FM NORMAL -4 LOWEST SLP 29.52 ON 26
[REMARKS]
#FINAL-04-21#