000
CXUS53 KABR 011200
CF6PIR
PRELIMINARY LOCAL CLIMATOLOGICAL DATA (WS FORM: F-6)
STATION: PIERRE SD
MONTH: NOVEMBER
YEAR: 2023
LATITUDE: 44 22 N
LONGITUDE: 100 17 W
TEMPERATURE IN F: :PCPN: SNOW: WIND :SUNSHINE: SKY :PK WND
================================================================================
1 2 3 4 5 6A 6B 7 8 9 10 11 12 13 14 15 16 17 18
12Z AVG MX 2MIN
DY MAX MIN AVG DEP HDD CDD WTR SNW DPTH SPD SPD DIR MIN PSBL S-S WX SPD DR
================================================================================
1 49 22 36 -4 29 0 0.00 0.0 0 7.5 17 330 M M 0 22 320
2 52 20 36 -4 29 0 0.00 0.0 0 4.7 13 130 M M 2 128 17 130
3 51 29 40 0 25 0 0.00 0.0 0 5.8 14 10 M M 8 19 10
4 64 27 46 7 19 0 0.00 0.0 0 2.9 9 230 M M 1 18 12 240
5 68 36 52 13 13 0 0.01 0.0 0 8.9 23 340 M M 1 31 330
6 60 36 48 10 17 0 0.00 0.0 0 10.3 21 300 M M 0 1 28 290
7 50 34 42 4 23 0 0.00 0.0 0 6.1 20 110 M M 6 1 24 110
8 54 33 44 7 21 0 T 0.0 0 14.4 33 330 M M 3 45 350
9 46 25 36 -1 29 0 T 0.0 0 13.6 39 320 M M 5 52 320
10 44 20 32 -4 33 0 0.00 0.0 0 7.3 14 120 M M 0 19 130
11 48 20 34 -2 31 0 0.00 0.0 0 3.9 10 80 M M 0 13 80
12 62 22 42 6 23 0 0.00 0.0 0 8.1 23 320 M M 1 12 33 340
13 70 26 48 13 17 0 0.00 0.0 0 10.3 29 180 M M 0 37 180
14 64 29 47 12 18 0 0.00 0.0 0 9.4 26 10 M M 0 34 10
15 69 26 48 14 17 0 0.00 0.0 0 7.5 18 180 M M 0 23 170
16 56 21 39 5 26 0 0.00 0.0 0 13.8 33 320 M M 0 42 330
17 55 19 37 4 28 0 0.00 0.0 0 6.4 16 290 M M 0 21 290
18 60 26 43 10 22 0 0.00 0.0 0 3.5 12 240 M M 0 13 240
19 57 26 42 10 23 0 0.05 0.0 0 7.6 18 160 M M 3 1 26 160
20 49 38 44 12 21 0 0.01 0.0 0 9.8 25 330 M M 9 1 35 330
21 46 24 35 3 30 0 0.00 0.0 0 11.0 24 330 M M 0 32 340
22 64 26 45 14 20 0 0.00 0.0 0 11.0 23 10 M M 0 30 360
23 32 12 22 -9 43 0 0.00 0.0 0 9.9 17 20 M M 4 22 20
24 23 9 16 -14 49 0 T T 0 4.5 12 20 M M 4 8 13 150
25 31 18 25 -5 40 0 T T T 7.1 14 260 M M 6 1 18 290
26 36 15 26 -4 39 0 T T T 19.0 33 340 M M 5 1 44 330
27 33 15 24 -5 41 0 0.05 0.7 1 7.5 20 300 M M 4 1 26 290
28 54 15 35 6 30 0 0.00 0.0 T 9.8 23 310 M M 0 29 320
29 54 23 39 11 26 0 0.00 0.0 0 8.4 18 320 M M 0 23 320
30 38 18 28 0 37 0 0.00 0.0 0 9.0 16 330 M M 0 21 330
================================================================================
SM 1539 710 819 0 0.12 0.7 259.0 M 62
================================================================================
AV 51.3 23.7 8.6 FASTST M M 2 MAX(MPH)
MISC ----> 39 320 52 320
================================================================================
NOTES:
# LAST OF SEVERAL OCCURRENCES
COLUMN 17 PEAK WIND IN M.P.H.
PRELIMINARY LOCAL CLIMATOLOGICAL DATA (WS FORM: F-6) , PAGE 2
STATION: PIERRE SD
MONTH: NOVEMBER
YEAR: 2023
LATITUDE: 44 22 N
LONGITUDE: 100 17 W
[TEMPERATURE DATA] [PRECIPITATION DATA] SYMBOLS USED IN COLUMN 16
AVERAGE MONTHLY: 37.5 TOTAL FOR MONTH: 0.12 1 = FOG OR MIST
DPTR FM NORMAL: 3.4 DPTR FM NORMAL: -0.65 2 = FOG REDUCING VISIBILITY
HIGHEST: 70 ON 13 GRTST 24HR 0.06 ON 19-20 TO 1/4 MILE OR LESS
LOWEST: 9 ON 24 3 = THUNDER
SNOW, ICE PELLETS, HAIL 4 = ICE PELLETS
TOTAL MONTH: 0.7 INCH 5 = HAIL
GRTST 24HR 0.7 ON 27-27 6 = FREEZING RAIN OR DRIZZLE
GRTST DEPTH: 1 ON 27 7 = DUSTSTORM OR SANDSTORM:
VSBY 1/2 MILE OR LESS
8 = SMOKE OR HAZE
[NO. OF DAYS WITH] [WEATHER - DAYS WITH] 9 = BLOWING SNOW
X = TORNADO
MAX 32 OR BELOW: 3 0.01 INCH OR MORE: 4
MAX 90 OR ABOVE: 0 0.10 INCH OR MORE: 0
MIN 32 OR BELOW: 25 0.50 INCH OR MORE: 0
MIN 0 OR BELOW: 0 1.00 INCH OR MORE: 0
[HDD (BASE 65) ]
TOTAL THIS MO. 819 CLEAR (SCALE 0-3) 21
DPTR FM NORMAL -109 PTCLDY (SCALE 4-7) 8
TOTAL FM JUL 1 1418 CLOUDY (SCALE 8-10) 1
DPTR FM NORMAL -185
[CDD (BASE 65) ]
TOTAL THIS MO. 0
DPTR FM NORMAL 0 [PRESSURE DATA]
TOTAL FM JAN 1 988 HIGHEST SLP 30.73 ON 24
DPTR FM NORMAL 152 LOWEST SLP 29.52 ON 5
[REMARKS]
#FINAL-11-23#