000
CXUS56 KLOX 011630
CLMPMD
CLIMATE REPORT
NATIONAL WEATHER SERVICE LOS ANGELES/OXNARD
930 AM PDT SAT JUL 01 2023
...................................
...THE PALMDALE AIRPORT CA CLIMATE SUMMARY FOR THE MONTH OF JUNE 2023...
CLIMATE NORMAL PERIOD: 1991 TO 2020
CLIMATE RECORD PERIOD: 1931 TO 2023
WEATHER OBSERVED NORMAL DEPART LAST YEAR`S
VALUE DATE(S) VALUE FROM VALUE
NORMAL
..............................................................
TEMPERATURE (F)
HIGHEST 104 06/30
LOWEST 50 06/06
06/21
06/24
AVG. MAXIMUM 84.0 91.0 -7.0
AVG. MINIMUM 55.8 59.9 -4.1
MEAN 69.9 75.4 -5.5
DAYS MAX >= 90 6
DAYS MAX <= 32 0
DAYS MIN <= 32 0
DAYS MIN <= 0 0
PRECIPITATION (INCHES)
TOTALS 0.00 0.02 -0.02
DAILY AVG. 0.00
DAYS >= .01 0
DAYS >= .10 0
DAYS >= .50 0
DAYS >= 1.00 0
GREATEST
24 HR. TOTAL 0.00 05/31 TO 05/31
STORM TOTAL 0.00
DEGREE DAYS
HEATING TOTAL 12 8 4 0
SINCE 7/1 3193 2777 416 MM
COOLING TOTAL 163 322 -159 406
SINCE 1/1 341 492 -151 MM
..............................................................
WIND (MPH)
AVERAGE WIND SPEED 12.8
HIGHEST WIND SPEED/DIRECTION 37/210 DATE 06/22
HIGHEST GUST SPEED/DIRECTION 48/230 DATE 06/22
SKY COVER
POSSIBLE SUNSHINE (PERCENT) MM
AVERAGE SKY COVER 0.02
NUMBER OF DAYS FAIR 29
NUMBER OF DAYS PC 0
NUMBER OF DAYS CLOUDY 0
AVERAGE RH (PERCENT) 43
WEATHER CONDITIONS. NUMBER OF DAYS WITH
THUNDERSTORM 0 MIXED PRECIP 0
HEAVY RAIN 0 RAIN 0
LIGHT RAIN 0 FREEZING RAIN 0
LT FREEZING RAIN 0 HAIL 0
HEAVY SNOW 0 SNOW 0
LIGHT SNOW 0 SLEET 0
FOG 0 FOG W/VIS <= 1/4 MILE 0
HAZE 1
- INDICATES NEGATIVE NUMBERS.
R INDICATES RECORD WAS SET OR TIED.
MM INDICATES DATA IS MISSING.
T INDICATES TRACE AMOUNT.
$$