000
CXUS54 KOUN 010910
CF6PNC
PRELIMINARY LOCAL CLIMATOLOGICAL DATA (WS FORM: F-6)
STATION: PONCA CITY
MONTH: NOVEMBER
YEAR: 2020
LATITUDE: 36 44 N
LONGITUDE: 97 6 W
TEMPERATURE IN F: :PCPN: SNOW: WIND :SUNSHINE: SKY :PK WND
================================================================================
1 2 3 4 5 6A 6B 7 8 9 10 11 12 13 14 15 16 17 18
12Z AVG MX 2MIN
DY MAX MIN AVG DEP HDD CDD WTR SNW DPTH SPD SPD DIR MIN PSBL S-S WX SPD DR
================================================================================
1 62 36 49 -5 16 0 0.00 M M 5.4 18 30 M M 0 8 21 30
2 71 35 53 -1 12 0 0.00 M M 6.3 17 210 M M 0 8 23 220
3 78 46 62 8 3 0 0.00 M M 7.3 20 220 M M 0 25 210
4 77 51 64 11 1 0 0.00 0.0 0 9.8 20 160 M M 0 24 160
5 75 46 61 8 4 0 0.00 M M 3.2 15 160 M M 0 8 20 160
6 77 52 65 13 0 0 0.00 M M 9.3 21 150 M M 2 128 25 150
7 77 56 67 15 0 2 0.00 M M 13.1 22 160 M M 0 27 160
8 76 60 68 17 0 3 0.00 M M 18.6 31 160 M M 4 39 160
9 75 65 70 19 0 5 0.00 M M 13.0 23 160 M M 8 32 150
10 68 33 51 1 14 0 0.00 M M 8.2 21 300 M M 4 32 300
11 60 30 45 -5 20 0 0.00 M M 5.0 14 110 M M 0 17 110
12 65 33 49 0 16 0 0.00 M M 10.1 23 360 M M 0 28 360
13 56 27 42 -7 23 0 0.00 M M 5.9 17 150 M M 2 22 170
14 78 50 64 16 1 0 0.00 M M 16.3 32 330 M M 4 46 320
15 61 36 49 1 16 0 0.00 M M 6.5 16 310 M M 0 23 310
16 70 37 54 7 11 0 0.00 M M 4.8 16 250 M M 0 23 250
17 72 35 54 7 11 0 0.00 M M 8.8 22 160 M M 0 30 170
18 74 50 62 16 3 0 0.00 M M 15.5 23 170 M M 0 36 190
19 77 60 69 23 0 4 0.00 M M 13.8 26 210 M M 0 37 220
20 71 51 61 15 4 0 0.00 M M 8.1 21 40 M M 5 23 40
21 57 45 51 6 14 0 0.59 M M 9.8 20 50 M M 10 13 24 60
22 56 32 44 0 21 0 0.00 M M 7.0 17 10 M M 7 1 20 360
23 54 31 43 -1 22 0 0.00 M M 11.2 29 160 M M 8 1 36 160
24 57 45 51 7 14 0 0.52 M M 14.9 31 150 M M 10 138 40 150
25 52 33 43 0 22 0 0.01 M M 7.7 20 300 M M 4 8 29 300
26 66 35 51 8 14 0 0.00 M M 9.1 22 150 M M 0 29 150
27 59 31 45 3 20 0 0.00 M M 8.7 20 20 M M 0 26 20
28 50 27 39 -3 26 0 0.00 M M 3.2 10 210 M M 2 14 210
29 52 33 43 2 22 0 0.00 M M 11.7 32 360 M M 6 39 350
30 45 23 34 -7 31 0 0.00 M M 6.9 15 350 M M 0 8 20 350
================================================================================
SM 1968 1224 361 14 1.12 0.0 279.2 M 76
================================================================================
AV 65.6 40.8 9.3 FASTST M M 3 MAX(MPH)
MISC ----> # 32 330 46 320
================================================================================
NOTES:
# LAST OF SEVERAL OCCURRENCES
COLUMN 17 PEAK WIND IN M.P.H.
PRELIMINARY LOCAL CLIMATOLOGICAL DATA (WS FORM: F-6) , PAGE 2
STATION: PONCA CITY
MONTH: NOVEMBER
YEAR: 2020
LATITUDE: 36 44 N
LONGITUDE: 97 6 W
[TEMPERATURE DATA] [PRECIPITATION DATA] SYMBOLS USED IN COLUMN 16
AVERAGE MONTHLY: 53.2 TOTAL FOR MONTH: 1.12 1 = FOG OR MIST
DPTR FM NORMAL: 5.5 DPTR FM NORMAL: -0.69 2 = FOG REDUCING VISIBILITY
HIGHEST: 78 ON 14, 3 GRTST 24HR 0.59 ON 21-21 TO 1/4 MILE OR LESS
LOWEST: 23 ON 30 3 = THUNDER
SNOW, ICE PELLETS, HAIL 4 = ICE PELLETS
TOTAL MONTH: 0.0 INCH 5 = HAIL
GRTST 24HR 0.0 6 = FREEZING RAIN OR DRIZZLE
GRTST DEPTH: 0 7 = DUSTSTORM OR SANDSTORM:
VSBY 1/2 MILE OR LESS
8 = SMOKE OR HAZE
[NO. OF DAYS WITH] [WEATHER - DAYS WITH] 9 = BLOWING SNOW
X = TORNADO
MAX 32 OR BELOW: 0 0.01 INCH OR MORE: 3
MAX 90 OR ABOVE: 0 0.10 INCH OR MORE: 2
MIN 32 OR BELOW: 7 0.50 INCH OR MORE: 2
MIN 0 OR BELOW: 0 1.00 INCH OR MORE: 0
[HDD (BASE 65) ]
TOTAL THIS MO. 361 CLEAR (SCALE 0-3) 19
DPTR FM NORMAL -164 PTCLDY (SCALE 4-7) 9
TOTAL FM JUL 1 683 CLOUDY (SCALE 8-10) 2
DPTR FM NORMAL -78
[CDD (BASE 65) ]
TOTAL THIS MO. 14
DPTR FM NORMAL 10 [PRESSURE DATA]
TOTAL FM JAN 1 1941 HIGHEST SLP 30.59 ON 1
DPTR FM NORMAL 90 LOWEST SLP 29.45 ON 14
[REMARKS]
#FINAL-11-20#