000
CXUS54 KMOB 010644
CF6PNS
PRELIMINARY LOCAL CLIMATOLOGICAL DATA (WS FORM: F-6)
STATION: PENSACOLA
MONTH: AUGUST
YEAR: 2023
LATITUDE: 30 28 N
LONGITUDE: 87 12 W
TEMPERATURE IN F: :PCPN: SNOW: WIND :SUNSHINE: SKY :PK WND
================================================================================
1 2 3 4 5 6A 6B 7 8 9 10 11 12 13 14 15 16 17 18
12Z AVG MX 2MIN
DY MAX MIN AVG DEP HDD CDD WTR SNW DPTH SPD SPD DIR MIN PSBL S-S WX SPD DR
================================================================================
1 99 77 88 4 0 23 0.00 0.0 0 5.4 12 180 M M 1 19 360
2 99 76 88 5 0 23 0.00 0.0 0 5.6 14 170 M M 0 18 160
3 95 78 87 4 0 22 0.00 0.0 0 6.5 15 170 M M 0 20 190
4 99 82 91 8 0 26 0.00 0.0 0 8.8 16 180 M M 1 22 320
5 102 76 89 6 0 24 1.72 0.0 0 7.7 36 110 M M 2 13 47 120
6 97 80 89 6 0 24 0.09 0.0 0 8.1 23 170 M M 1 38 38 170
7 98 84 91 8 0 26 0.00 0.0 0 9.9 21 240 M M 1 8 29 250
8 98 82 90 7 0 25 0.01 0.0 0 8.3 20 290 M M 3 3 25 280
9 97 82 90 7 0 25 0.00 0.0 0 8.6 17 190 M M 1 23 200
10 98 84 91 8 0 26 0.00 0.0 0 10.9 18 230 M M 1 25 280
11 98 84 91 8 0 26 T 0.0 0 10.0 20 240 M M 2 25 250
12 100 83 92 9 0 27 0.00 0.0 0 7.2 21 110 M M 1 3 26 110
13 95 83 89 6 0 24 0.00 0.0 0 5.9 16 190 M M 2 24 210
14 97 83 90 7 0 25 0.00 0.0 0 8.3 17 180 M M 1 22 170
15 99 76 88 5 0 23 0.03 0.0 0 9.7 21 240 M M 1 3 30 240
16 91 75 83 0 0 18 0.00 0.0 0 7.3 13 260 M M 2 18 160
17 95 72 84 1 0 19 0.00 0.0 0 7.2 18 200 M M 1 24 210
18 98 77 88 5 0 23 0.00 0.0 0 7.7 15 180 M M 1 21 280
19 98 81 90 7 0 25 0.00 0.0 0 6.4 15 180 M M 1 20 170
20 97 79 88 5 0 23 T 0.0 0 7.6 15 150 M M 2 21 150
21 95 80 88 5 0 23 0.00 0.0 0 8.8 17 130 M M 0 23 120
22 98 79 89 6 0 24 0.00 0.0 0 6.7 15 180 M M 0 19 170
23 99 81 90 7 0 25 0.00 0.0 0 5.3 15 140 M M 1 23 160
24 94 83 89 6 0 24 0.00 0.0 0 6.1 15 150 M M 0 20 140
25 97 79 88 5 0 23 0.00 0.0 0 7.3 14 200 M M 0 18 19 200
26 105 82 94 11 0 29 0.00 0.0 0 7.1 14 330 M M 0 8 19 10
27 101 80 91 9 0 26 0.28 0.0 0 2.6 20 230 M M 1 3 27 240
28 93 79 86 4 0 21 0.06 0.0 0 5.8 14 90 M M 2 3 21 110
29 89 77 83 1 0 18 0.03 0.0 0 7.2 16 110 M M 2 3 21 120
30 95 75 85 3 0 20 0.00 0.0 0 7.7 17 340 M M 2 3 29 330
31 95 76 86 4 0 21 0.30 0.0 0 6.0 24 110 M M 1 13 31 120
================================================================================
SM 3011 2465 0 731 2.52 0.0 227.7 M 34
================================================================================
AV 97.1 79.5 7.3 FASTST M M 1 MAX(MPH)
MISC ----> 36 110 47 120
================================================================================
NOTES:
# LAST OF SEVERAL OCCURRENCES
COLUMN 17 PEAK WIND IN M.P.H.
PRELIMINARY LOCAL CLIMATOLOGICAL DATA (WS FORM: F-6) , PAGE 2
STATION: PENSACOLA
MONTH: AUGUST
YEAR: 2023
LATITUDE: 30 28 N
LONGITUDE: 87 12 W
[TEMPERATURE DATA] [PRECIPITATION DATA] SYMBOLS USED IN COLUMN 16
AVERAGE MONTHLY: 88.3 TOTAL FOR MONTH: 2.52 1 = FOG OR MIST
DPTR FM NORMAL: 5.3 DPTR FM NORMAL: -4.98 2 = FOG REDUCING VISIBILITY
HIGHEST: 105 ON 26 GRTST 24HR 1.81 ON 5- 6 TO 1/4 MILE OR LESS
LOWEST: 72 ON 17 3 = THUNDER
SNOW, ICE PELLETS, HAIL 4 = ICE PELLETS
TOTAL MONTH: 0.0 INCH 5 = HAIL
GRTST 24HR 0.0 6 = FREEZING RAIN OR DRIZZLE
GRTST DEPTH: 0 7 = DUSTSTORM OR SANDSTORM:
VSBY 1/2 MILE OR LESS
8 = SMOKE OR HAZE
[NO. OF DAYS WITH] [WEATHER - DAYS WITH] 9 = BLOWING SNOW
X = TORNADO
MAX 32 OR BELOW: 0 0.01 INCH OR MORE: 8
MAX 90 OR ABOVE: 30 0.10 INCH OR MORE: 3
MIN 32 OR BELOW: 0 0.50 INCH OR MORE: 1
MIN 0 OR BELOW: 0 1.00 INCH OR MORE: 1
[HDD (BASE 65) ]
TOTAL THIS MO. 0 CLEAR (SCALE 0-3) 31
DPTR FM NORMAL 0 PTCLDY (SCALE 4-7) 0
TOTAL FM JUL 1 0 CLOUDY (SCALE 8-10) 0
DPTR FM NORMAL 0
[CDD (BASE 65) ]
TOTAL THIS MO. 731
DPTR FM NORMAL 173 [PRESSURE DATA]
TOTAL FM JAN 1 2739 HIGHEST SLP M ON M
DPTR FM NORMAL 545 LOWEST SLP 29.65 ON 30
[REMARKS]
#FINAL-08-23#