000
CXUS55 KPAH 010700
CF6POF
PRELIMINARY LOCAL CLIMATOLOGICAL DATA (WS FORM: F-6)
STATION: POPLAR BLUFF MO
MONTH: JUNE
YEAR: 2021
LATITUDE: 36 46 N
LONGITUDE: 90 19 W
TEMPERATURE IN F: :PCPN: SNOW: WIND :SUNSHINE: SKY :PK WND
================================================================================
1 2 3 4 5 6A 6B 7 8 9 10 11 12 13 14 15 16 17 18
12Z AVG MX 2MIN
DY MAX MIN AVG DEP HDD CDD WTR SNW DPTH SPD SPD DIR MIN PSBL S-S WX SPD DR
================================================================================
1 64 62 63 -10 2 0 1.93 M M 4.4 10 50 M M 9 1 16 80
2 70 63 67 -6 0 2 0.15 M M 4.3 10 20 M M 10 13 14 10
3 77 63 70 -4 0 5 0.52 M M 2.5 17 280 M M 6 138 27 290
4 83 59 71 -3 0 6 0.00 M M 1.7 8 140 M M 0 1 11 110
5 85 60 73 -1 0 8 0.01 M M 2.6 15 200 M M 3 18 21 210
6 81 68 75 1 0 10 T M M 6.1 16 150 M M 7 1 23 150
7 79 70 75 0 0 10 0.30 M M 6.0 14 220 M M 8 13 19 210
8 80 68 74 -1 0 9 0.29 M M 6.8 16 190 M M 6 1 22 190
9 84 70 77 2 0 12 0.00 M M 3.7 10 30 M M 7 18 14 180
10 88 70 79 3 0 14 0.05 M M 3.5 16 200 M M 1 13 24 210
11 91 70 81 5 0 16 0.02 M M 3.4 10 30 M M 5 1238 14 40
12 95 73 84 8 0 19 0.00 M M 2.1 7 290 M M 1 18 11 50
13 91 72 82 6 0 17 0.00 M M 6.5 15 10 M M 1 22 20
14 93 65 79 2 0 14 0.00 M M 4.9 9 10 M M 0 8 14 350
15 88 67 78 1 0 13 0.00 M M 4.3 12 360 M M 0 18 16 360
16 90 63 77 0 0 12 0.00 M M 1.6 10 220 M M 1 18 14 210
17 92 67 80 3 0 15 0.00 M M 4.9 14 210 M M 0 18 19 210
18 91 75 83 5 0 18 0.00 M M 9.4 18 200 M M 0 8 25 220
19 90 67 79 1 0 14 0.00 M M 4.8 14 210 M M 0 18 20 240
20 91 73 82 4 0 17 0.00 M M 9.3 21 200 M M 1 8 30 190
21 82 58 70 -8 0 5 0.19 M M 8.4 24 310 M M 3 138 39 310
22 80 54 67 -11 0 2 0.00 M M 4.2 17 360 M M 0 25 360
23 82 54 68 -10 0 3 0.00 M M 3.6 14 210 M M 0 18 21 230
24 89 63 76 -2 0 11 0.00 M M 6.6 16 160 M M 3 18 23 160
25 90 78 84 5 0 19 0.00 M M 12.1 20 190 M M 4 8 29 170
26 89 76 83 4 0 18 0.00 M M 12.7 22 190 M M 5 8 34 190
27 91 73 82 3 0 17 0.01 M M 8.4 17 220 M M 4 1 26 190
28 91 70 81 2 0 16 0.08 M M 3.7 13 190 M M 2 18 19 170
29 92 71 82 3 0 17 0.00 M M 3.2 12 150 M M 1 18 19 160
30 92 71 82 3 0 17 0.08 M M 5.1 18 300 M M 2 13 28 300
================================================================================
SM 2581 2013 2 356 3.63 M 160.8 M 90
================================================================================
AV 86.0 67.1 5.4 FASTST M M 3 MAX(MPH)
MISC ----> 24 310 39 310
================================================================================
NOTES:
# LAST OF SEVERAL OCCURRENCES
COLUMN 17 PEAK WIND IN M.P.H.
PRELIMINARY LOCAL CLIMATOLOGICAL DATA (WS FORM: F-6) , PAGE 2
STATION: POPLAR BLUFF MO
MONTH: JUNE
YEAR: 2021
LATITUDE: 36 46 N
LONGITUDE: 90 19 W
[TEMPERATURE DATA] [PRECIPITATION DATA] SYMBOLS USED IN COLUMN 16
AVERAGE MONTHLY: 76.6 TOTAL FOR MONTH: 3.63 1 = FOG OR MIST
DPTR FM NORMAL: -0.1 DPTR FM NORMAL: -0.11 2 = FOG REDUCING VISIBILITY
HIGHEST: 95 ON 12 GRTST 24HR 1.99 ON 1- 2 TO 1/4 MILE OR LESS
LOWEST: 54 ON 23,22 3 = THUNDER
SNOW, ICE PELLETS, HAIL 4 = ICE PELLETS
TOTAL MONTH: M 5 = HAIL
GRTST 24HR M ON M 6 = FREEZING RAIN OR DRIZZLE
GRTST DEPTH: M ON M 7 = DUSTSTORM OR SANDSTORM:
VSBY 1/2 MILE OR LESS
8 = SMOKE OR HAZE
[NO. OF DAYS WITH] [WEATHER - DAYS WITH] 9 = BLOWING SNOW
X = TORNADO
MAX 32 OR BELOW: 0 0.01 INCH OR MORE: 12
MAX 90 OR ABOVE: 14 0.10 INCH OR MORE: 6
MIN 32 OR BELOW: 0 0.50 INCH OR MORE: 2
MIN 0 OR BELOW: 0 1.00 INCH OR MORE: 1
[HDD (BASE 65) ]
TOTAL THIS MO. 2 CLEAR (SCALE 0-3) 18
DPTR FM NORMAL 1 PTCLDY (SCALE 4-7) 10
TOTAL FM JUL 1 4057 CLOUDY (SCALE 8-10) 2
DPTR FM NORMAL 124
[CDD (BASE 65) ]
TOTAL THIS MO. 356
DPTR FM NORMAL 5 [PRESSURE DATA]
TOTAL FM JAN 1 484 HIGHEST SLP M ON M
DPTR FM NORMAL -56 LOWEST SLP 29.67 ON 21
[REMARKS]
#FINAL-06-21#