000
CXUS55 KALY 010710
CF6POU
PRELIMINARY LOCAL CLIMATOLOGICAL DATA (WS FORM: F-6)
STATION: POUGHKEEPSIE NY
MONTH: MAY
YEAR: 2022
LATITUDE: 41 37 N
LONGITUDE: 73 53 W
TEMPERATURE IN F: :PCPN: SNOW: WIND :SUNSHINE: SKY :PK WND
================================================================================
1 2 3 4 5 6A 6B 7 8 9 10 11 12 13 14 15 16 17 18
12Z AVG MX 2MIN
DY MAX MIN AVG DEP HDD CDD WTR SNW DPTH SPD SPD DIR MIN PSBL S-S WX SPD DR
================================================================================
1 69 34 52 -3 13 0 T M M 2.6 10 170 M M 1 16 170
2 57 50 54 -1 11 0 0.29 M M 3.5 9 350 M M 10 18 12 360
3 63 44 54 -2 11 0 0.00 M M 4.6 15 110 M M 7 12 19 100
4 59 50 55 -1 10 0 0.21 M M 3.5 9 110 M M 10 18 11 110
5 70 47 59 3 6 0 0.00 M M 3.6 18 360 M M 3 8 24 10
6 56 50 53 -3 12 0 0.36 M M 1.3 7 20 M M 8 18 9 350
7 57 47 52 -5 13 0 0.02 M M 10.0 23 40 M M 8 1 30 40
8 62 39 51 -6 14 0 0.00 M M 10.3 22 40 M M 0 30 80
9 73 33 53 -5 12 0 0.00 M M 9.6 22 30 M M 0 30 20
10 74 41 58 0 7 0 0.00 M M 8.6 18 30 M M 0 26 40
11 79 38 59 1 6 0 0.00 M M 5.0 15 20 M M 2 19 10
12 81 48 65 7 0 0 0.00 M M 3.1 14 130 M M 3 18 130
13 81 58 70 11 0 5 0.00 M M 3.1 12 220 M M 7 1 18 210
14 80 59 70 11 0 5 0.02 M M 3.5 10 170 M M 5 18 14 200
15 82 63 73 14 0 8 0.51 M M 3.5 16 240 M M 8 138 24 250
16 80 58 69 9 0 4 0.36 M M 5.8 22 270 M M 5 1238 27 260
17 73 50 62 2 3 0 0.00 M M 10.6 25 290 M M 3 32 270
18 72 47 60 0 5 0 0.00 M M 4.0 15 300 M M 3 21 300
19 63 50 57 -3 8 0 0.29 M M 2.3 10 150 M M 7 12 13 190
20 76 49 63 2 2 0 0.10 M M 3.2 14 140 M M 8 128 18 140
21 92 64 78 17 0 13 0.00 M M 3.5 13 240 M M 4 1 16 180
22 91 65 78 17 0 13 0.40 M M 5.4 25 260 M M 3 138 33 250
23 71 58 65 3 0 0 0.00 M M 8.5 20 20 M M 2 26 340
24 70 53 62 0 3 0 0.00 M M 4.5 12 240 M M 6 17 170
25 75 51 63 1 2 0 0.00 M M 4.0 13 250 M M 3 17 240
26 73 53 63 1 2 0 0.00 M M 6.7 15 170 M M 7 23 180
27 79 64 72 9 0 7 0.11 M M 5.0 14 170 M M 8 13 21 170
28 71 55 63 0 2 0 0.51 M M 2.2 22 320 M M 8 13 33 330
29 78 50 64 1 1 0 0.00 M M 2.1 9 240 M M 1 12 12 250
30 87 54 71 7 0 6 0.00 M M 3.0 13 240 M M 0 15 240
31 93 66 80 16 0 15 0.00 M M 4.4 15 340 M M 1 23 330
================================================================================
SM 2287 1588 143 76 3.18 M 151.0 M 141
================================================================================
AV 73.8 51.2 4.9 FASTST M M 5 MAX(MPH)
MISC ----> # 25 290 # 33 250
================================================================================
NOTES:
# LAST OF SEVERAL OCCURRENCES
COLUMN 17 PEAK WIND IN M.P.H.
PRELIMINARY LOCAL CLIMATOLOGICAL DATA (WS FORM: F-6) , PAGE 2
STATION: POUGHKEEPSIE NY
MONTH: MAY
YEAR: 2022
LATITUDE: 41 37 N
LONGITUDE: 73 53 W
[TEMPERATURE DATA] [PRECIPITATION DATA] SYMBOLS USED IN COLUMN 16
AVERAGE MONTHLY: 62.5 TOTAL FOR MONTH: 3.18 1 = FOG OR MIST
DPTR FM NORMAL: 3.0 DPTR FM NORMAL: -0.29 2 = FOG REDUCING VISIBILITY
HIGHEST: 93 ON 31 GRTST 24HR 0.61 ON 27-28 TO 1/4 MILE OR LESS
LOWEST: 33 ON 9 3 = THUNDER
SNOW, ICE PELLETS, HAIL 4 = ICE PELLETS
TOTAL MONTH: M 5 = HAIL
GRTST 24HR M ON M 6 = FREEZING RAIN OR DRIZZLE
GRTST DEPTH: M ON M 7 = DUSTSTORM OR SANDSTORM:
VSBY 1/2 MILE OR LESS
8 = SMOKE OR HAZE
[NO. OF DAYS WITH] [WEATHER - DAYS WITH] 9 = BLOWING SNOW
X = TORNADO
MAX 32 OR BELOW: 0 0.01 INCH OR MORE: 12
MAX 90 OR ABOVE: 3 0.10 INCH OR MORE: 10
MIN 32 OR BELOW: 0 0.50 INCH OR MORE: 2
MIN 0 OR BELOW: 0 1.00 INCH OR MORE: 0
[HDD (BASE 65) ]
TOTAL THIS MO. 143 CLEAR (SCALE 0-3) 13
DPTR FM NORMAL -63 PTCLDY (SCALE 4-7) 15
TOTAL FM JUL 1 5446 CLOUDY (SCALE 8-10) 3
DPTR FM NORMAL -512
[CDD (BASE 65) ]
TOTAL THIS MO. 76
DPTR FM NORMAL 41 [PRESSURE DATA]
TOTAL FM JAN 1 80 HIGHEST SLP M ON M
DPTR FM NORMAL 40 LOWEST SLP 29.49 ON 16
[REMARKS]
#FINAL-05-22#