000
CXUS56 KFGZ 010910
CF6PRC
PRELIMINARY LOCAL CLIMATOLOGICAL DATA (WS FORM: F-6)
STATION: PRESCOTT AZ AIRPORT
MONTH: MARCH
YEAR: 2023
LATITUDE: 34 39 N
LONGITUDE: 112 26 W
TEMPERATURE IN F: :PCPN: SNOW: WIND :SUNSHINE: SKY :PK WND
================================================================================
1 2 3 4 5 6A 6B 7 8 9 10 11 12 13 14 15 16 17 18
12Z AVG MX 2MIN
DY MAX MIN AVG DEP HDD CDD WTR SNW DPTH SPD SPD DIR MIN PSBL S-S WX SPD DR
================================================================================
1 39 29 34 -11 31 0 0.47 M M 11.5 26 200 M M 10 128 39 200
2 41 25 33 -12 32 0 T M M 4.3 14 240 M M 6 1 17 250
3 46 21 34 -11 31 0 0.00 M M 3.3 13 300 M M 1 12 17 310
4 54 24 39 -6 26 0 0.00 M M 8.0 18 160 M M 0 24 190
5 56 36 46 0 19 0 0.00 M M 9.8 23 230 M M 0 30 190
6 60 36 48 2 17 0 0.00 M M 9.2 20 190 M M 0 29 200
7 59 37 48 2 17 0 0.00 M M 8.3 21 230 M M 0 27 230
8 59 29 44 -2 21 0 0.00 M M 8.4 22 210 M M 0 30 170
9 62 29 46 0 19 0 0.00 M M 4.8 17 120 M M 1 23 150
10 62 37 50 3 15 0 T M M 9.2 21 230 M M 5 25 250
11 62 45 54 7 11 0 T M M 13.9 28 240 M M 4 37 260
12 63 38 51 4 14 0 0.00 M M 9.0 23 240 M M 0 29 250
13 62 37 50 3 15 0 0.00 M M 8.9 22 240 M M 0 27 230
14 61 35 48 0 17 0 T M M 8.8 23 230 M M 2 32 220
15 52 38 45 -3 20 0 0.50 M M 9.0 36 290 M M 10 13 42 290
16 54 33 44 -4 21 0 0.00 M M 5.6 17 340 M M 6 21 320
17 54 29 42 -6 23 0 0.00 M M 4.2 15 320 M M 1 19 310
18 56 27 42 -6 23 0 0.00 M M 5.3 17 150 M M 0 21 110
19 51 39 45 -3 20 0 T M M 11.6 24 150 M M 5 31 150
20 49 42 46 -3 19 0 T M M 7.9 18 200 M M 9 26 220
21 47 40 44 -5 21 0 0.82 M M 12.1 24 200 M M 10 1 36 190
22 50 32 41 -8 24 0 0.18 M M 15.7 32 210 M M 6 1 45 210
23 50 28 39 -10 26 0 T M M 8.6 21 220 M M 5 28 230
24 52 29 41 -9 24 0 0.04 M M 9.0 21 230 M M 5 1 26 260
25 52 26 39 -11 26 0 0.00 M M 6.5 20 240 M M 3 26 240
26 51 23 37 -13 28 0 0.00 M M 7.0 24 240 M M 0 29 260
27 55 25 40 -10 25 0 0.00 M M 6.3 16 10 M M 0 22 20
28 65 27 46 -4 19 0 0.00 M M 5.7 18 220 M M 0 23 220
29 62 37 50 0 15 0 0.00 M M 13.2 26 210 M M 1 38 200
30 48 34 41 -9 24 0 0.04 M M 13.8 26 240 M M 7 15 38 240
31 57 25 41 -10 24 0 0.00 M M 3.6 13 250 M M 0 15 250
================================================================================
SM 1691 992 667 0 2.05 M 262.5 M 97
================================================================================
AV 54.5 32.0 8.5 FASTST M M 3 MAX(MPH)
MISC ----> 36 290 45 210
================================================================================
NOTES:
# LAST OF SEVERAL OCCURRENCES
COLUMN 17 PEAK WIND IN M.P.H.
PRELIMINARY LOCAL CLIMATOLOGICAL DATA (WS FORM: F-6) , PAGE 2
STATION: PRESCOTT AZ AIRPORT
MONTH: MARCH
YEAR: 2023
LATITUDE: 34 39 N
LONGITUDE: 112 26 W
[TEMPERATURE DATA] [PRECIPITATION DATA] SYMBOLS USED IN COLUMN 16
AVERAGE MONTHLY: 43.3 TOTAL FOR MONTH: 2.05 1 = FOG OR MIST
DPTR FM NORMAL: -4.5 DPTR FM NORMAL: 1.09 2 = FOG REDUCING VISIBILITY
HIGHEST: 65 ON 28 GRTST 24HR 0.92 ON 21-22 TO 1/4 MILE OR LESS
LOWEST: 21 ON 3 3 = THUNDER
SNOW, ICE PELLETS, HAIL 4 = ICE PELLETS
TOTAL MONTH: M 5 = HAIL
GRTST 24HR M ON M 6 = FREEZING RAIN OR DRIZZLE
GRTST DEPTH: M ON M 7 = DUSTSTORM OR SANDSTORM:
VSBY 1/2 MILE OR LESS
8 = SMOKE OR HAZE
[NO. OF DAYS WITH] [WEATHER - DAYS WITH] 9 = BLOWING SNOW
X = TORNADO
MAX 32 OR BELOW: 0 0.01 INCH OR MORE: 6
MAX 90 OR ABOVE: 0 0.10 INCH OR MORE: 4
MIN 32 OR BELOW: 16 0.50 INCH OR MORE: 2
MIN 0 OR BELOW: 0 1.00 INCH OR MORE: 0
[HDD (BASE 65) ]
TOTAL THIS MO. 667 CLEAR (SCALE 0-3) 17
DPTR FM NORMAL 134 PTCLDY (SCALE 4-7) 10
TOTAL FM JUL 1 3994 CLOUDY (SCALE 8-10) 4
DPTR FM NORMAL 433
[CDD (BASE 65) ]
TOTAL THIS MO. 0
DPTR FM NORMAL 0 [PRESSURE DATA]
TOTAL FM JAN 1 0 HIGHEST SLP M ON M
DPTR FM NORMAL 0 LOWEST SLP 29.50 ON 1
[REMARKS]
#FINAL-03-23#