000
CXUS54 KFWD 010731
CF6PSN
PRELIMINARY LOCAL CLIMATOLOGICAL DATA (WS FORM: F-6)
STATION: PALESTINE
MONTH: SEPTEMBER
YEAR: 2022
LATITUDE: 31 46 N
LONGITUDE: 95 42 W
TEMPERATURE IN F: :PCPN: SNOW: WIND :SUNSHINE: SKY :PK WND
================================================================================
1 2 3 4 5 6A 6B 7 8 9 10 11 12 13 14 15 16 17 18
12Z AVG MX 2MIN
DY MAX MIN AVG DEP HDD CDD WTR SNW DPTH SPD SPD DIR MIN PSBL S-S WX SPD DR
================================================================================
1 93 73 83 3 0 18 0.23 M M 2.7 10 320 M M 2 13 30 330
2 86 73 80 0 0 15 0.01 M M 1.7 9 310 M M 2 1 M M
3 90 73 82 2 0 17 0.00 M M 2.7 12 180 M M 2 1 17 180
4 90 66 78 -1 0 13 0.06 M M 2.9 18 330 M M 0 18 38 330
5 91 64 78 -1 0 13 0.00 M M 2.8 10 210 M M 0 13 99
6 93 72 83 4 0 18 0.00 M M 4.3 12 210 M M 0 15 170
7 91 68 80 1 0 15 0.18 M M 3.7 13 50 M M 0 1 38 50
8 90 70 80 2 0 15 0.00 M M 5.3 10 40 M M 0 1 17 360
9 90 70 80 2 0 15 0.00 M M 5.9 12 40 M M 0 14 20
10 91 63 77 -1 0 12 0.00 M M 2.4 9 10 M M 0 8 13 350
11 88 66 77 0 0 12 0.00 M M 5.0 14 10 M M 0 1 18 340
12 86 64 75 -2 0 10 0.00 M M 3.8 9 360 M M 0 13 50
13 91 64 78 1 0 13 0.00 M M 4.7 7 110 M M 1 15 90
14 90 64 77 1 0 12 0.00 M M 6.7 13 50 M M 1 16 80
15 91 64 78 2 0 13 0.00 M M 5.4 10 90 M M 0 8 15 99
16 91 66 79 3 0 14 0.00 M M 5.3 10 160 M M 3 8 16 120
17 93 72 83 7 0 18 0.00 M M 5.6 13 210 M M 4 1 15 210
18 97 70 84 9 0 19 0.00 M M 3.3 9 100 M M 2 16 170
19 97 72 85 10 0 20 0.00 M M 3.2 8 200 M M 1 15 200
20 99 70 85 10 0 20 0.00 M M 3.4 10 150 M M 1 13 230
21 99 68 84 10 0 19 0.00 M M 1.7 8 200 M M 1 8 M M
22 99 66 83 9 0 18 0.00 M M 3.5 9 310 M M 2 21 350
23 100 73 87 13 0 22 0.00 M M 5.8 12 200 M M 2 17 100
24 97 70 84 11 0 19 0.00 M M 4.1 9 260 M M 2 1 18 230
25 97 64 81 8 0 16 0.00 M M 4.0 9 340 M M 0 15 260
26 88 55 72 -1 0 7 0.00 M M 8.7 15 60 M M 1 22 10
27 90 48 69 -3 0 4 0.00 M M 4.4 12 50 M M 3 8 20 80
28 90 59 75 3 0 10 0.00 M M 2.4 7 340 M M 0 15 0
29 84 61 73 1 0 8 0.00 M M 6.2 9 60 M M 2 17 90
30 84 54 69 -2 0 4 0.00 M M 5.9 9 40 M M 3 16 20
================================================================================
SM 2756 1982 0 429 0.48 M 127.5 M 35
================================================================================
AV 91.9 66.1 4.2 FASTST M M 1 MAX(MPH)
MISC ----> 18 330 38 330
================================================================================
NOTES:
# LAST OF SEVERAL OCCURRENCES
COLUMN 17 PEAK WIND IN M.P.H.
PRELIMINARY LOCAL CLIMATOLOGICAL DATA (WS FORM: F-6) , PAGE 2
STATION: PALESTINE
MONTH: SEPTEMBER
YEAR: 2022
LATITUDE: 31 46 N
LONGITUDE: 95 42 W
[TEMPERATURE DATA] [PRECIPITATION DATA] SYMBOLS USED IN COLUMN 16
AVERAGE MONTHLY: 79.0 TOTAL FOR MONTH: 0.48 1 = FOG OR MIST
DPTR FM NORMAL: 3.1 DPTR FM NORMAL: -2.73 2 = FOG REDUCING VISIBILITY
HIGHEST: 100 ON 23 GRTST 24HR 0.23 ON 1- 1 TO 1/4 MILE OR LESS
LOWEST: 48 ON 27 3 = THUNDER
SNOW, ICE PELLETS, HAIL 4 = ICE PELLETS
TOTAL MONTH: M 5 = HAIL
GRTST 24HR M ON M 6 = FREEZING RAIN OR DRIZZLE
GRTST DEPTH: M ON M 7 = DUSTSTORM OR SANDSTORM:
VSBY 1/2 MILE OR LESS
8 = SMOKE OR HAZE
[NO. OF DAYS WITH] [WEATHER - DAYS WITH] 9 = BLOWING SNOW
X = TORNADO
MAX 32 OR BELOW: 0 0.01 INCH OR MORE: 4
MAX 90 OR ABOVE: 24 0.10 INCH OR MORE: 2
MIN 32 OR BELOW: 0 0.50 INCH OR MORE: 0
MIN 0 OR BELOW: 0 1.00 INCH OR MORE: 0
[HDD (BASE 65) ]
TOTAL THIS MO. 0 CLEAR (SCALE 0-3) 28
DPTR FM NORMAL -6 PTCLDY (SCALE 4-7) 2
TOTAL FM JUL 1 0 CLOUDY (SCALE 8-10) 0
DPTR FM NORMAL -4
[CDD (BASE 65) ]
TOTAL THIS MO. 429
DPTR FM NORMAL 94 [PRESSURE DATA]
TOTAL FM JAN 1 2909 HIGHEST SLP M ON M
DPTR FM NORMAL 740 LOWEST SLP M ON M
[REMARKS]
#FINAL-09-22#