000
CXUS54 KHGX 012238
CF6PSX
PRELIMINARY LOCAL CLIMATOLOGICAL DATA (WS FORM: F-6)
STATION: PALACIOS
MONTH: AUGUST
YEAR: 2023
LATITUDE: 28 43 N
LONGITUDE: 96 15 W
TEMPERATURE IN F: :PCPN: SNOW: WIND :SUNSHINE: SKY :PK WND
================================================================================
1 2 3 4 5 6A 6B 7 8 9 10 11 12 13 14 15 16 17 18
12Z AVG MX 2MIN
DY MAX MIN AVG DEP HDD CDD WTR SNW DPTH SPD SPD DIR MIN PSBL S-S WX SPD DR
================================================================================
1 96 82 89 3 0 24 0.00 0.0 0 8.3 16 180 M M 1 23 160
2 96 78 87 1 0 22 0.00 0.0 0 8.7 18 160 M M 0 26 150
3 96 86 91 5 0 26 0.00 0.0 0 10.2 17 170 M M 1 24 180
4 95 87 91 5 0 26 0.00 0.0 0 12.7 20 160 M M 1 27 160
5 95 87 91 5 0 26 0.00 0.0 0 12.1 18 180 M M 2 26 190
6 95 87 91 5 0 26 0.00 0.0 0 13.1 20 170 M M 3 27 180
7 95 87 91 5 0 26 0.00 0.0 0 13.9 20 160 M M 3 27 180
8 95 86 91 5 0 26 0.00 0.0 0 13.5 21 160 M M 2 27 150
9 95 87 91 5 0 26 0.00 0.0 0 17.4 23 160 M M 4 34 150
10 95 87 91 5 0 26 0.00 0.0 0 14.5 23 170 M M 3 31 160
11 95 87 91 5 0 26 0.00 0.0 0 13.9 21 150 M M 3 28 160
12 96 86 91 5 0 26 0.00 0.0 0 14.1 20 170 M M 3 29 200
13 96 86 91 5 0 26 0.00 0.0 0 12.4 17 160 M M 3 24 160
14 97 86 92 6 0 27 0.00 0.0 0 10.5 18 170 M M 1 25 170
15 99 82 91 5 0 26 0.00 0.0 0 9.9 18 190 M M 1 25 170
16 100 79 90 4 0 25 0.00 0.0 0 8.2 20 140 M M 0 25 130
17 94 82 88 2 0 23 0.00 0.0 0 11.8 20 180 M M 0 27 190
18 95 85 90 4 0 25 0.00 0.0 0 11.6 17 170 M M 1 26 190
19 96 82 89 3 0 24 0.00 0.0 0 10.0 18 180 M M 1 25 170
20 100 80 90 4 0 25 0.00 0.0 0 9.0 17 180 M M 1 22 170
21 99 81 90 4 0 25 0.00 0.0 0 9.7 21 90 M M 1 28 100
22 92 82 87 2 0 22 0.02 0.0 0 18.3 35 100 M M 3 18 46 100
23 93 82 88 3 0 23 0.00 0.0 0 8.5 13 140 M M 0 8 19 110
24 100 78 89 4 0 24 0.00 0.0 0 5.5 9 320 M M 1 1 12 340
25 97 83 90 5 0 25 0.00 0.0 0 13.8 22 140 M M 0 28 140
26 98 76 87 2 0 22 0.00 0.0 0 7.6 18 170 M M 1 1 24 140
27 101 75 88 3 0 23 0.00 0.0 0 9.3 22 350 M M 1 1 37 360
28 101 78 90 5 0 25 0.00 0.0 0 7.7 18 150 M M 1 23 180
29 101 78 90 5 0 25 0.00 0.0 0 7.7 23 360 M M 1 1 35 20
30 102 69 86 2 0 21 0.00 0.0 0 9.1 22 360 M M 0 30 360
31 98 73 86 2 0 21 0.00 0.0 0 7.6 20 140 M M 1 25 150
================================================================================
SM 3003 2544 0 763 0.02 0.0 340.6 M 44
================================================================================
AV 96.9 82.1 11.0 FASTST M M 1 MAX(MPH)
MISC ----> 35 100 46 100
================================================================================
NOTES:
# LAST OF SEVERAL OCCURRENCES
COLUMN 17 PEAK WIND IN M.P.H.
PRELIMINARY LOCAL CLIMATOLOGICAL DATA (WS FORM: F-6) , PAGE 2
STATION: PALACIOS
MONTH: AUGUST
YEAR: 2023
LATITUDE: 28 43 N
LONGITUDE: 96 15 W
[TEMPERATURE DATA] [PRECIPITATION DATA] SYMBOLS USED IN COLUMN 16
AVERAGE MONTHLY: 89.5 TOTAL FOR MONTH: 0.02 1 = FOG OR MIST
DPTR FM NORMAL: 3.9 DPTR FM NORMAL: -3.89 2 = FOG REDUCING VISIBILITY
HIGHEST: 102 ON 30 GRTST 24HR 0.02 ON 22-22 TO 1/4 MILE OR LESS
LOWEST: 69 ON 30 3 = THUNDER
SNOW, ICE PELLETS, HAIL 4 = ICE PELLETS
TOTAL MONTH: 0.0 INCH 5 = HAIL
GRTST 24HR 0.0 6 = FREEZING RAIN OR DRIZZLE
GRTST DEPTH: 0 7 = DUSTSTORM OR SANDSTORM:
VSBY 1/2 MILE OR LESS
8 = SMOKE OR HAZE
[NO. OF DAYS WITH] [WEATHER - DAYS WITH] 9 = BLOWING SNOW
X = TORNADO
MAX 32 OR BELOW: 0 0.01 INCH OR MORE: 1
MAX 90 OR ABOVE: 31 0.10 INCH OR MORE: 0
MIN 32 OR BELOW: 0 0.50 INCH OR MORE: 0
MIN 0 OR BELOW: 0 1.00 INCH OR MORE: 0
[HDD (BASE 65) ]
TOTAL THIS MO. 0 CLEAR (SCALE 0-3) 29
DPTR FM NORMAL 0 PTCLDY (SCALE 4-7) 2
TOTAL FM JUL 1 0 CLOUDY (SCALE 8-10) 0
DPTR FM NORMAL 0
[CDD (BASE 65) ]
TOTAL THIS MO. 763
DPTR FM NORMAL 123 [PRESSURE DATA]
TOTAL FM JAN 1 2993 HIGHEST SLP 30.08 ON 1
DPTR FM NORMAL 398 LOWEST SLP 29.73 ON 27
[REMARKS]
#FINAL-08-23#