000
CXUS55 KPUB 011605
CF6PUB
PRELIMINARY LOCAL CLIMATOLOGICAL DATA (WS FORM: F-6)
STATION: PUEBLO CO
MONTH: NOVEMBER
YEAR: 2022
LATITUDE: 38 16 N
LONGITUDE: 104 31 W
TEMPERATURE IN F: :PCPN: SNOW: WIND :SUNSHINE: SKY :PK WND
================================================================================
1 2 3 4 5 6A 6B 7 8 9 10 11 12 13 14 15 16 17 18
12Z AVG MX 2MIN
DY MAX MIN AVG DEP HDD CDD WTR SNW DPTH SPD SPD DIR MIN PSBL S-S WX SPD DR
================================================================================
1 78 29 54 8 11 0 0.00 0.0 0 6.1 20 160 M M 0 24 160
2 77 38 58 12 7 0 0.00 0.0 0 7.2 17 210 M M 0 23 220
3 66 37 52 7 13 0 T 0.0 0 10.7 30 20 M M 3 40 20
4 50 23 37 -8 28 0 0.00 0.0 0 4.5 14 50 M M 5 18 60
5 70 20 45 0 20 0 0.00 0.0 0 18.5 39 270 M M 0 53 280
6 58 33 46 2 19 0 0.00 0.0 0 7.9 16 70 M M 3 21 120
7 58 30 44 0 21 0 0.00 0.0 0 3.5 12 40 M M 0 14 40
8 79 25 52 9 13 0 0.00 0.0 0 7.9 24 200 M M 0 31 190
9 78 48 63 20 2 0 0.00 0.0 0 17.8 40 290 M M 0 53 280
10 57 33 45 2 20 0 0.00 0.0 0 14.6 32 280 M M 1 41 270
11 40 18 29 -13 36 0 T 0.1 0 6.5 15 140 M M 6 18 140
12 49 8 29 -13 36 0 0.00 0.0 0 4.8 13 100 M M 0 16 120
13 61 12 37 -5 28 0 0.00 0.0 0 8.9 26 20 M M 2 35 10
14 38 27 33 -8 32 0 0.01 0.1 T 5.1 23 20 M M 9 1 30 20
15 38 14 26 -15 39 0 T T 0 4.8 13 40 M M 6 16 50
16 45 10 28 -12 37 0 0.00 0.0 0 6.4 12 360 M M 1 16 140
17 43 14 29 -11 36 0 0.01 0.2 0 9.4 24 50 M M 5 1 32 50
18 22 6 14 -25 51 0 0.05 2.1 2 5.1 16 100 M M 8 1 19 100
19 43 1 22 -17 43 0 0.00 0.0 T 6.2 14 270 M M 0 16 260
20 56 3 30 -9 35 0 0.00 0.0 0 4.7 15 140 M M 0 21 130
21 56 11 34 -4 31 0 0.00 0.0 0 4.6 12 280 M M 0 12 100
22 58 13 36 -2 29 0 0.00 0.0 0 4.3 10 140 M M 0 13 120
23 63 12 38 1 27 0 0.00 0.0 0 12.3 36 10 M M 1 47 10
24 47 24 36 -1 29 0 0.00 0.0 0 15.5 32 10 M M 5 47 350
25 58 12 35 -2 30 0 0.00 0.0 0 4.9 14 100 M M 0 16 100
26 69 16 43 7 22 0 0.00 0.0 0 9.4 29 30 M M 1 37 30
27 52 24 38 2 27 0 0.01 0.1 T 5.3 14 190 M M 4 1 19 190
28 62 20 41 5 24 0 0.00 0.0 0 6.9 25 10 M M 0 32 10
29 34 5 20 -15 45 0 0.11 1.5 0 5.9 28 20 M M 4 12 36 20
30 35 1 18 -17 47 0 0.00 0.0 0 3.2 9 290 M M 1 12 12 280
================================================================================
SM 1640 567 838 0 0.19 4.1 232.9 M 65
================================================================================
AV 54.7 18.9 7.8 FASTST M M 2 MAX(MPH)
MISC ----> 40 290 #53 280
================================================================================
NOTES:
# LAST OF SEVERAL OCCURRENCES
COLUMN 17 PEAK WIND IN M.P.H.
PRELIMINARY LOCAL CLIMATOLOGICAL DATA (WS FORM: F-6) , PAGE 2
STATION: PUEBLO CO
MONTH: NOVEMBER
YEAR: 2022
LATITUDE: 38 16 N
LONGITUDE: 104 31 W
[TEMPERATURE DATA] [PRECIPITATION DATA] SYMBOLS USED IN COLUMN 16
AVERAGE MONTHLY: 36.8 TOTAL FOR MONTH: 0.19 1 = FOG OR MIST
DPTR FM NORMAL: -3.7 DPTR FM NORMAL: -0.28 2 = FOG REDUCING VISIBILITY
HIGHEST: 79 ON 8 GRTST 24HR 0.11 ON 29 TO 1/4 MILE OR LESS
LOWEST: 1 ON 30,19 3 = THUNDER
SNOW, ICE PELLETS, HAIL 4 = ICE PELLETS
TOTAL MONTH: 4.1 INCHES 5 = HAIL
GRTST 24HR 2.3 ON 17-18 6 = FREEZING RAIN OR DRIZZLE
GRTST DEPTH: 2 ON 18 7 = DUSTSTORM OR SANDSTORM:
VSBY 1/2 MILE OR LESS
8 = SMOKE OR HAZE
[NO. OF DAYS WITH] [WEATHER - DAYS WITH] 9 = BLOWING SNOW
X = TORNADO
MAX 32 OR BELOW: 1 0.01 INCH OR MORE: 5
MAX 90 OR ABOVE: 0 0.10 INCH OR MORE: 1
MIN 32 OR BELOW: 25 0.50 INCH OR MORE: 0
MIN 0 OR BELOW: 0 1.00 INCH OR MORE: 0
[HDD (BASE 65) ]
TOTAL THIS MO. 838 CLEAR (SCALE 0-3) 21
DPTR FM NORMAL 102 PTCLDY (SCALE 4-7) 7
TOTAL FM JUL 1 1184 CLOUDY (SCALE 8-10) 2
DPTR FM NORMAL -11
[CDD (BASE 65) ]
TOTAL THIS MO. 0
DPTR FM NORMAL 0 [PRESSURE DATA]
TOTAL FM JAN 1 1361 HIGHEST SLP 30.59 ON 19
DPTR FM NORMAL 282 LOWEST SLP 29.36 ON 28
[REMARKS]
#FINAL-11-22#