000
CXUS55 KPUB 011525
CLMPUB
CLIMATE REPORT
NATIONAL WEATHER SERVICE
925 AM MDT FRI SEP 01 2023
...................................
...THE PUEBLO CO CLIMATE SUMMARY FOR THE MONTH OF AUGUST 2023...
CLIMATE NORMAL PERIOD 1991 TO 2020
CLIMATE RECORD PERIOD 1888 TO 2023
WEATHER OBSERVED NORMAL DEPART LAST YEAR`S
VALUE DATE(S) VALUE FROM VALUE DATE(S)
NORMAL
................................................................
TEMPERATURE (F)
RECORD
HIGH 105 08/02/2008
LOW 39 08/26/1910
HIGHEST 102 08/16 91 11 102 08/02
08/18
08/05
LOWEST 53 08/30 55 -2 52 08/24
AVG. MAXIMUM 92.4 90.2 2.2 93.3
AVG. MINIMUM 61.4 59.4 2.0 60.6
MEAN 76.9 74.8 2.1 77.0
DAYS MAX >= 90 21 19.4 1.6
DAYS MAX <= 32 0 0.0 0.0
DAYS MIN <= 32 0 0.0 0.0
DAYS MIN <= 0 0 0.0 0.0
PRECIPITATION (INCHES)
RECORD
MAXIMUM 5.85 1955
MINIMUM T 1900
TOTALS 0.91 2.11 -1.20 0.64
DAILY AVG. 0.03 0.07 -0.04
DAYS >= .01 7 8.8 -1.8
DAYS >= .10 3 4.6 -1.6
DAYS >= .50 1 1.1 -0.1
DAYS >= 1.00 0 0.4 -0.4
GREATEST
24 HR. TOTAL 0.56 08/05 TO 08/06
SNOWFALL (INCHES)
RECORDS
TOTAL T 2020
TOTALS 0.0 0.0 0.0 0.0
SINCE 7/1 T 0.0 0.0 MM
SNOWDEPTH AVG. 0
DAYS >= 1.0 0 0.0 0.0
GREATEST
SNOW DEPTH 0 0
24 HR TOTAL 0.0 0.0
DEGREE DAYS
HEATING TOTAL 0 3 -3 0
SINCE 7/1 0 1 -1 MM
COOLING TOTAL 376 307 69 377
SINCE 1/1 976 955 21 MM
................................................................
WIND (MPH)
AVERAGE WIND SPEED 8.6
HIGHEST WIND SPEED/DIRECTION 47/280 DATE 08/03
HIGHEST GUST SPEED/DIRECTION 66/270 DATE 08/03
SKY COVER
POSSIBLE SUNSHINE (PERCENT) MM
AVERAGE SKY COVER 0.16
NUMBER OF DAYS FAIR 25
NUMBER OF DAYS PC 5
NUMBER OF DAYS CLOUDY 1
AVERAGE RH (PERCENT) 48
WEATHER CONDITIONS. NUMBER OF DAYS WITH
THUNDERSTORM 10 MIXED PRECIP 0
HEAVY RAIN 2 RAIN 6
LIGHT RAIN 9 FREEZING RAIN 0
LT FREEZING RAIN 0 HAIL 0
HEAVY SNOW 0 SNOW 0
LIGHT SNOW 0 SLEET 0
FOG 3 FOG W/VIS <= 1/4 MILE 0
HAZE 0
- INDICATES NEGATIVE NUMBERS.
R INDICATES RECORD WAS SET OR TIED.
MM INDICATES DATA IS MISSING.
T INDICATES TRACE AMOUNT.
$$