000
CXUS51 KBOX 011218
CF6PVD
PRELIMINARY LOCAL CLIMATOLOGICAL DATA (WS FORM: F-6)
STATION: PROVIDENCE RI
MONTH: OCTOBER
YEAR: 2022
LATITUDE: 41 43 N
LONGITUDE: 71 26 W
TEMPERATURE IN F: :PCPN: SNOW: WIND :SUNSHINE: SKY :PK WND
================================================================================
1 2 3 4 5 6A 6B 7 8 9 10 11 12 13 14 15 16 17 18
12Z AVG MX 2MIN
DY MAX MIN AVG DEP HDD CDD WTR SNW DPTH SPD SPD DIR MIN PSBL S-S WX SPD DR
================================================================================
1 57 51 54 -6 11 0 0.60 0.0 0 10.4 20 30 M M 8 1 24 30
2 58 50 54 -6 11 0 0.00 0.0 0 19.9 33 30 M M 10 41 50
3 55 50 53 -6 12 0 T 0.0 0 17.0 29 50 M M 8 36 40
4 57 52 55 -4 10 0 0.48 0.0 0 16.9 25 30 M M 9 1 32 40
5 60 55 58 0 7 0 0.69 0.0 0 13.8 22 20 M M 10 1 27 10
6 76 55 66 8 0 1 0.01 0.0 0 6.5 13 340 M M 5 1 16 360
7 77 52 65 7 0 0 0.00 0.0 0 6.9 18 320 M M 3 1 25 320
8 61 44 53 -4 12 0 0.10 0.0 0 7.2 13 300 M M 5 1 18 320
9 62 38 50 -7 15 0 0.00 0.0 0 8.2 18 230 M M 1 23 250
10 66 42 54 -2 11 0 0.00 0.0 0 5.0 17 240 M M 5 26 250
11 68 45 57 1 8 0 0.00 0.0 0 5.3 12 280 M M 2 1 17 240
12 73 50 62 6 3 0 0.00 0.0 0 7.4 20 190 M M 4 1 24 230
13 67 52 60 5 5 0 0.88 0.0 0 12.3 22 160 M M 8 1 29 150
14 73 50 62 7 3 0 0.75 0.0 0 8.4 24 120 M M 9 18 31 130
15 71 47 59 4 6 0 0.00 0.0 0 5.1 10 280 M M 1 13 270
16 70 46 58 4 7 0 0.00 0.0 0 2.5 10 170 M M 3 13 150
17 65 47 56 2 9 0 0.21 0.0 0 5.5 20 180 M M 7 1 26 180
18 66 43 55 1 10 0 0.14 0.0 0 7.4 20 200 M M 6 1 24 200
19 55 38 47 -6 18 0 0.00 0.0 0 8.7 21 250 M M 2 26 220
20 58 38 48 -5 17 0 0.00 0.0 0 8.2 22 230 M M 2 30 240
21 65 37 51 -2 14 0 0.00 0.0 0 3.8 16 200 M M 1 20 190
22 66 39 53 1 12 0 0.00 0.0 0 4.4 15 160 M M 3 1 19 160
23 60 47 54 2 11 0 0.07 0.0 0 7.0 14 20 M M 8 19 360
24 59 52 56 4 9 0 0.84 0.0 0 7.6 14 10 M M 10 13 17 10
25 70 57 64 13 1 0 0.91 0.0 0 4.6 9 40 M M 10 12 11 30
26 74 63 69 18 0 4 0.17 0.0 0 4.9 12 240 M M 9 1 15 230
27 69 47 58 7 7 0 0.00 0.0 0 11.9 21 350 M M 1 26 10
28 56 40 48 -2 17 0 0.00 0.0 0 10.4 17 20 M M 5 22 10
29 62 37 50 0 15 0 0.00 0.0 0 5.3 14 10 M M 1 16 20
30 64 32 48 -2 17 0 0.00 0.0 0 3.3 10 140 M M 2 1 12 150
31 63 39 51 2 14 0 T 0.0 0 5.3 14 150 M M 9 1 17 160
================================================================================
SM 2003 1435 292 5 5.85 0.0 251.1 M 167
================================================================================
AV 64.6 46.3 8.1 FASTST M M 5 MAX(MPH)
MISC ----> 33 30 41 50
================================================================================
NOTES:
# LAST OF SEVERAL OCCURRENCES
COLUMN 17 PEAK WIND IN M.P.H.
PRELIMINARY LOCAL CLIMATOLOGICAL DATA (WS FORM: F-6) , PAGE 2
STATION: PROVIDENCE RI
MONTH: OCTOBER
YEAR: 2022
LATITUDE: 41 43 N
LONGITUDE: 71 26 W
[TEMPERATURE DATA] [PRECIPITATION DATA] SYMBOLS USED IN COLUMN 16
AVERAGE MONTHLY: 55.5 TOTAL FOR MONTH: 5.85 1 = FOG OR MIST
DPTR FM NORMAL: 1.1 DPTR FM NORMAL: 1.67 2 = FOG REDUCING VISIBILITY
HIGHEST: 77 ON 7 GRTST 24HR 1.63 ON 13-14 TO 1/4 MILE OR LESS
LOWEST: 32 ON 30 3 = THUNDER
SNOW, ICE PELLETS, HAIL 4 = ICE PELLETS
TOTAL MONTH: 0.0 INCH 5 = HAIL
GRTST 24HR 0.0 6 = FREEZING RAIN OR DRIZZLE
GRTST DEPTH: 0 7 = DUSTSTORM OR SANDSTORM:
VSBY 1/2 MILE OR LESS
8 = SMOKE OR HAZE
[NO. OF DAYS WITH] [WEATHER - DAYS WITH] 9 = BLOWING SNOW
X = TORNADO
MAX 32 OR BELOW: 0 0.01 INCH OR MORE: 13
MAX 90 OR ABOVE: 0 0.10 INCH OR MORE: 11
MIN 32 OR BELOW: 1 0.50 INCH OR MORE: 6
MIN 0 OR BELOW: 0 1.00 INCH OR MORE: 0
[HDD (BASE 65) ]
TOTAL THIS MO. 292 CLEAR (SCALE 0-3) 12
DPTR FM NORMAL -44 PTCLDY (SCALE 4-7) 11
TOTAL FM JUL 1 351 CLOUDY (SCALE 8-10) 8
DPTR FM NORMAL -61
[CDD (BASE 65) ]
TOTAL THIS MO. 5
DPTR FM NORMAL -4 [PRESSURE DATA]
TOTAL FM JAN 1 1026 HIGHEST SLP 30.55 ON 28
DPTR FM NORMAL 214 LOWEST SLP 29.55 ON 18
[REMARKS]
#FINAL-10-22#