000
CXUS54 KOUN 010910
CF6PWA
PRELIMINARY LOCAL CLIMATOLOGICAL DATA (WS FORM: F-6)
STATION: BETHANY/WILEY POST
MONTH: FEBRUARY
YEAR: 2022
LATITUDE: 35 31 N
LONGITUDE: 97 38 W
TEMPERATURE IN F: :PCPN: SNOW: WIND :SUNSHINE: SKY :PK WND
================================================================================
1 2 3 4 5 6A 6B 7 8 9 10 11 12 13 14 15 16 17 18
12Z AVG MX 2MIN
DY MAX MIN AVG DEP HDD CDD WTR SNW DPTH SPD SPD DIR MIN PSBL S-S WX SPD DR
================================================================================
1 65 38 52 12 13 0 0.00 0.0 M 16.2 25 10 M M 8 31 20
2 38 17 28 -13 37 0 M M M 21.9 30 10 M M 10 1268 36 10
3 17 13 15 -26 50 0 M M M 19.8 28 10 M M 10 8 35 360
4 33 11 22 -19 43 0 T M M 8.6 18 340 M M 2 25 230
5 43 13 28 -13 37 0 0.00 M M 14.1 26 200 M M 0 31 200
6 50 28 39 -2 26 0 0.00 M M 10.7 23 190 M M 0 27 200
7 59 22 41 0 24 0 0.00 M M 6.7 17 260 M M 0 24 270
8 67 28 48 6 17 0 0.00 M M 10.0 20 250 M M 0 27 250
9 69 27 48 6 17 0 0.00 M M 6.4 16 270 M M 0 20 290
10 62 39 51 9 14 0 0.00 M M 7.0 14 310 M M 1 17 320
11 64 43 54 12 11 0 0.00 M M 15.1 30 20 M M 0 38 10
12 45 25 35 -7 30 0 0.00 M M 13.8 30 10 M M 3 38 10
13 57 30 44 2 21 0 0.00 M M 9.3 17 220 M M 0 21 230
14 71 39 55 12 10 0 0.00 M M 11.0 18 170 M M 0 25 170
15 71 44 58 15 7 0 0.00 M M 22.8 33 170 M M 0 42 180
16 75 52 64 21 1 0 T M M 23.7 35 180 M M 2 44 180
17 52 20 36 -8 29 0 0.66 M M 20.0 38 360 M M 8 136 47 350
18 50 16 33 -11 32 0 0.00 M M 8.5 16 220 M M 0 20 230
19 63 28 46 2 19 0 0.00 M M 9.8 21 180 M M 0 27 170
20 70 46 58 14 7 0 0.00 M M 20.7 28 200 M M 0 37 210
21 73 51 62 17 3 0 T M M 17.3 26 180 M M 1 32 190
22 64 17 41 -4 24 0 0.01 M M 21.3 33 320 M M 3 3 40 350
23 20 11 16 -29 49 0 0.01 M M 17.2 29 10 M M 7 89 36 360
24 24 16 20 -26 45 0 T M M 10.5 16 350 M M 8 168 20 330
25 31 13 22 -24 43 0 0.00 M M 9.1 16 20 M M 0 19 20
26 41 19 30 -16 35 0 0.00 M M 5.6 13 360 M M 2 21 20
27 57 20 39 -7 26 0 0.00 M M 6.3 13 340 M M 0 18 330
28 67 30 49 2 16 0 0.00 M M 9.9 15 230 M M 0 19 230
================================================================================
SM 1498 756 686 0 0.68 0.0 373.3 M 65
================================================================================
AV 53.5 27.0 13.3 FASTST M M 2 MAX(MPH)
MISC ----> 38 360 47 350
================================================================================
NOTES:
# LAST OF SEVERAL OCCURRENCES
COLUMN 17 PEAK WIND IN M.P.H.
PRELIMINARY LOCAL CLIMATOLOGICAL DATA (WS FORM: F-6) , PAGE 2
STATION: BETHANY/WILEY POST
MONTH: FEBRUARY
YEAR: 2022
LATITUDE: 35 31 N
LONGITUDE: 97 38 W
[TEMPERATURE DATA] [PRECIPITATION DATA] SYMBOLS USED IN COLUMN 16
AVERAGE MONTHLY: 40.3 TOTAL FOR MONTH: 0.68 1 = FOG OR MIST
DPTR FM NORMAL: -3.0 DPTR FM NORMAL: -0.30 2 = FOG REDUCING VISIBILITY
HIGHEST: 75 ON 16 GRTST 24HR 0.66 ON 17-17 TO 1/4 MILE OR LESS
LOWEST: 11 ON 23, 4 3 = THUNDER
SNOW, ICE PELLETS, HAIL 4 = ICE PELLETS
TOTAL MONTH: 0.0 INCH 5 = HAIL
GRTST 24HR 0.0 6 = FREEZING RAIN OR DRIZZLE
GRTST DEPTH: M ON M 7 = DUSTSTORM OR SANDSTORM:
VSBY 1/2 MILE OR LESS
8 = SMOKE OR HAZE
[NO. OF DAYS WITH] [WEATHER - DAYS WITH] 9 = BLOWING SNOW
X = TORNADO
MAX 32 OR BELOW: 4 0.01 INCH OR MORE: 3
MAX 90 OR ABOVE: 0 0.10 INCH OR MORE: 1
MIN 32 OR BELOW: 20 0.50 INCH OR MORE: 1
MIN 0 OR BELOW: 0 1.00 INCH OR MORE: 0
[HDD (BASE 65) ]
TOTAL THIS MO. 686 CLEAR (SCALE 0-3) 21
DPTR FM NORMAL 73 PTCLDY (SCALE 4-7) 5
TOTAL FM JUL 1 2348 CLOUDY (SCALE 8-10) 2
DPTR FM NORMAL -437
[CDD (BASE 65) ]
TOTAL THIS MO. 0
DPTR FM NORMAL -2 [PRESSURE DATA]
TOTAL FM JAN 1 0 HIGHEST SLP 30.67 ON 4
DPTR FM NORMAL 0 LOWEST SLP 29.57 ON 21
[REMARKS]
#FINAL-02-22#