000
CXUS51 KGYX 020403
CF6PWM
PRELIMINARY LOCAL CLIMATOLOGICAL DATA (WS FORM: F-6)
STATION: PORTLAND ME
MONTH: NOVEMBER
YEAR: 2023
LATITUDE: 43 39 N
LONGITUDE: 70 19 W
TEMPERATURE IN F: :PCPN: SNOW: WIND :SUNSHINE: SKY :PK WND
================================================================================
1 2 3 4 5 6A 6B 7 8 9 10 11 12 13 14 15 16 17 18
12Z AVG MX 2MIN
DY MAX MIN AVG DEP HDD CDD WTR SNW DPTH SPD SPD DIR MIN PSBL S-S WX SPD DR
================================================================================
1 45 29 37 -8 28 0 0.00 0.0 0 6.8 16 360 M M 5 23 40
2 45 26 36 -9 29 0 0.00 0.0 0 2.8 12 240 M M 2 14 230
3 52 29 41 -3 24 0 0.00 0.0 0 8.2 18 210 M M 4 8 27 250
4 57 45 51 7 14 0 0.00 0.0 0 5.2 12 210 M M 8 19 210
5 55 37 46 2 19 0 0.01 0.0 0 5.0 15 360 M M 8 20 350
6 50 29 40 -3 25 0 0.00 0.0 0 5.8 10 170 M M 7 15 100
7 62 43 53 10 12 0 0.05 0.0 0 10.7 21 300 M M 7 1 30 320
8 43 31 37 -6 28 0 0.00 0.0 0 12.6 26 310 M M 5 33 300
9 35 28 32 -10 33 0 0.08 0.2 0 4.3 8 20 M M 8 1 10 240
10 47 30 39 -3 26 0 T 0.0 0 4.5 15 340 M M 8 12 20 350
11 42 25 34 -8 31 0 0.00 0.0 0 8.2 21 340 M M 3 26 310
12 41 21 31 -10 34 0 0.00 0.0 0 3.2 12 280 M M 2 18 290
13 38 20 29 -12 36 0 T T 0 2.4 13 260 M M 4 17 260
14 44 28 36 -5 29 0 T T 0 5.4 15 310 M M 6 20 330
15 45 24 35 -5 30 0 0.00 0.0 0 4.5 13 190 M M 4 17 180
16 58 28 43 3 22 0 0.00 0.0 0 3.3 10 220 M M 1 13 220
17 57 29 43 3 22 0 T 0.0 0 6.4 16 190 M M 8 128 25 180
18 54 28 41 2 24 0 0.42 0.0 0 7.9 22 340 M M 6 1 29 330
19 48 25 37 -2 28 0 0.00 0.0 0 7.8 23 280 M M 2 30 290
20 38 23 31 -7 34 0 0.00 0.0 0 9.9 20 310 M M 2 27 300
21 39 17 28 -10 37 0 0.00 0.0 0 4.1 12 150 M M 4 15 160
22 47 36 42 4 23 0 1.84 0.0 0 13.6 23 60 M M 10 1 31 60
23 51 35 43 5 22 0 0.00 0.0 0 9.1 22 350 M M 2 27 320
24 45 22 34 -3 31 0 0.00 0.0 0 9.8 26 300 M M 2 32 300
25 33 18 26 -11 39 0 0.00 0.0 0 5.6 15 300 M M 0 20 290
26 45 24 35 -1 30 0 0.00 0.0 0 5.2 17 150 M M 6 23 170
27 52 36 44 8 21 0 0.80 0.0 0 15.0 36 150 M M 5 1 48 140
28 38 26 32 -4 33 0 0.00 0.0 0 10.5 22 260 M M 5 30 250
29 33 23 28 -8 37 0 0.00 0.0 0 9.7 21 280 M M 2 26 270
30 43 24 34 -1 31 0 0.00 0.0 0 6.8 14 230 M M 5 19 230
================================================================================
SM 1382 839 832 0 3.20 0.2 214.3 M 141
================================================================================
AV 46.1 28.0 7.1 FASTST M M 5 MAX(MPH)
MISC ----> 36 150 48 140
================================================================================
NOTES:
# LAST OF SEVERAL OCCURRENCES
COLUMN 17 PEAK WIND IN M.P.H.
PRELIMINARY LOCAL CLIMATOLOGICAL DATA (WS FORM: F-6) , PAGE 2
STATION: PORTLAND ME
MONTH: NOVEMBER
YEAR: 2023
LATITUDE: 43 39 N
LONGITUDE: 70 19 W
[TEMPERATURE DATA] [PRECIPITATION DATA] SYMBOLS USED IN COLUMN 16
AVERAGE MONTHLY: 37.0 TOTAL FOR MONTH: 3.20 1 = FOG OR MIST
DPTR FM NORMAL: -3.0 DPTR FM NORMAL: -1.05 2 = FOG REDUCING VISIBILITY
HIGHEST: 62 ON 7 GRTST 24HR 1.84 ON 22-22 TO 1/4 MILE OR LESS
LOWEST: 17 ON 21 3 = THUNDER
SNOW, ICE PELLETS, HAIL 4 = ICE PELLETS
TOTAL MONTH: 0.2 INCH 5 = HAIL
GRTST 24HR 0.2 ON 9- 9 6 = FREEZING RAIN OR DRIZZLE
GRTST DEPTH: 0 7 = DUSTSTORM OR SANDSTORM:
VSBY 1/2 MILE OR LESS
8 = SMOKE OR HAZE
[NO. OF DAYS WITH] [WEATHER - DAYS WITH] 9 = BLOWING SNOW
X = TORNADO
MAX 32 OR BELOW: 0 0.01 INCH OR MORE: 6
MAX 90 OR ABOVE: 0 0.10 INCH OR MORE: 3
MIN 32 OR BELOW: 24 0.50 INCH OR MORE: 2
MIN 0 OR BELOW: 0 1.00 INCH OR MORE: 1
[HDD (BASE 65) ]
TOTAL THIS MO. 832 CLEAR (SCALE 0-3) 10
DPTR FM NORMAL 84 PTCLDY (SCALE 4-7) 17
TOTAL FM JUL 1 1269 CLOUDY (SCALE 8-10) 3
DPTR FM NORMAL -108
[CDD (BASE 65) ]
TOTAL THIS MO. 0
DPTR FM NORMAL 0 [PRESSURE DATA]
TOTAL FM JAN 1 423 HIGHEST SLP 30.61 ON 21
DPTR FM NORMAL -23 LOWEST SLP 29.42 ON 27
[REMARKS]
#FINAL-11-23#