000
CXUS53 KMKX 010810
CF6RAC
PRELIMINARY LOCAL CLIMATOLOGICAL DATA (WS FORM: F-6)
STATION: RACINE WI
MONTH: APRIL
YEAR: 2021
LATITUDE: 42 45 N
LONGITUDE: 87 49 W
TEMPERATURE IN F: :PCPN: SNOW: WIND :SUNSHINE: SKY :PK WND
================================================================================
1 2 3 4 5 6A 6B 7 8 9 10 11 12 13 14 15 16 17 18
12Z AVG MX 2MIN
DY MAX MIN AVG DEP HDD CDD WTR SNW DPTH SPD SPD DIR MIN PSBL S-S WX SPD DR
================================================================================
1 36 23 30 -10 35 0 0.00 M M 10.5 23 20 M M 1 32 10
2 44 22 33 -7 32 0 0.00 M M 10.2 21 160 M M 0 29 180
3 71 40 56 15 9 0 0.00 M M 9.5 23 260 M M 0 36 250
4 65 39 52 11 13 0 0.00 M M 8.0 16 160 M M 0 20 160
5 71 48 60 18 5 0 0.06 M M 9.2 17 160 M M 1 3 23 170
6 78 52 65 23 0 0 T M M 8.1 17 230 M M 2 27 270
7 71 51 61 19 4 0 0.05 M M 8.5 20 170 M M 2 3 24 160
8 58 49 54 12 11 0 0.42 M M 7.8 17 220 M M 8 12 25 210
9 60 46 53 10 12 0 0.00 M M 9.1 20 210 M M 9 1 29 200
10 54 44 49 6 16 0 0.68 M M 9.0 22 350 M M 9 12 32 10
11 56 39 48 5 17 0 0.01 0.0 0 3.9 10 90 M M 4 12 14 110
12 64 42 53 9 12 0 0.00 0.0 0 8.1 21 260 M M 5 1 32 280
13 51 40 46 2 19 0 0.00 M M 9.3 22 260 M M 5 30 260
14 44 33 39 -5 26 0 0.00 M M 8.2 15 280 M M 6 22 290
15 51 38 45 0 20 0 0.00 M M 8.2 20 350 M M 9 26 340
16 49 33 41 -4 24 0 0.00 M M 6.2 13 90 M M 3 18 80
17 52 32 42 -3 23 0 0.00 M M 7.2 15 30 M M 0 22 30
18 56 34 45 -1 20 0 0.00 M M 6.3 16 170 M M 6 20 170
19 51 37 44 -2 21 0 T M M 10.4 18 300 M M 7 29 300
20 43 28 36 -10 29 0 0.00 M M 6.0 15 90 M M 3 19 80
21 43 28 36 -11 29 0 0.11 M M 6.1 20 340 M M 7 128 27 340
22 54 30 42 -5 23 0 0.00 M M 8.6 21 160 M M 1 1 26 120
23 62 44 53 6 12 0 0.00 M M 8.3 18 170 M M 3 27 220
24 59 41 50 2 15 0 0.04 M M 8.2 23 20 M M 9 1 34 10
25 44 36 40 -8 25 0 0.00 M M 11.5 20 90 M M 4 27 20
26 67 40 54 6 11 0 0.00 M M 12.6 24 130 M M 5 37 110
27 77 43 60 11 5 0 0.00 M M 13.0 21 10 M M 3 32 220
28 53 43 48 -1 17 0 0.00 M M 10.5 23 360 M M 5 1 34 360
29 61 43 52 3 13 0 0.04 M M 8.4 16 20 M M 6 24 10
30 50 39 45 -5 20 0 0.00 M M 10.8 26 360 M M 2 36 360
================================================================================
SM 1695 1157 518 0 1.41 0.0 261.7 M 125
================================================================================
AV 56.5 38.6 8.7 FASTST M M 4 MAX(MPH)
MISC ----> 26 360 37 110
================================================================================
NOTES:
# LAST OF SEVERAL OCCURRENCES
COLUMN 17 PEAK WIND IN M.P.H.
PRELIMINARY LOCAL CLIMATOLOGICAL DATA (WS FORM: F-6) , PAGE 2
STATION: RACINE WI
MONTH: APRIL
YEAR: 2021
LATITUDE: 42 45 N
LONGITUDE: 87 49 W
[TEMPERATURE DATA] [PRECIPITATION DATA] SYMBOLS USED IN COLUMN 16
AVERAGE MONTHLY: 47.5 TOTAL FOR MONTH: 1.41 1 = FOG OR MIST
DPTR FM NORMAL: 2.6 DPTR FM NORMAL: -2.18 2 = FOG REDUCING VISIBILITY
HIGHEST: 78 ON 6 GRTST 24HR 0.69 ON 10-11 TO 1/4 MILE OR LESS
LOWEST: 22 ON 2 3 = THUNDER
SNOW, ICE PELLETS, HAIL 4 = ICE PELLETS
TOTAL MONTH: 0.0 INCH 5 = HAIL
GRTST 24HR 0.0 6 = FREEZING RAIN OR DRIZZLE
GRTST DEPTH: 0 7 = DUSTSTORM OR SANDSTORM:
VSBY 1/2 MILE OR LESS
8 = SMOKE OR HAZE
[NO. OF DAYS WITH] [WEATHER - DAYS WITH] 9 = BLOWING SNOW
X = TORNADO
MAX 32 OR BELOW: 0 0.01 INCH OR MORE: 8
MAX 90 OR ABOVE: 0 0.10 INCH OR MORE: 3
MIN 32 OR BELOW: 6 0.50 INCH OR MORE: 1
MIN 0 OR BELOW: 0 1.00 INCH OR MORE: 0
[HDD (BASE 65) ]
TOTAL THIS MO. 518 CLEAR (SCALE 0-3) 13
DPTR FM NORMAL -88 PTCLDY (SCALE 4-7) 13
TOTAL FM JUL 1 6004 CLOUDY (SCALE 8-10) 4
DPTR FM NORMAL -477
[CDD (BASE 65) ]
TOTAL THIS MO. 0
DPTR FM NORMAL -1 [PRESSURE DATA]
TOTAL FM JAN 1 0 HIGHEST SLP M ON M
DPTR FM NORMAL -1 LOWEST SLP 29.31 ON 11
[REMARKS]
#FINAL-04-21#