069
CXUS53 KMKX 010910
CF6RAC
PRELIMINARY LOCAL CLIMATOLOGICAL DATA (WS FORM: F-6)
STATION: RACINE WI
MONTH: AUGUST
YEAR: 2020
LATITUDE: 42 45 N
LONGITUDE: 87 49 W
TEMPERATURE IN F: :PCPN: SNOW: WIND :SUNSHINE: SKY :PK WND
================================================================================
1 2 3 4 5 6A 6B 7 8 9 10 11 12 13 14 15 16 17 18
12Z AVG MX 2MIN
DY MAX MIN AVG DEP HDD CDD WTR SNW DPTH SPD SPD DIR MIN PSBL S-S WX SPD DR
================================================================================
1 79 64 72 0 0 7 0.00 0.0 0 6.0 15 20 M M 1 19 10
2 81 65 73 1 0 8 1.44 0.0 0 6.0 23 20 M M 4 13 31 20
3 68 60 64 -8 1 0 0.05 0.0 0 12.2 20 30 M M 10 1 29 10
4 72 54 63 -9 2 0 0.03 0.0 0 8.1 18 350 M M 4 1 24 340
5 76 54 65 -7 0 0 0.00 0.0 0 6.2 16 170 M M 2 21 150
6 76 58 67 -5 0 2 0.00 0.0 0 5.1 13 80 M M 1 20 70
7 78 57 68 -3 0 3 0.00 0.0 M 4.0 15 170 M M 0 21 160
8 84 65 75 4 0 10 0.00 0.0 0 9.0 18 180 M M 1 26 160
9 83 70 77 6 0 12 0.23 0.0 0 8.2 23 160 M M 2 13 31 170
10 83 69 76 5 0 11 1.70 0.0 0 8.2 35 330 M M 6 138 53 340
11 81 63 72 1 0 7 0.00 0.0 0 5.3 10 130 M M 1 16 120
12 81 58 70 -1 0 5 0.00 0.0 0 4.7 10 120 M M 0 16 180
13 82 62 72 1 0 7 0.00 0.0 0 3.3 12 110 M M 0 15 110
14 84 65 75 4 0 10 0.00 0.0 0 4.0 12 80 M M 0 15 90
15 85 66 76 5 0 11 T 0.0 0 5.8 13 20 M M 3 13 16 10
16 78 61 70 -1 0 5 0.00 0.0 0 7.1 15 170 M M 1 21 170
17 81 64 73 3 0 8 0.00 0.0 0 6.5 12 140 M M 2 17 70
18 76 59 68 -2 0 3 0.00 0.0 0 7.2 16 70 M M 3 21 40
19 77 57 67 -3 0 2 0.00 0.0 0 6.3 14 170 M M 0 19 110
20 84 62 73 3 0 8 0.00 0.0 0 7.9 15 150 M M 0 22 280
21 84 62 73 3 0 8 0.00 0.0 0 6.2 15 150 M M 0 18 140
22 85 65 75 5 0 10 0.00 0.0 0 8.1 20 160 M M 0 26 170
23 84 67 76 6 0 11 T 0.0 0 7.7 17 170 M M 2 24 170
24 91 71 81 12 0 16 T 0.0 0 5.9 12 260 M M 0 19 260
25 79 68 74 5 0 9 0.23 0.0 0 9.1 30 360 M M 3 13 39 360
26 90 72 81 12 0 16 0.00 0.0 0 9.4 21 220 M M 0 31 220
27 91 73 82 13 0 17 0.00 0.0 M 8.8 16 350 M M 0 24 250
28 87 71 79 10 0 14 0.00 0.0 0 7.6 18 10 M M 3 13 26 20
29 78 63 71 3 0 6 0.00 0.0 0 8.3 20 310 M M 2 30 300
30 73 57 65 -3 0 0 0.00 0.0 0 7.8 13 20 M M 1 17 70
31 85 64 75 7 0 10 0.01 0.0 0 8.9 20 160 M M 3 8 27 350
================================================================================
SM 2516 1966 3 236 3.69 0.0 218.9 M 55
================================================================================
AV 81.2 63.4 7.1 FASTST M M 2 MAX(MPH)
MISC ----> # 35 330 # 53 340
================================================================================
NOTES:
# LAST OF SEVERAL OCCURRENCES
COLUMN 17 PEAK WIND IN M.P.H.
PRELIMINARY LOCAL CLIMATOLOGICAL DATA (WS FORM: F-6) , PAGE 2
STATION: RACINE WI
MONTH: AUGUST
YEAR: 2020
LATITUDE: 42 45 N
LONGITUDE: 87 49 W
[TEMPERATURE DATA] [PRECIPITATION DATA] SYMBOLS USED IN COLUMN 16
AVERAGE MONTHLY: 72.3 TOTAL FOR MONTH: 3.69 1 = FOG OR MIST
DPTR FM NORMAL: 2.0 DPTR FM NORMAL: -0.36 2 = FOG REDUCING VISIBILITY
HIGHEST: 91 ON 27,24 GRTST 24HR 1.70 ON 10-10 TO 1/4 MILE OR LESS
LOWEST: 54 ON 5, 4 3 = THUNDER
SNOW, ICE PELLETS, HAIL 4 = ICE PELLETS
TOTAL MONTH: 0.0 INCH 5 = HAIL
GRTST 24HR 0.0 6 = FREEZING RAIN OR DRIZZLE
GRTST DEPTH: 0 7 = DUSTSTORM OR SANDSTORM:
VSBY 1/2 MILE OR LESS
8 = SMOKE OR HAZE
[NO. OF DAYS WITH] [WEATHER - DAYS WITH] 9 = BLOWING SNOW
X = TORNADO
MAX 32 OR BELOW: 0 0.01 INCH OR MORE: 7
MAX 90 OR ABOVE: 3 0.10 INCH OR MORE: 4
MIN 32 OR BELOW: 0 0.50 INCH OR MORE: 2
MIN 0 OR BELOW: 0 1.00 INCH OR MORE: 2
[HDD (BASE 65) ]
TOTAL THIS MO. 3 CLEAR (SCALE 0-3) 26
DPTR FM NORMAL -9 PTCLDY (SCALE 4-7) 4
TOTAL FM JUL 1 3 CLOUDY (SCALE 8-10) 1
DPTR FM NORMAL -18
[CDD (BASE 65) ]
TOTAL THIS MO. 236
DPTR FM NORMAL 60 [PRESSURE DATA]
TOTAL FM JAN 1 752 HIGHEST SLP 30.18 ON 7
DPTR FM NORMAL 232 LOWEST SLP 29.61 ON 28
[REMARKS]
#FINAL-08-20#