282
CXUS53 KMKX 010910
CF6RAC
PRELIMINARY LOCAL CLIMATOLOGICAL DATA (WS FORM: F-6)
STATION: RACINE WI
MONTH: APRIL
YEAR: 2020
LATITUDE: 42 45 N
LONGITUDE: 87 49 W
TEMPERATURE IN F: :PCPN: SNOW: WIND :SUNSHINE: SKY :PK WND
================================================================================
1 2 3 4 5 6A 6B 7 8 9 10 11 12 13 14 15 16 17 18
12Z AVG MX 2MIN
DY MAX MIN AVG DEP HDD CDD WTR SNW DPTH SPD SPD DIR MIN PSBL S-S WX SPD DR
================================================================================
1 47 31 39 -1 26 0 0.00 0.0 0 7.6 15 10 M M 5 1 21 30
2 50 29 40 0 25 0 0.00 0.0 0 3.8 12 110 M M 0 1 15 130
3 56 39 48 7 17 0 0.04 M 0 5.8 14 300 M M 8 1 20 310
4 48 34 41 0 24 0 0.05 M 0 8.6 16 40 M M 4 1 24 310
5 45 29 37 -5 28 0 0.00 0.0 0 5.3 14 50 M M 3 1 23 50
6 55 28 42 0 23 0 0.11 M 0 5.3 17 170 M M 5 13 23 160
7 79 43 61 19 4 0 T M 0 6.4 23 210 M M 5 13 33 270
8 66 41 54 12 11 0 0.17 M 0 5.5 16 320 M M 6 128 25 310
9 48 36 42 -1 23 0 T M 0 15.2 26 280 M M 2 45 280
10 48 32 40 -3 25 0 0.00 0.0 0 8.6 17 330 M M 3 25 330
11 54 34 44 1 21 0 0.18 M 0 8.2 21 160 M M 5 1 29 150
12 53 37 45 1 20 0 0.24 M 0 9.1 20 350 M M 9 1 27 360
13 43 33 38 -6 27 0 0.05 M 0 13.8 25 280 M M 6 1 39 270
14 39 26 33 -11 32 0 T M 0 11.9 21 260 M M 3 8 36 280
15 37 26 32 -13 33 0 T M 0 5.1 10 340 M M 5 16 330
16 43 33 38 -7 27 0 0.00 0.0 M M M M M M M M M
17 M M M M M M M M M M M M M M M M M
18 59 33 46 0 19 0 0.00 0.0 M 14.5 29 220 M M 0 46 240
19 M M M M M M 0.00 0.0 M M M M M M 1 M M
20 64 33 49 3 16 0 0.07 M 0 12.4 26 310 M M 2 38 310
21 49 33 41 -6 24 0 0.00 0.0 0 11.8 25 320 M M 1 34 300
22 46 34 40 -7 25 0 0.20 M 0 11.0 21 120 M M 9 1 28 110
23 46 39 43 -4 22 0 0.22 M 0 9.6 16 10 M M 9 1 24 350
24 47 38 43 -5 22 0 0.00 0.0 0 10.8 17 360 M M 8 1 23 10
25 45 39 42 -6 23 0 0.02 M 0 10.7 17 10 M M 6 25 20
26 58 36 47 -1 18 0 0.00 0.0 0 12.0 21 10 M M 0 29 10
27 64 35 50 1 15 0 0.31 M 0 7.6 22 210 M M 5 12 33 230
28 56 37 47 -2 18 0 1.32 M 0 5.4 18 100 M M 7 1238 24 110
29 54 41 48 -1 17 0 1.53 M 0 17.3 33 360 M M 10 13 49 10
30 51 36 44 -6 21 0 0.42 M 0 14.0 30 350 M M 6 1 46 350
================================================================================
SM 1450 965 606 0 4.93 0.0 257.3 M 133
================================================================================
AV 51.8 34.5 9.5 FASTST M M 5 MAX(MPH)
MISC ----> # 33 360 # 49 10
================================================================================
NOTES:
# LAST OF SEVERAL OCCURRENCES
COLUMN 17 PEAK WIND IN M.P.H.
PRELIMINARY LOCAL CLIMATOLOGICAL DATA (WS FORM: F-6) , PAGE 2
STATION: RACINE WI
MONTH: APRIL
YEAR: 2020
LATITUDE: 42 45 N
LONGITUDE: 87 49 W
[TEMPERATURE DATA] [PRECIPITATION DATA] SYMBOLS USED IN COLUMN 16
AVERAGE MONTHLY: 43.1 TOTAL FOR MONTH: 4.93 1 = FOG OR MIST
DPTR FM NORMAL: -1.8 DPTR FM NORMAL: 1.34 2 = FOG REDUCING VISIBILITY
HIGHEST: 79 ON 7 GRTST 24HR 1.53 ON 29-29 TO 1/4 MILE OR LESS
LOWEST: 26 ON 15,14 3 = THUNDER
SNOW, ICE PELLETS, HAIL 4 = ICE PELLETS
TOTAL MONTH: 0.0 INCH 5 = HAIL
GRTST 24HR 0.0 6 = FREEZING RAIN OR DRIZZLE
GRTST DEPTH: 0 7 = DUSTSTORM OR SANDSTORM:
VSBY 1/2 MILE OR LESS
8 = SMOKE OR HAZE
[NO. OF DAYS WITH] [WEATHER - DAYS WITH] 9 = BLOWING SNOW
X = TORNADO
MAX 32 OR BELOW: 0 0.01 INCH OR MORE: 15
MAX 90 OR ABOVE: 0 0.10 INCH OR MORE: 10
MIN 32 OR BELOW: 7 0.50 INCH OR MORE: 2
MIN 0 OR BELOW: 0 1.00 INCH OR MORE: 2
[HDD (BASE 65) ]
TOTAL THIS MO. 606 CLEAR (SCALE 0-3) 8
DPTR FM NORMAL 0 PTCLDY (SCALE 4-7) 16
TOTAL FM JUL 1 6012 CLOUDY (SCALE 8-10) 4
DPTR FM NORMAL -469
[CDD (BASE 65) ]
TOTAL THIS MO. 0
DPTR FM NORMAL -1 [PRESSURE DATA]
TOTAL FM JAN 1 0 HIGHEST SLP 30.19 ON 26
DPTR FM NORMAL -1 LOWEST SLP 29.46 ON 29
[REMARKS]
#FINAL-04-20#