000
CXUS53 KUNR 011030
CF6RAP
PRELIMINARY LOCAL CLIMATOLOGICAL DATA (WS FORM: F-6)
STATION: RAPID CITY AIRPORT SD
MONTH: DECEMBER
YEAR: 2022
LATITUDE: 44 2 N
LONGITUDE: 103 4 W
TEMPERATURE IN F: :PCPN: SNOW: WIND :SUNSHINE: SKY :PK WND
================================================================================
1 2 3 4 5 6A 6B 7 8 9 10 11 12 13 14 15 16 17 18
12Z AVG MX 2MIN
DY MAX MIN AVG DEP HDD CDD WTR SNW DPTH SPD SPD DIR MIN PSBL S-S WX SPD DR
================================================================================
1 61 19 40 11 25 0 0.00 M M 8.4 28 240 M M 0 38 240
2 54 -1 27 -1 38 0 T M M 17.6 44 350 M M 3 8 56 350
3 42 0 21 -7 44 0 0.00 M M 4.8 14 350 M M 0 17 140
4 55 11 33 5 32 0 0.00 M M 9.5 29 350 M M 2 38 360
5 28 13 21 -7 44 0 T M M 10.0 22 10 M M 7 1 29 10
6 29 10 20 -7 45 0 0.00 M M 9.5 28 350 M M 2 35 350
7 30 7 19 -8 46 0 T M M 8.1 17 150 M M 5 1 23 170
8 38 9 24 -3 41 0 0.00 M M 5.2 14 340 M M 2 17 320
9 51 6 29 3 36 0 0.00 M M 7.5 24 200 M M 0 37 190
10 46 13 30 4 35 0 0.00 M M 8.9 25 180 M M 0 33 180
11 61 20 41 15 24 0 0.00 M M 6.9 23 190 M M 0 29 180
12 36 19 28 2 37 0 T M M 20.1 35 340 M M 5 16 46 340
13 19 16 18 -8 47 0 0.21 M M 37.2 47 330 M M 10 1269 63 330
14 21 16 19 -6 46 0 0.12 M M 32.5 44 330 M M 10 1289 59 320
15 19 15 17 -8 48 0 0.22 M M 34.1 44 330 M M 9 129 59 320
16 23 12 18 -7 47 0 0.06 M M 26.3 43 330 M M 6 19 59 320
17 26 3 15 -10 50 0 T M M 1.9 10 180 M M 7 12 12 190
18 10 -2 4 -21 61 0 T M M 5.2 17 360 M M 8 12 22 360
19 8 -2 3 -22 62 0 T M M 4.2 16 360 M M 9 1 19 10
20 -1 -6 -3 -27 68 0 0.00 M M 8.6 15 360 M M 8 8 19 10
21 -5 -18 -11 -35 76 0 0.09 M M 22.7 40 330 M M 6 189 52 330
22 -4 -18 -11 -35 76 0 0.00 M M 22.4 39 320 M M 0 89 49 330
23 5 -11 -3 -27 68 0 0.00 M M 13.5 26 330 M M 2 34 330
24 8 -1 4 -20 61 0 0.00 M M 6.8 16 150 M M 6 20 150
25 49 2 26 2 39 0 T M M 19.7 43 320 M M 3 56 330
26 34 6 20 -4 45 0 T M M 6.9 32 360 M M 3 43 360
27 59 27 43 19 22 0 0.00 M M 10.0 33 270 M M 0 51 240
28 57 28 43 19 22 0 0.00 M M 9.3 30 270 M M 3 44 270
29 40 21 31 7 34 0 0.00 M M 5.4 15 340 M M 6 21 350
30 43 17 30 6 35 0 0.00 M M 5.6 14 360 M M 0 16 350
31 41 21 31 7 34 0 0.00 M M 5.0 13 320 M M 3 14 270
================================================================================
SM 983 252 1388 0 0.70 M 393.8 M 125
================================================================================
AV 31.7 8.1 12.7 FASTST M M 4 MAX(MPH)
MISC ----> 47 330 63 330
================================================================================
NOTES:
# LAST OF SEVERAL OCCURRENCES
COLUMN 17 PEAK WIND IN M.P.H.
PRELIMINARY LOCAL CLIMATOLOGICAL DATA (WS FORM: F-6) , PAGE 2
STATION: RAPID CITY AIRPORT SD
MONTH: DECEMBER
YEAR: 2022
LATITUDE: 44 2 N
LONGITUDE: 103 4 W
[TEMPERATURE DATA] [PRECIPITATION DATA] SYMBOLS USED IN COLUMN 16
AVERAGE MONTHLY: 19.9 TOTAL FOR MONTH: 0.70 1 = FOG OR MIST
DPTR FM NORMAL: -5.7 DPTR FM NORMAL: 0.35 2 = FOG REDUCING VISIBILITY
HIGHEST: 61 ON 11, 1 GRTST 24HR 0.27 ON 13-14 TO 1/4 MILE OR LESS
LOWEST: -18 ON 22,21 3 = THUNDER
SNOW, ICE PELLETS, HAIL 4 = ICE PELLETS
TOTAL MONTH: M 5 = HAIL
GRTST 24HR M ON M 6 = FREEZING RAIN OR DRIZZLE
GRTST DEPTH: M ON M 7 = DUSTSTORM OR SANDSTORM:
VSBY 1/2 MILE OR LESS
8 = SMOKE OR HAZE
[NO. OF DAYS WITH] [WEATHER - DAYS WITH] 9 = BLOWING SNOW
X = TORNADO
MAX 32 OR BELOW: 15 0.01 INCH OR MORE: 5
MAX 90 OR ABOVE: 0 0.10 INCH OR MORE: 3
MIN 32 OR BELOW: 31 0.50 INCH OR MORE: 0
MIN 0 OR BELOW: 9 1.00 INCH OR MORE: 0
[HDD (BASE 65) ]
TOTAL THIS MO. 1388 CLEAR (SCALE 0-3) 14
DPTR FM NORMAL 165 PTCLDY (SCALE 4-7) 12
TOTAL FM JUL 1 3020 CLOUDY (SCALE 8-10) 5
DPTR FM NORMAL 110
[CDD (BASE 65) ]
TOTAL THIS MO. 0
DPTR FM NORMAL 0 [PRESSURE DATA]
TOTAL FM JAN 1 814 HIGHEST SLP 30.77 ON 23
DPTR FM NORMAL 207 LOWEST SLP 29.16 ON 28
[REMARKS]
#FINAL-12-22#