000
CXUS53 KUNR 010930
CF6RAP
PRELIMINARY LOCAL CLIMATOLOGICAL DATA (WS FORM: F-6)
STATION: RAPID CITY AIRPORT SD
MONTH: AUGUST
YEAR: 2022
LATITUDE: 44 2 N
LONGITUDE: 103 4 W
TEMPERATURE IN F: :PCPN: SNOW: WIND :SUNSHINE: SKY :PK WND
================================================================================
1 2 3 4 5 6A 6B 7 8 9 10 11 12 13 14 15 16 17 18
12Z AVG MX 2MIN
DY MAX MIN AVG DEP HDD CDD WTR SNW DPTH SPD SPD DIR MIN PSBL S-S WX SPD DR
================================================================================
1 101 58 80 6 0 15 0.00 M M 5.8 16 330 M M 0 8 20 140
2 98 62 80 7 0 15 0.00 M M 9.3 32 320 M M 1 8 43 330
3 91 63 77 4 0 12 0.00 M M 10.0 20 160 M M 0 28 150
4 102 64 83 10 0 18 0.00 M M 7.7 14 190 M M 0 23 110
5 103 62 83 10 0 18 0.45 M M 11.8 31 60 M M 1 13 42 10
6 78 56 67 -6 0 2 0.10 M M 8.1 21 80 M M 8 13 26 70
7 77 54 66 -7 0 1 0.08 M M 4.0 14 50 M M 5 13 19 310
8 91 52 72 -1 0 7 0.00 M M 5.8 17 110 M M 0 23 90
9 97 58 78 6 0 13 0.00 M M 7.6 16 60 M M 0 23 80
10 99 60 80 8 0 15 0.00 M M 8.7 25 110 M M 0 33 110
11 103 61 82 10 0 17 0.00 M M 11.1 24 180 M M 0 32 200
12 95 65 80 8 0 15 T M M 9.5 24 340 M M 0 34 330
13 95 61 78 6 0 13 T M M 7.7 23 200 M M 0 29 190
14 91 68 80 8 0 15 T M M 4.2 17 220 M M 4 3 23 220
15 86 61 74 3 0 9 T M M 7.9 21 30 M M 3 28 30
16 89 56 73 2 0 8 0.00 M M 5.1 15 130 M M 2 12 20 130
17 93 55 74 3 0 9 0.02 M M 8.1 38 360 M M 1 13 52 350
18 90 63 77 6 0 12 0.00 M M 14.7 26 340 M M 1 38 350
19 83 55 69 -1 0 4 0.00 M M 11.2 22 10 M M 2 36 350
20 85 50 68 -2 0 3 0.00 M M 6.5 16 130 M M 0 24 150
21 94 58 76 6 0 11 0.00 M M 8.5 21 160 M M 0 31 170
22 97 55 76 6 0 11 0.00 M M 6.2 16 360 M M 0 8 20 360
23 88 65 77 8 0 12 T M M 7.9 20 360 M M 2 3 24 350
24 82 57 70 1 0 5 0.04 M M 7.1 15 30 M M 1 21 30
25 72 57 65 -4 0 0 1.47 M M 7.4 17 250 M M 8 13 21 250
26 80 57 69 1 0 4 0.60 M M 9.3 37 330 M M 6 13 50 330
27 92 56 74 6 0 9 T M M 8.8 36 340 M M 0 47 330
28 79 57 68 0 0 3 0.00 M M 14.8 29 340 M M 0 42 330
29 84 50 67 -1 0 2 0.00 M M 8.2 21 360 M M 0 28 360
30 91 48 70 3 0 5 0.00 M M 4.7 13 140 M M 0 19 150
31 92 58 75 8 0 10 0.00 M M 6.6 13 220 M M 0 8 17 150
================================================================================
SM 2798 1802 0 293 2.76 M 254.3 M 45
================================================================================
AV 90.3 58.1 8.2 FASTST M M 1 MAX(MPH)
MISC ----> 38 360 52 350
================================================================================
NOTES:
# LAST OF SEVERAL OCCURRENCES
COLUMN 17 PEAK WIND IN M.P.H.
PRELIMINARY LOCAL CLIMATOLOGICAL DATA (WS FORM: F-6) , PAGE 2
STATION: RAPID CITY AIRPORT SD
MONTH: AUGUST
YEAR: 2022
LATITUDE: 44 2 N
LONGITUDE: 103 4 W
[TEMPERATURE DATA] [PRECIPITATION DATA] SYMBOLS USED IN COLUMN 16
AVERAGE MONTHLY: 74.2 TOTAL FOR MONTH: 2.76 1 = FOG OR MIST
DPTR FM NORMAL: 3.4 DPTR FM NORMAL: 1.17 2 = FOG REDUCING VISIBILITY
HIGHEST: 103 ON 11, 5 GRTST 24HR 2.07 ON 25-26 TO 1/4 MILE OR LESS
LOWEST: 48 ON 30 3 = THUNDER
SNOW, ICE PELLETS, HAIL 4 = ICE PELLETS
TOTAL MONTH: M 5 = HAIL
GRTST 24HR M ON M 6 = FREEZING RAIN OR DRIZZLE
GRTST DEPTH: M ON M 7 = DUSTSTORM OR SANDSTORM:
VSBY 1/2 MILE OR LESS
8 = SMOKE OR HAZE
[NO. OF DAYS WITH] [WEATHER - DAYS WITH] 9 = BLOWING SNOW
X = TORNADO
MAX 32 OR BELOW: 0 0.01 INCH OR MORE: 7
MAX 90 OR ABOVE: 19 0.10 INCH OR MORE: 4
MIN 32 OR BELOW: 0 0.50 INCH OR MORE: 2
MIN 0 OR BELOW: 0 1.00 INCH OR MORE: 1
[HDD (BASE 65) ]
TOTAL THIS MO. 0 CLEAR (SCALE 0-3) 26
DPTR FM NORMAL -25 PTCLDY (SCALE 4-7) 4
TOTAL FM JUL 1 0 CLOUDY (SCALE 8-10) 1
DPTR FM NORMAL -35
[CDD (BASE 65) ]
TOTAL THIS MO. 293
DPTR FM NORMAL 88 [PRESSURE DATA]
TOTAL FM JAN 1 704 HIGHEST SLP 30.19 ON 25
DPTR FM NORMAL 162 LOWEST SLP 29.47 ON 27
[REMARKS]
#FINAL-08-22#