000
CXUS53 KUNR 010930
CF6RAP
PRELIMINARY LOCAL CLIMATOLOGICAL DATA (WS FORM: F-6)
STATION: RAPID CITY AIRPORT SD
MONTH: MAY
YEAR: 2022
LATITUDE: 44 2 N
LONGITUDE: 103 4 W
TEMPERATURE IN F: :PCPN: SNOW: WIND :SUNSHINE: SKY :PK WND
================================================================================
1 2 3 4 5 6A 6B 7 8 9 10 11 12 13 14 15 16 17 18
12Z AVG MX 2MIN
DY MAX MIN AVG DEP HDD CDD WTR SNW DPTH SPD SPD DIR MIN PSBL S-S WX SPD DR
================================================================================
1 58 33 46 -2 19 0 0.00 M M 8.8 15 40 M M 2 19 40
2 55 34 45 -4 20 0 T M M 5.0 16 120 M M 7 20 130
3 61 29 45 -4 20 0 0.00 M M 14.0 25 120 M M 0 36 140
4 56 40 48 -1 17 0 0.02 M M 6.6 15 140 M M 8 20 140
5 67 34 51 1 14 0 0.00 M M 6.0 15 110 M M 1 1 20 130
6 76 43 60 10 5 0 0.08 M M 8.6 28 360 M M 2 33 10
7 84 46 65 14 0 0 0.00 M M 12.0 47 260 M M 0 60 260
8 70 36 53 2 12 0 0.44 M M 12.0 35 180 M M 3 1 47 180
9 64 43 54 3 11 0 0.36 M M 12.6 32 80 M M 6 1 42 280
10 69 43 56 4 9 0 0.00 M M 11.9 25 180 M M 4 36 180
11 69 46 58 6 7 0 0.00 M M 11.3 37 360 M M 3 3 48 350
12 61 48 55 2 10 0 0.19 M M 14.0 52 280 M M 9 13 72 270
13 70 36 53 0 12 0 0.00 M M 14.1 40 240 M M 1 52 230
14 66 34 50 -3 15 0 T M M 8.2 33 340 M M 1 43 320
15 69 43 56 2 9 0 0.01 M M 10.2 23 350 M M 2 34 360
16 79 39 59 5 6 0 T M M 7.4 16 140 M M 1 22 140
17 72 50 61 6 4 0 0.18 M M 8.5 26 20 M M 3 13 31 20
18 70 47 59 4 6 0 0.00 M M 9.9 26 340 M M 2 35 340
19 57 38 48 -7 17 0 T M M 14.7 51 320 M M 4 67 330
20 48 31 40 -16 25 0 0.01 M M 21.3 46 320 M M 4 18 58 320
21 48 28 38 -18 27 0 0.02 M M 12.0 32 340 M M 6 1 41 330
22 62 24 43 -13 22 0 T M M 9.2 23 140 M M 1 30 160
23 55 35 45 -12 20 0 0.00 M M 10.0 23 150 M M 4 29 150
24 65 28 47 -10 18 0 0.00 M M 5.4 14 110 M M 3 128 19 110
25 70 33 52 -6 13 0 0.00 M M 3.4 12 60 M M 1 17 80
26 80 42 61 3 4 0 0.00 M M 7.4 16 350 M M 0 22 350
27 93 44 69 11 0 4 T M M 12.8 41 330 M M 0 3 59 300
28 83 51 67 8 0 2 0.22 M M 10.1 31 270 M M 0 3 46 270
29 72 51 62 3 3 0 0.56 M M 13.1 24 330 M M 4 13 31 320
30 59 51 55 -4 10 0 0.48 M M 15.4 30 350 M M 10 1 38 340
31 57 37 47 -13 18 0 0.01 M M 18.6 33 340 M M 7 1 42 330
================================================================================
SM 2065 1217 373 6 2.58 M 334.5 M 99
================================================================================
AV 66.6 39.3 10.8 FASTST M M 3 MAX(MPH)
MISC ----> 52 280 72 270
================================================================================
NOTES:
# LAST OF SEVERAL OCCURRENCES
COLUMN 17 PEAK WIND IN M.P.H.
PRELIMINARY LOCAL CLIMATOLOGICAL DATA (WS FORM: F-6) , PAGE 2
STATION: RAPID CITY AIRPORT SD
MONTH: MAY
YEAR: 2022
LATITUDE: 44 2 N
LONGITUDE: 103 4 W
[TEMPERATURE DATA] [PRECIPITATION DATA] SYMBOLS USED IN COLUMN 16
AVERAGE MONTHLY: 52.9 TOTAL FOR MONTH: 2.58 1 = FOG OR MIST
DPTR FM NORMAL: -1.2 DPTR FM NORMAL: -0.87 2 = FOG REDUCING VISIBILITY
HIGHEST: 93 ON 27 GRTST 24HR 0.87 ON 29-30 TO 1/4 MILE OR LESS
LOWEST: 24 ON 22 3 = THUNDER
SNOW, ICE PELLETS, HAIL 4 = ICE PELLETS
TOTAL MONTH: M 5 = HAIL
GRTST 24HR M ON M 6 = FREEZING RAIN OR DRIZZLE
GRTST DEPTH: M ON M 7 = DUSTSTORM OR SANDSTORM:
VSBY 1/2 MILE OR LESS
8 = SMOKE OR HAZE
[NO. OF DAYS WITH] [WEATHER - DAYS WITH] 9 = BLOWING SNOW
X = TORNADO
MAX 32 OR BELOW: 0 0.01 INCH OR MORE: 13
MAX 90 OR ABOVE: 1 0.10 INCH OR MORE: 7
MIN 32 OR BELOW: 5 0.50 INCH OR MORE: 1
MIN 0 OR BELOW: 0 1.00 INCH OR MORE: 0
[HDD (BASE 65) ]
TOTAL THIS MO. 373 CLEAR (SCALE 0-3) 18
DPTR FM NORMAL 24 PTCLDY (SCALE 4-7) 11
TOTAL FM JUL 1 6820 CLOUDY (SCALE 8-10) 2
DPTR FM NORMAL -339
[CDD (BASE 65) ]
TOTAL THIS MO. 6
DPTR FM NORMAL -5 [PRESSURE DATA]
TOTAL FM JAN 1 6 HIGHEST SLP 30.43 ON 22
DPTR FM NORMAL -6 LOWEST SLP 29.31 ON 9
[REMARKS]
#FINAL-05-22#