000
CXUS54 KFWD 072153
CF6RBD
PRELIMINARY LOCAL CLIMATOLOGICAL DATA (WS FORM: F-6)
STATION: DALLAS EXECUTIVE
MONTH: AUGUST
YEAR: 2022
LATITUDE: 32 40 N
LONGITUDE: 96 52 W
TEMPERATURE IN F: :PCPN: SNOW: WIND :SUNSHINE: SKY :PK WND
================================================================================
1 2 3 4 5 6A 6B 7 8 9 10 11 12 13 14 15 16 17 18
12Z AVG MX 2MIN
DY MAX MIN AVG DEP HDD CDD WTR SNW DPTH SPD SPD DIR MIN PSBL S-S WX SPD DR
================================================================================
1 100 79 90 3 0 25 0.00 M M 9.2 21 190 M M 0 32 190
2 101 81 91 4 0 26 0.00 M M 12.5 20 180 M M 0 29 190
3 103 80 92 5 0 27 0.00 M M 13.3 22 170 M M 0 31 170
4 101 78 90 3 0 25 0.00 M M 10.2 18 180 M M 0 27 200
5 103 80 92 5 0 27 0.00 M M 10.1 23 160 M M 1 34 160
6 98 76 87 0 0 22 0.00 M M 11.1 18 140 M M 1 26 170
7 100 77 89 2 0 24 0.00 M M 10.0 18 180 M M 1 27 200
8 101 79 90 3 0 25 0.00 M M 9.2 16 170 M M 0 22 170
9 100 76 88 1 0 23 0.29 M M 7.8 28 60 M M 1 3 42 60
10 97 73 85 -2 0 20 0.07 M M 5.4 20 150 M M 1 3 27 140
11 96 73 85 -2 0 20 0.00 M M 5.8 16 60 M M 1 1 24 60
12 97 77 87 1 0 22 0.00 M M 7.3 15 90 M M 2 23 80
13 99 78 89 3 0 24 0.00 M M 6.9 17 50 M M 1 23 100
14 98 74 86 0 0 21 0.00 M M 7.7 17 120 M M 1 24 100
15 99 79 89 3 0 24 0.00 M M 8.2 16 160 M M 0 26 150
16 100 81 91 5 0 26 0.00 M M 7.2 15 160 M M 0 20 160
17 104 71 88 2 0 23 1.33 M M 7.8 30 180 M M 2 138 40 180
18 87 71 79 -7 0 14 0.00 M M 5.6 12 90 M M 3 17 20
19 92 73 83 -3 0 18 0.00 M M 5.7 17 180 M M 6 18 25 170
20 92 74 83 -3 0 18 0.00 M M 10.0 20 160 M M 3 29 160
21 89 74 82 -3 0 17 0.91 M M 8.3 20 160 M M 5 13 27 170
22 78 72 75 -10 0 10 5.53 M M 5.0 20 40 M M 9 123 23 30
23 82 72 77 -8 0 12 0.51 M M 5.2 17 60 M M 9 18 25 50
24 89 73 81 -4 0 16 0.00 M M 6.6 15 80 M M 6 23 40
25 92 71 82 -2 0 17 0.00 M M 5.2 13 80 M M 2 20 20
26 93 72 83 -1 0 18 0.00 M M 5.4 14 80 M M 2 8 18 40
27 95 75 85 1 0 20 0.00 M M 7.1 17 130 M M 1 22 120
28 95 77 86 2 0 21 0.00 M M 10.8 20 150 M M 1 27 150
29 92 76 84 0 0 19 0.00 M M 9.3 16 130 M M 3 21 130
30 89 74 82 -1 0 17 T M M 6.3 18 120 M M 6 23 110
31 91 72 82 -1 0 17 T M M 4.4 14 100 M M 5 38 23 180
================================================================================
SM 2953 2338 0 638 8.64 M 244.6 M 73
================================================================================
AV 95.3 75.4 7.9 FASTST M M 2 MAX(MPH)
MISC ----> 30 180 42 60
================================================================================
NOTES:
# LAST OF SEVERAL OCCURRENCES
COLUMN 17 PEAK WIND IN M.P.H.
PRELIMINARY LOCAL CLIMATOLOGICAL DATA (WS FORM: F-6) , PAGE 2
STATION: DALLAS EXECUTIVE
MONTH: AUGUST
YEAR: 2022
LATITUDE: 32 40 N
LONGITUDE: 96 52 W
[TEMPERATURE DATA] [PRECIPITATION DATA] SYMBOLS USED IN COLUMN 16
AVERAGE MONTHLY: 85.3 TOTAL FOR MONTH: 8.64 1 = FOG OR MIST
DPTR FM NORMAL: -0.4 DPTR FM NORMAL: 6.84 2 = FOG REDUCING VISIBILITY
HIGHEST: 104 ON 17 GRTST 24HR 6.41 ON 21-22 TO 1/4 MILE OR LESS
LOWEST: 71 ON 18,17 3 = THUNDER
SNOW, ICE PELLETS, HAIL 4 = ICE PELLETS
TOTAL MONTH: M 5 = HAIL
GRTST 24HR M ON M 6 = FREEZING RAIN OR DRIZZLE
GRTST DEPTH: M ON M 7 = DUSTSTORM OR SANDSTORM:
VSBY 1/2 MILE OR LESS
8 = SMOKE OR HAZE
[NO. OF DAYS WITH] [WEATHER - DAYS WITH] 9 = BLOWING SNOW
X = TORNADO
MAX 32 OR BELOW: 0 0.01 INCH OR MORE: 6
MAX 90 OR ABOVE: 25 0.10 INCH OR MORE: 5
MIN 32 OR BELOW: 0 0.50 INCH OR MORE: 4
MIN 0 OR BELOW: 0 1.00 INCH OR MORE: 2
[HDD (BASE 65) ]
TOTAL THIS MO. 0 CLEAR (SCALE 0-3) 22
DPTR FM NORMAL 0 PTCLDY (SCALE 4-7) 7
TOTAL FM JUL 1 0 CLOUDY (SCALE 8-10) 2
DPTR FM NORMAL 0
[CDD (BASE 65) ]
TOTAL THIS MO. 638
DPTR FM NORMAL -4 [PRESSURE DATA]
TOTAL FM JAN 1 2565 HIGHEST SLP 30.09 ON 7
DPTR FM NORMAL 345 LOWEST SLP 29.73 ON 28
[REMARKS]
#FINAL-08-22#