000
CXUS51 KPHI 151919
CF6RDG
PRELIMINARY LOCAL CLIMATOLOGICAL DATA (WS FORM: F-6)
STATION: READING PA
MONTH: JUNE
YEAR: 2020
LATITUDE: 40 22 N
LONGITUDE: 75 58 W
TEMPERATURE IN F: :PCPN: SNOW: WIND :SUNSHINE: SKY :PK WND
================================================================================
1 2 3 4 5 6A 6B 7 8 9 10 11 12 13 14 15 16 17 18
12Z AVG MX 2MIN
DY MAX MIN AVG DEP HDD CDD WTR SNW DPTH SPD SPD DIR MIN PSBL S-S WX SPD DR
================================================================================
1 74 44 59 -8 6 0 0.00 0.0 0 6.2 23 300 M M M 29 310
2 71 53 62 -6 3 0 T 0.0 0 4.0 14 210 M M M 17 210
3 85 60 73 5 0 8 0.69 T 0 M 62 300 M M 1 1358 83 300
4 88 62 75 7 0 10 0.54 0.0 0 M M M M M 0 3 M M
5 81 66 74 5 0 9 0.24 0.0 0 M M M M M 0 M M
6 87 67 77 8 0 12 0.00 0.0 0 M M M M M M M M
7 77 54 66 -3 0 1 0.00 0.0 0 M M M M M M M M
8 78 50 64 -6 1 0 0.00 0.0 0 M M M M M 0 M M
9 89 54 72 2 0 7 0.00 0.0 0 8.2 16 210 M M 0 20 210
10 93 70 82 12 0 17 0.12 0.0 0 8.9 22 190 M M 1 13 31 190
11 86 66 76 6 0 11 0.22 0.0 0 10.6 18 190 M M 6 1 27 200
12 85 61 73 2 0 8 0.00 0.0 0 6.4 17 250 M M 0 27 240
13 74 57 66 -5 0 1 0.00 0.0 0 8.0 15 290 M M 0 21 20
14 75 52 64 -7 1 0 0.00 0.0 0 5.0 12 10 M M 0 17 140
15 78 54 66 -6 0 1 0.00 0.0 0 4.8 12 70 M M 0 16 10
16 79 54 67 -5 0 2 0.00 0.0 0 5.4 15 50 M M 0 20 140
17 81 57 69 -3 0 4 0.00 0.0 0 6.9 14 20 M M 0 17 20
18 83 67 75 3 0 10 0.01 0.0 0 6.7 12 180 M M 4 18 17 130
19 82 66 74 1 0 9 0.11 0.0 0 3.3 14 300 M M 6 3 18 240
20 83 64 74 1 0 9 0.10 0.0 0 1.6 14 150 M M 4 13 21 160
21 86 65 76 3 0 11 0.00 0.0 0 3.3 10 190 M M 5 128 14 200
22 91 67 79 5 0 14 0.00 0.0 0 4.7 16 250 M M 2 22 250
23 92 67 80 6 0 15 0.16 0.0 0 5.8 16 190 M M 3 138 23 190
24 85 68 77 3 0 12 T 0.0 0 9.5 18 310 M M 3 1 25 290
25 86 62 74 0 0 9 T 0.0 0 3.5 14 240 M M 1 20 220
26 86 62 74 0 0 9 0.04 0.0 0 3.8 20 250 M M 2 1 25 270
27 89 64 77 2 0 12 0.14 0.0 0 7.8 25 270 M M 5 18 35 260
28 91 70 81 6 0 16 T 0.0 0 5.7 16 360 M M 5 3 25 20
29 90 68 79 4 0 14 0.00 0.0 0 6.1 18 360 M M 3 24 350
30 86 65 76 1 0 11 0.00 0.0 0 4.2 13 350 M M 3 20 40
================================================================================
SM 2511 1836 11 242 2.37 T 140.4 M 54
================================================================================
AV 83.7 61.2 5.9 FASTST M M 2 MAX(MPH)
MISC ----> 62 300 83 300
================================================================================
NOTES:
# LAST OF SEVERAL OCCURRENCES
COLUMN 17 PEAK WIND IN M.P.H.
PRELIMINARY LOCAL CLIMATOLOGICAL DATA (WS FORM: F-6) , PAGE 2
STATION: READING PA
MONTH: JUNE
YEAR: 2020
LATITUDE: 40 22 N
LONGITUDE: 75 58 W
[TEMPERATURE DATA] [PRECIPITATION DATA] SYMBOLS USED IN COLUMN 16
AVERAGE MONTHLY: 72.5 TOTAL FOR MONTH: 2.37 1 = FOG OR MIST
DPTR FM NORMAL: 0.8 DPTR FM NORMAL: -2.40 2 = FOG REDUCING VISIBILITY
HIGHEST: 93 ON 10 GRTST 24HR 0.69 ON 3- 3 TO 1/4 MILE OR LESS
LOWEST: 44 ON 1 3 = THUNDER
SNOW, ICE PELLETS, HAIL 4 = ICE PELLETS
TOTAL MONTH: T 5 = HAIL
GRTST 24HR T ON 3- 3 6 = FREEZING RAIN OR DRIZZLE
GRTST DEPTH: 0 7 = DUSTSTORM OR SANDSTORM:
VSBY 1/2 MILE OR LESS
8 = SMOKE OR HAZE
[NO. OF DAYS WITH] [WEATHER - DAYS WITH] 9 = BLOWING SNOW
X = TORNADO
MAX 32 OR BELOW: 0 0.01 INCH OR MORE: 11
MAX 90 OR ABOVE: 5 0.10 INCH OR MORE: 9
MIN 32 OR BELOW: 0 0.50 INCH OR MORE: 2
MIN 0 OR BELOW: 0 1.00 INCH OR MORE: 0
[HDD (BASE 65) ]
TOTAL THIS MO. 11 CLEAR (SCALE 0-3) 19
DPTR FM NORMAL -6 PTCLDY (SCALE 4-7) 7
TOTAL FM JUL 1 4724 CLOUDY (SCALE 8-10) 4
DPTR FM NORMAL -401
[CDD (BASE 65) ]
TOTAL THIS MO. 242
DPTR FM NORMAL 28 [PRESSURE DATA]
TOTAL FM JAN 1 310 HIGHEST SLP M ON M
DPTR FM NORMAL 21 LOWEST SLP 29.63 ON 3
[REMARKS]
#FINAL-06-20#