000
CXUS56 KPDT 011910
CF6RDM
PRELIMINARY LOCAL CLIMATOLOGICAL DATA (WS FORM: F-6)
STATION: REDMOND OR
MONTH: DECEMBER
YEAR: 2022
LATITUDE: 44 16 N
LONGITUDE: 121 9 W
TEMPERATURE IN F: :PCPN: SNOW: WIND :SUNSHINE: SKY :PK WND
================================================================================
1 2 3 4 5 6A 6B 7 8 9 10 11 12 13 14 15 16 17 18
12Z AVG MX 2MIN
DY MAX MIN AVG DEP HDD CDD WTR SNW DPTH SPD SPD DIR MIN PSBL S-S WX SPD DR
================================================================================
1 36 25 31 -4 34 0 0.02 M M 5.9 20 290 M M 7 1 25 300
2 38 7 23 -11 42 0 0.00 M M 7.6 14 140 M M 1 18 140
3 39 23 31 -3 34 0 0.02 M M 7.2 15 310 M M 2 1 18 320
4 28 5 17 -17 48 0 0.09 M M 3.7 10 310 M M 7 128 12 310
5 40 4 22 -12 43 0 0.00 M M 0.9 7 220 M M 3 1 9 330
6 42 10 26 -8 39 0 0.00 M M 3.8 12 190 M M 1 8 15 160
7 41 10 26 -7 39 0 0.00 M M 5.9 13 150 M M 0 17 170
8 41 26 34 1 31 0 T M M 8.4 20 170 M M 7 26 160
9 42 20 31 -2 34 0 T M M 11.4 24 170 M M 7 33 160
10 50 38 44 11 21 0 T M M 11.7 25 180 M M 4 39 190
11 38 34 36 3 29 0 1.09 M M 5.6 13 280 M M 9 12 16 280
12 38 13 26 -7 39 0 0.01 M M 1.0 7 150 M M 6 128 8 150
13 33 8 21 -11 44 0 0.00 M M 2.6 9 150 M M 3 18 10 150
14 33 13 23 -9 42 0 0.00 M M 3.6 12 330 M M 6 1 15 330
15 28 10 19 -13 46 0 0.00 M M 1.9 8 170 M M 7 128 9 170
16 29 3 16 -16 49 0 T M M 1.6 8 90 M M 4 128 8 50
17 32 2 17 -15 48 0 0.00 M M 2.7 14 170 M M 0 17 160
18 39 -3 18 -14 47 0 0.00 M M 2.8 12 230 M M 1 13 190
19 39 8 24 -8 41 0 0.00 M M 4.0 10 170 M M 1 13 150
20 48 17 33 1 32 0 0.00 M M 6.8 17 270 M M 2 23 270
21 42 11 27 -5 38 0 T M M 12.2 21 330 M M 3 1 24 270
22 11 5 8 -24 57 0 0.04 M M 7.4 17 330 M M 10 18 21 320
23 37 7 22 -10 43 0 T M M 1.7 8 90 M M 8 1468 10 90
24 48 29 39 7 26 0 0.07 M M 7.4 23 180 M M 5 29 170
25 51 34 43 11 22 0 0.02 M M 5.9 15 170 M M 2 17 170
26 55 45 50 18 15 0 0.01 M M 12.3 32 180 M M 6 44 180
27 50 35 43 11 22 0 0.05 M M 14.7 31 210 M M 8 1 42 210
28 46 33 40 7 25 0 0.00 M M 6.6 20 300 M M 4 25 310
29 49 33 41 8 24 0 0.21 M M 8.0 20 160 M M 7 1 28 150
30 45 33 39 6 26 0 0.28 M M 5.9 15 190 M M 7 1 20 210
31 45 26 36 3 29 0 0.00 M M 2.4 8 20 M M 2 12 280
================================================================================
SM 1233 564 1109 0 1.91 M 183.6 M 140
================================================================================
AV 39.8 18.2 5.9 FASTST M M 5 MAX(MPH)
MISC ----> 32 180 44 180
================================================================================
NOTES:
# LAST OF SEVERAL OCCURRENCES
COLUMN 17 PEAK WIND IN M.P.H.
PRELIMINARY LOCAL CLIMATOLOGICAL DATA (WS FORM: F-6) , PAGE 2
STATION: REDMOND OR
MONTH: DECEMBER
YEAR: 2022
LATITUDE: 44 16 N
LONGITUDE: 121 9 W
[TEMPERATURE DATA] [PRECIPITATION DATA] SYMBOLS USED IN COLUMN 16
AVERAGE MONTHLY: 29.0 TOTAL FOR MONTH: 1.91 1 = FOG OR MIST
DPTR FM NORMAL: -3.8 DPTR FM NORMAL: 0.94 2 = FOG REDUCING VISIBILITY
HIGHEST: 55 ON 26 GRTST 24HR 1.09 ON 11-11 TO 1/4 MILE OR LESS
LOWEST: -3 ON 18 3 = THUNDER
SNOW, ICE PELLETS, HAIL 4 = ICE PELLETS
TOTAL MONTH: M 5 = HAIL
GRTST 24HR M ON M 6 = FREEZING RAIN OR DRIZZLE
GRTST DEPTH: M ON M 7 = DUSTSTORM OR SANDSTORM:
VSBY 1/2 MILE OR LESS
8 = SMOKE OR HAZE
[NO. OF DAYS WITH] [WEATHER - DAYS WITH] 9 = BLOWING SNOW
X = TORNADO
MAX 32 OR BELOW: 5 0.01 INCH OR MORE: 12
MAX 90 OR ABOVE: 0 0.10 INCH OR MORE: 3
MIN 32 OR BELOW: 23 0.50 INCH OR MORE: 1
MIN 0 OR BELOW: 1 1.00 INCH OR MORE: 1
[HDD (BASE 65) ]
TOTAL THIS MO. 1109 CLEAR (SCALE 0-3) 12
DPTR FM NORMAL 111 PTCLDY (SCALE 4-7) 17
TOTAL FM JUL 1 2493 CLOUDY (SCALE 8-10) 2
DPTR FM NORMAL -78
[CDD (BASE 65) ]
TOTAL THIS MO. 0
DPTR FM NORMAL 0 [PRESSURE DATA]
TOTAL FM JAN 1 569 HIGHEST SLP 30.59 ON 22
DPTR FM NORMAL 252 LOWEST SLP 29.12 ON 27
[REMARKS]
#FINAL-12-22#