000
CXUS52 KRAH 010945
CF6RDU
PRELIMINARY LOCAL CLIMATOLOGICAL DATA (WS FORM: F-6)
STATION: RALEIGH NC
MONTH: DECEMBER
YEAR: 2023
LATITUDE: 35 52 N
LONGITUDE: 78 47 W
TEMPERATURE IN F: :PCPN: SNOW: WIND :SUNSHINE: SKY :PK WND
================================================================================
1 2 3 4 5 6A 6B 7 8 9 10 11 12 13 14 15 16 17 18
12Z AVG MX 2MIN
DY MAX MIN AVG DEP HDD CDD WTR SNW DPTH SPD SPD DIR MIN PSBL S-S WX SPD DR
================================================================================
1 67 35 51 4 14 0 T 0.0 0 3.6 13 180 M M 9 18 160
2 69 64 67 20 0 2 0.06 0.0 0 4.9 15 200 M M 10 18 21 180
3 71 60 66 19 0 1 T 0.0 0 7.8 17 230 M M 10 1 24 230
4 64 43 54 7 11 0 0.00 0.0 0 2.2 16 220 M M 5 20 230
5 61 35 48 1 17 0 0.07 0.0 0 1.9 12 300 M M 3 1 21 250
6 52 35 44 -2 21 0 0.02 0.0 0 3.9 15 10 M M 5 27 340
7 55 29 42 -4 23 0 0.00 0.0 0 5.5 16 230 M M 3 22 230
8 64 37 51 5 14 0 0.00 0.0 0 7.3 16 230 M M 7 19 220
9 72 46 59 13 6 0 0.00 0.0 0 6.3 14 190 M M 7 21 230
10 68 46 57 11 8 0 2.41 0.0 0 9.9 29 210 M M 10 13 40 220
11 50 36 43 -2 22 0 0.34 0.0 0 4.6 16 50 M M 5 1 27 330
12 53 27 40 -5 25 0 0.00 0.0 0 1.5 9 220 M M 1 12 230
13 60 31 46 1 19 0 0.00 0.0 0 1.5 10 340 M M 7 16 330
14 53 30 42 -3 23 0 0.00 0.0 0 2.4 14 80 M M 1 21 80
15 61 28 45 0 20 0 0.00 0.0 0 0.7 7 210 M M 0 10 220
16 61 29 45 1 20 0 0.00 0.0 0 3.8 12 80 M M 5 20 120
17 57 49 53 9 12 0 2.85 0.0 0 10.5 24 40 M M 10 1 35 50
18 59 40 50 6 15 0 T 0.0 0 9.2 18 260 M M 4 35 330
19 47 30 39 -5 26 0 0.00 0.0 0 5.3 14 350 M M 0 27 350
20 50 27 39 -5 26 0 0.00 0.0 0 1.9 7 310 M M 2 11 250
21 61 27 44 0 21 0 0.00 0.0 0 0.8 7 210 M M 5 9 220
22 61 33 47 4 18 0 0.00 0.0 0 2.3 8 210 M M 8 13 130
23 62 39 51 8 14 0 0.00 0.0 0 2.6 8 120 M M 7 14 130
24 68 38 53 10 12 0 0.00 0.0 0 1.3 7 220 M M 5 12 130
25 66 40 53 10 12 0 T 0.0 0 6.3 15 90 M M 8 23 30
26 63 54 59 16 6 0 0.62 0.0 0 8.9 14 40 M M 10 1 23 80
27 66 56 61 18 4 0 0.64 0.0 0 6.1 16 80 M M 10 12 23 80
28 60 44 52 9 13 0 0.00 0.0 0 4.3 12 230 M M 7 1 15 230
29 57 36 47 5 18 0 T 0.0 0 4.5 15 290 M M 5 27 280
30 52 31 42 0 23 0 0.00 0.0 0 5.8 16 260 M M 3 28 270
31 55 29 42 0 23 0 0.00 0.0 0 3.4 14 220 M M 0 18 230
================================================================================
SM 1865 1184 486 3 7.01 0.0 141.0 M 172
================================================================================
AV 60.2 38.2 4.5 FASTST M M 6 MAX(MPH)
MISC ----> 29 210 40 220
================================================================================
NOTES:
# LAST OF SEVERAL OCCURRENCES
COLUMN 17 PEAK WIND IN M.P.H.
PRELIMINARY LOCAL CLIMATOLOGICAL DATA (WS FORM: F-6) , PAGE 2
STATION: RALEIGH NC
MONTH: DECEMBER
YEAR: 2023
LATITUDE: 35 52 N
LONGITUDE: 78 47 W
[TEMPERATURE DATA] [PRECIPITATION DATA] SYMBOLS USED IN COLUMN 16
AVERAGE MONTHLY: 49.2 TOTAL FOR MONTH: 7.01 1 = FOG OR MIST
DPTR FM NORMAL: 4.6 DPTR FM NORMAL: 3.62 2 = FOG REDUCING VISIBILITY
HIGHEST: 72 ON 9 GRTST 24HR 2.85 ON 17-17 TO 1/4 MILE OR LESS
LOWEST: 27 ON 21,20 3 = THUNDER
SNOW, ICE PELLETS, HAIL 4 = ICE PELLETS
TOTAL MONTH: 0.0 INCH 5 = HAIL
GRTST 24HR 0.0 6 = FREEZING RAIN OR DRIZZLE
GRTST DEPTH: 0 7 = DUSTSTORM OR SANDSTORM:
VSBY 1/2 MILE OR LESS
8 = SMOKE OR HAZE
[NO. OF DAYS WITH] [WEATHER - DAYS WITH] 9 = BLOWING SNOW
X = TORNADO
MAX 32 OR BELOW: 0 0.01 INCH OR MORE: 8
MAX 90 OR ABOVE: 0 0.10 INCH OR MORE: 5
MIN 32 OR BELOW: 11 0.50 INCH OR MORE: 4
MIN 0 OR BELOW: 0 1.00 INCH OR MORE: 2
[HDD (BASE 65) ]
TOTAL THIS MO. 486 CLEAR (SCALE 0-3) 8
DPTR FM NORMAL -150 PTCLDY (SCALE 4-7) 16
TOTAL FM JUL 1 976 CLOUDY (SCALE 8-10) 7
DPTR FM NORMAL -248
[CDD (BASE 65) ]
TOTAL THIS MO. 3
DPTR FM NORMAL 1 [PRESSURE DATA]
TOTAL FM JAN 1 1923 HIGHEST SLP 30.77 ON 14
DPTR FM NORMAL 119 LOWEST SLP 29.28 ON 18
[REMARKS]
#FINAL-12-23#