000
CXUS56 KBOI 011002
CF6REO
PRELIMINARY LOCAL CLIMATOLOGICAL DATA (WS FORM: F-6)
STATION: ROME OR
MONTH: OCTOBER
YEAR: 2023
LATITUDE: 42 35 N
LONGITUDE: 117 52 W
TEMPERATURE IN F: :PCPN: SNOW: WIND :SUNSHINE: SKY :PK WND
================================================================================
1 2 3 4 5 6A 6B 7 8 9 10 11 12 13 14 15 16 17 18
12Z AVG MX 2MIN
DY MAX MIN AVG DEP HDD CDD WTR SNW DPTH SPD SPD DIR MIN PSBL S-S WX SPD DR
================================================================================
1 46 43 45 -11 20 0 0.23 M M 4.2 13 320 M M 0 16 330
2 60 45 53 -2 12 0 0.05 M M 5.2 14 260 M M 0 19 280
3 62 44 53 -2 12 0 0.20 M M 6.1 15 310 M M 0 20 320
4 69 38 54 0 11 0 0.00 M M 5.1 10 160 M M 0 15 300
5 73 38 56 2 9 0 0.00 M M 3.9 12 40 M M 0 17 40
6 76 38 57 3 8 0 0.00 M M 5.2 10 50 M M 0 15 20
7 80 37 59 6 6 0 0.00 M M 3.0 9 140 M M 0 11 160
8 85 40 63 10 2 0 0.00 M M 6.0 16 230 M M 0 24 230
9 79 45 62 10 3 0 0.00 M M 11.7 43 220 M M 0 63 220
10 61 44 53 1 12 0 0.03 M M 10.8 23 220 M M 0 31 240
11 51 35 43 -8 22 0 0.07 M M 5.4 17 320 M M 0 28 330
12 58 37 48 -3 17 0 0.00 M M 4.2 10 160 M M 0 13 160
13 66 26 46 -5 19 0 0.00 M M 4.6 16 160 M M 0 21 150
14 71 47 59 9 6 0 0.00 M M 5.4 15 200 M M 0 22 220
15 79 42 61 11 4 0 0.00 M M 6.2 18 170 M M 0 24 160
16 78 42 60 11 5 0 0.00 M M 5.8 15 220 M M 0 20 240
17 72 38 55 6 10 0 0.00 M M 4.2 12 60 M M 0 16 210
18 79 37 58 9 7 0 0.00 M M 5.0 10 150 M M 0 15 50
19 83 37 60 12 5 0 0.00 M M 5.1 13 150 M M 0 14 160
20 81 35 58 10 7 0 0.00 M M 4.2 12 160 M M 0 14 230
21 80 39 60 13 5 0 0.00 M M 5.8 13 160 M M 0 17 160
22 74 47 61 14 4 0 0.00 M M 6.3 20 30 M M 0 24 220
23 65 34 50 3 15 0 0.00 M M 5.3 10 150 M M 0 13 260
24 64 29 47 1 18 0 0.00 M M 7.1 24 250 M M 0 35 270
25 59 35 47 1 18 0 0.08 M M 10.3 29 260 M M 0 42 250
26 47 26 37 -8 28 0 0.00 M M 6.4 14 150 M M 0 20 230
27 49 20 35 -10 30 0 0.00 M M 6.1 12 10 M M 0 17 10
28 43 18 31 -14 34 0 0.00 M M 7.1 14 10 M M 0 20 40
29 47 10 29 -15 36 0 0.00 M M 3.8 9 160 M M 0 11 160
30 53 13 33 -11 32 0 0.00 M M 3.8 9 160 M M 0 13 50
31 56 15 36 -8 29 0 0.00 M M 4.1 10 90 M M 0 11 90
================================================================================
SM 2046 1074 446 0 0.66 M 177.4 M 0
================================================================================
AV 66.0 34.6 5.7 FASTST M M 0 MAX(MPH)
MISC ----> 43 220 63 220
================================================================================
NOTES:
# LAST OF SEVERAL OCCURRENCES
COLUMN 17 PEAK WIND IN M.P.H.
PRELIMINARY LOCAL CLIMATOLOGICAL DATA (WS FORM: F-6) , PAGE 2
STATION: ROME OR
MONTH: OCTOBER
YEAR: 2023
LATITUDE: 42 35 N
LONGITUDE: 117 52 W
[TEMPERATURE DATA] [PRECIPITATION DATA] SYMBOLS USED IN COLUMN 16
AVERAGE MONTHLY: 50.3 TOTAL FOR MONTH: 0.66 1 = FOG OR MIST
DPTR FM NORMAL: 0.8 DPTR FM NORMAL: -0.00 2 = FOG REDUCING VISIBILITY
HIGHEST: 85 ON 8 GRTST 24HR 0.38 ON 30- 1 TO 1/4 MILE OR LESS
LOWEST: 10 ON 29 3 = THUNDER
SNOW, ICE PELLETS, HAIL 4 = ICE PELLETS
TOTAL MONTH: M 5 = HAIL
GRTST 24HR M ON M 6 = FREEZING RAIN OR DRIZZLE
GRTST DEPTH: M ON M 7 = DUSTSTORM OR SANDSTORM:
VSBY 1/2 MILE OR LESS
8 = SMOKE OR HAZE
[NO. OF DAYS WITH] [WEATHER - DAYS WITH] 9 = BLOWING SNOW
X = TORNADO
MAX 32 OR BELOW: 0 0.01 INCH OR MORE: 6
MAX 90 OR ABOVE: 0 0.10 INCH OR MORE: 2
MIN 32 OR BELOW: 8 0.50 INCH OR MORE: 0
MIN 0 OR BELOW: 0 1.00 INCH OR MORE: 0
[HDD (BASE 65) ]
TOTAL THIS MO. 446 CLEAR (SCALE 0-3) 31
DPTR FM NORMAL -39 PTCLDY (SCALE 4-7) 0
TOTAL FM JUL 1 583 CLOUDY (SCALE 8-10) 0
DPTR FM NORMAL -73
[CDD (BASE 65) ]
TOTAL THIS MO. 0
DPTR FM NORMAL -3 [PRESSURE DATA]
TOTAL FM JAN 1 664 HIGHEST SLP M ON M
DPTR FM NORMAL 5 LOWEST SLP 29.56 ON 10
[REMARKS]
#FINAL-10-23#