000
CXUS53 KGRB 011506
CF6RHI
PRELIMINARY LOCAL CLIMATOLOGICAL DATA (WS FORM: F-6)
STATION: RHINELANDER WI
MONTH: MARCH
YEAR: 2020
LATITUDE: 45 37 N
LONGITUDE: 89 27 W
TEMPERATURE IN F: :PCPN: SNOW: WIND :SUNSHINE: SKY :PK WND
================================================================================
1 2 3 4 5 6A 6B 7 8 9 10 11 12 13 14 15 16 17 18
12Z AVG MX 2MIN
DY MAX MIN AVG DEP HDD CDD WTR SNW DPTH SPD SPD DIR MIN PSBL S-S WX SPD DR
================================================================================
1 44 25 35 14 30 0 0.00 0.0 14 9.1 21 280 M M 0 34 280
2 37 23 30 9 35 0 0.00 0.0 13 10.4 20 270 M M 5 23 290
3 37 23 30 8 35 0 0.01 0.2 13 10.5 23 270 M M 1 18 33 290
4 35 19 27 5 38 0 0.00 0.0 13 7.3 13 280 M M 3 25 280
5 35 23 29 7 36 0 0.24 2.6 15 10.5 22 360 M M 10 12 38 10
6 35 16 26 3 39 0 0.00 0.0 15 5.1 16 350 M M 4 30 350
7 44 13 29 6 36 0 0.00 0.0 14 10.4 22 210 M M 0 33 220
8 50 38 44 20 21 0 0.00 0.0 10 11.3 21 200 M M 0 30 210
9 48 22 35 11 30 0 T T 9 6.8 13 10 M M 4 18 21 20
10 41 17 29 5 36 0 T T 8 5.6 16 240 M M 4 1 23 240
11 39 29 34 9 31 0 T T 8 5.2 15 210 M M 7 18 22 210
12 39 31 35 10 30 0 0.46 T 6 10.3 24 290 M M 10 1 40 290
13 32 22 27 1 38 0 0.00 0.0 6 14.7 30 270 M M 6 42 270
14 27 18 23 -3 42 0 0.00 0.0 6 4.3 10 40 M M 7 16 30
15 35 8 22 -4 43 0 0.00 0.0 6 4.5 13 110 M M 1 17 110
16 33 25 29 2 36 0 0.01 0.2 6 9.4 21 290 M M 9 1 30 280
17 37 17 27 0 38 0 T T 6 10.2 22 270 M M 1 30 260
18 37 30 34 6 31 0 0.00 0.0 6 5.4 10 120 M M 10 15 170
19 36 31 34 6 31 0 0.63 0.7 6 6.5 13 360 M M 10 1 26 360
20 31 7 19 -10 46 0 T T 6 8.4 20 360 M M 6 1 34 30
21 29 1 15 -14 50 0 0.00 0.0 6 4.4 14 150 M M 0 20 150
22 34 18 26 -4 39 0 T T 6 9.8 18 140 M M 9 29 170
23 38 24 31 1 34 0 0.03 0.6 6 4.7 14 280 M M 9 18 17 280
24 43 19 31 0 34 0 0.00 0.0 5 4.9 13 200 M M 7 1 19 170
25 40 33 37 6 28 0 0.53 0.0 4 6.2 13 210 M M 10 18 19 200
26 44 28 36 4 29 0 0.00 0.0 4 1.6 7 100 M M 5 1 9 350
27 50 22 36 4 29 0 0.00 0.0 2 4.1 13 90 M M 4 12 16 220
28 44 34 39 7 26 0 0.64 0.0 1 12.1 30 90 M M 10 138 48 100
29 37 33 35 2 30 0 0.34 T 1 8.5 22 90 M M 10 1 31 90
30 47 30 39 5 26 0 T T 1 8.1 16 10 M M 5 1 32 20
31 39 27 33 -1 32 0 0.00 0.0 1 4.7 13 40 M M 7 18 40
================================================================================
SM 1197 706 1059 0 2.89 4.3 235.0 M 174
================================================================================
AV 38.6 22.8 7.6 FASTST M M 6 MAX(MPH)
MISC ----> # 30 270 # 48 100
================================================================================
NOTES:
# LAST OF SEVERAL OCCURRENCES
COLUMN 17 PEAK WIND IN M.P.H.
PRELIMINARY LOCAL CLIMATOLOGICAL DATA (WS FORM: F-6) , PAGE 2
STATION: RHINELANDER WI
MONTH: MARCH
YEAR: 2020
LATITUDE: 45 37 N
LONGITUDE: 89 27 W
[TEMPERATURE DATA] [PRECIPITATION DATA] SYMBOLS USED IN COLUMN 16
AVERAGE MONTHLY: 30.7 TOTAL FOR MONTH: 2.89 1 = FOG OR MIST
DPTR FM NORMAL: 3.6 DPTR FM NORMAL: 1.32 2 = FOG REDUCING VISIBILITY
HIGHEST: 50 ON 27, 8 GRTST 24HR 0.64 ON 28-28 TO 1/4 MILE OR LESS
LOWEST: 1 ON 21 3 = THUNDER
SNOW, ICE PELLETS, HAIL 4 = ICE PELLETS
TOTAL MONTH: 4.3 INCHES 5 = HAIL
GRTST 24HR 2.6 ON 5- 5 6 = FREEZING RAIN OR DRIZZLE
GRTST DEPTH: 15 ON 6, 5 7 = DUSTSTORM OR SANDSTORM:
VSBY 1/2 MILE OR LESS
8 = SMOKE OR HAZE
[NO. OF DAYS WITH] [WEATHER - DAYS WITH] 9 = BLOWING SNOW
X = TORNADO
MAX 32 OR BELOW: 4 0.01 INCH OR MORE: 9
MAX 90 OR ABOVE: 0 0.10 INCH OR MORE: 6
MIN 32 OR BELOW: 27 0.50 INCH OR MORE: 3
MIN 0 OR BELOW: 0 1.00 INCH OR MORE: 0
[HDD (BASE 65) ]
TOTAL THIS MO. 1059 CLEAR (SCALE 0-3) 7
DPTR FM NORMAL -114 PTCLDY (SCALE 4-7) 14
TOTAL FM JUL 1 7547 CLOUDY (SCALE 8-10) 10
DPTR FM NORMAL -248
[CDD (BASE 65) ]
TOTAL THIS MO. 0
DPTR FM NORMAL 0 [PRESSURE DATA]
TOTAL FM JAN 1 0 HIGHEST SLP 30.78 ON 15
DPTR FM NORMAL 0 LOWEST SLP 29.36 ON 29
[REMARKS]
#FINAL-03-20#