000
CXUS51 KAKQ 022150
CF6RIC
PRELIMINARY LOCAL CLIMATOLOGICAL DATA (WS FORM: F-6)
STATION: RICHMOND VA
MONTH: AUGUST
YEAR: 2021
LATITUDE: 37 30 N
LONGITUDE: 77 20 W
TEMPERATURE IN F: :PCPN: SNOW: WIND :SUNSHINE: SKY :PK WND
================================================================================
1 2 3 4 5 6A 6B 7 8 9 10 11 12 13 14 15 16 17 18
12Z AVG MX 2MIN
DY MAX MIN AVG DEP HDD CDD WTR SNW DPTH SPD SPD DIR MIN PSBL S-S WX SPD DR
================================================================================
1 85 70 78 -1 0 13 0.80 0.0 0 6.2 16 100 M M 8 1 18 110
2 83 67 75 -4 0 10 T 0.0 0 6.9 16 10 M M 4 22 360
3 77 66 72 -7 0 7 T 0.0 0 5.7 12 70 M M 9 15 50
4 81 65 73 -6 0 8 0.00 0.0 0 8.5 20 20 M M 6 25 30
5 86 62 74 -5 0 9 0.00 0.0 0 3.8 12 190 M M 2 14 200
6 87 63 75 -4 0 10 0.00 0.0 0 4.4 15 140 M M 5 20 150
7 75 68 72 -6 0 7 1.74 0.0 0 6.4 17 10 M M 9 1 22 40
8 87 67 77 -1 0 12 0.00 0.0 0 4.5 10 150 M M 6 12 150
9 90 70 80 2 0 15 0.00 0.0 0 6.8 15 220 M M 2 24 180
10 92 73 83 5 0 18 0.12 0.0 0 8.4 21 360 M M 4 13 23 360
11 94 72 83 5 0 18 0.03 0.0 0 7.6 30 330 M M 5 3 37 330
12 95 73 84 6 0 19 0.00 0.0 0 6.3 13 200 M M 3 16 200
13 95 74 85 7 0 20 0.04 0.0 0 5.2 32 320 M M 3 1 41 310
14 94 73 84 6 0 19 0.95 0.0 0 6.0 22 340 M M 7 13 24 340
15 87 71 79 1 0 14 0.61 0.0 0 3.8 17 10 M M 9 13 21 10
16 85 72 79 1 0 14 1.34 0.0 0 5.0 18 130 M M 9 1 23 150
17 89 72 81 3 0 16 0.18 0.0 0 5.1 17 130 M M 8 13 22 130
18 87 76 82 4 0 17 0.03 0.0 0 10.3 18 150 M M 6 1 24 150
19 93 75 84 7 0 19 0.00 0.0 0 6.1 17 350 M M 5 22 350
20 85 73 79 2 0 14 0.78 0.0 0 6.6 14 360 M M 8 13 18 50
21 88 72 80 3 0 15 0.00 0.0 0 4.6 14 30 M M 5 17 40
22 91 71 81 4 0 16 0.32 0.0 0 5.4 17 110 M M 6 1 28 20
23 92 70 81 4 0 16 0.00 0.0 0 5.3 12 270 M M 5 14 290
24 95 74 85 8 0 20 0.00 0.0 0 4.5 13 20 M M 2 17 10
25 93 73 83 6 0 18 0.00 0.0 0 2.9 10 140 M M 2 1 13 130
26 94 75 85 9 0 20 0.00 0.0 0 4.0 14 170 M M 3 1 17 220
27 93 75 84 8 0 19 0.00 0.0 0 7.2 18 210 M M 1 22 220
28 94 73 84 8 0 19 0.02 0.0 0 5.8 26 330 M M 3 13 34 310
29 87 73 80 4 0 15 0.00 0.0 0 4.1 9 50 M M 7 1 12 20
30 94 72 83 7 0 18 0.25 0.0 0 5.7 23 310 M M 5 13 27 310
31 88 70 79 3 0 14 0.00 0.0 0 4.1 9 150 M M 6 13 180
================================================================================
SM 2756 2200 0 469 7.21 0.0 177.2 M 163
================================================================================
AV 88.9 71.0 5.7 FASTST M M 5 MAX(MPH)
MISC ----> 32 320 41 310
================================================================================
NOTES:
# LAST OF SEVERAL OCCURRENCES
COLUMN 17 PEAK WIND IN M.P.H.
PRELIMINARY LOCAL CLIMATOLOGICAL DATA (WS FORM: F-6) , PAGE 2
STATION: RICHMOND VA
MONTH: AUGUST
YEAR: 2021
LATITUDE: 37 30 N
LONGITUDE: 77 20 W
[TEMPERATURE DATA] [PRECIPITATION DATA] SYMBOLS USED IN COLUMN 16
AVERAGE MONTHLY: 79.9 TOTAL FOR MONTH: 7.21 1 = FOG OR MIST
DPTR FM NORMAL: 2.4 DPTR FM NORMAL: 2.31 2 = FOG REDUCING VISIBILITY
HIGHEST: 95 ON 24,13 GRTST 24HR 1.92 ON 15-16 TO 1/4 MILE OR LESS
LOWEST: 62 ON 5 3 = THUNDER
SNOW, ICE PELLETS, HAIL 4 = ICE PELLETS
TOTAL MONTH: 0.0 INCH 5 = HAIL
GRTST 24HR 0.0 6 = FREEZING RAIN OR DRIZZLE
GRTST DEPTH: 0 7 = DUSTSTORM OR SANDSTORM:
VSBY 1/2 MILE OR LESS
8 = SMOKE OR HAZE
[NO. OF DAYS WITH] [WEATHER - DAYS WITH] 9 = BLOWING SNOW
X = TORNADO
MAX 32 OR BELOW: 0 0.01 INCH OR MORE: 14
MAX 90 OR ABOVE: 15 0.10 INCH OR MORE: 10
MIN 32 OR BELOW: 0 0.50 INCH OR MORE: 6
MIN 0 OR BELOW: 0 1.00 INCH OR MORE: 2
[HDD (BASE 65) ]
TOTAL THIS MO. 0 CLEAR (SCALE 0-3) 7
DPTR FM NORMAL 0 PTCLDY (SCALE 4-7) 20
TOTAL FM JUL 1 0 CLOUDY (SCALE 8-10) 4
DPTR FM NORMAL 0
[CDD (BASE 65) ]
TOTAL THIS MO. 469
DPTR FM NORMAL 80 [PRESSURE DATA]
TOTAL FM JAN 1 1439 HIGHEST SLP 30.22 ON 28
DPTR FM NORMAL 129 LOWEST SLP 29.78 ON 31
[REMARKS]
#FINAL-08-21#