000
CXUS56 KSGX 011045
CF6RIV
PRELIMINARY LOCAL CLIMATOLOGICAL DATA (WS FORM: F-6)
STATION: RIVERSIDE/MARCH ARB CA
MONTH: SEPTEMBER
YEAR: 2021
LATITUDE: 33 53 N
LONGITUDE: 117-15 E
TEMPERATURE IN F: :PCPN: SNOW: WIND :SUNSHINE: SKY :PK WND
================================================================================
1 2 3 4 5 6A 6B 7 8 9 10 11 12 13 14 15 16 17 18
12Z AVG MX 2MIN
DY MAX MIN AVG DEP HDD CDD WTR SNW DPTH SPD SPD DIR MIN PSBL S-S WX SPD DR
================================================================================
1 84 64 74 M 0 9 0.00 M M 5.8 10 300 M M 5 1 M M
2 86 63 75 M 0 10 0.00 M M 5.0 12 310 M M 3 M M
3 95 63 79 M 0 14 0.00 M M 4.4 13 300 M M 0 M M
4 100 66 83 M 0 18 0.00 M M 4.6 13 290 M M 1 18 290
5 104 70 87 M 0 22 0.00 M M 5.5 17 300 M M 1 M M
6 97 68 83 M 0 18 0.00 M M 6.3 15 310 M M 1 M M
7 95 70 83 M 0 18 0.00 M M 4.5 14 310 M M 1 M M
8 97 68 83 M 0 18 0.00 M M 5.2 10 310 M M 1 M M
9 99 72 86 M 0 21 0.00 M M 6.5 15 310 M M 3 21 300
10 100 73 87 M 0 22 0.00 M M 6.9 16 300 M M 2 20 300
11 102 72 87 M 0 22 0.00 M M 5.1 13 280 M M 1 20 280
12 95 70 83 M 0 18 0.00 M M 4.6 14 300 M M 0 18 310
13 99 70 85 M 0 20 0.00 M M 4.8 16 300 M M 0 M M
14 97 64 81 M 0 16 0.00 M M 4.4 14 310 M M 0 M M
15 90 61 76 M 0 11 0.00 M M 4.9 13 300 M M 0 M M
16 82 57 70 M 0 5 0.00 M M 4.0 12 310 M M 1 128 M M
17 86 57 72 M 0 7 0.00 M M 5.4 10 310 M M 3 1 M M
18 84 59 72 M 0 7 0.00 M M 6.7 13 310 M M 3 M M
19 82 59 71 M 0 6 0.00 M M 4.0 12 300 M M 0 M M
20 93 61 77 M 0 12 0.00 M M 4.7 12 300 M M 0 M M
21 100 64 82 M 0 17 0.00 M M 3.9 13 280 M M 0 M M
22 100 70 85 M 0 20 0.00 M M 4.9 20 300 M M 1 27 300
23 91 70 81 M 0 16 0.00 M M 4.8 14 300 M M 5 M M
24 90 66 78 M 0 13 0.11 M M 3.3 14 310 M M 5 3 M M
25 88 64 76 M 0 11 0.00 M M 6.5 14 300 M M 5 17 310
26 79 61 70 M 0 5 0.00 M M 5.8 14 320 M M 4 18 17 330
27 77 61 69 M 0 4 T M M 4.6 12 330 M M 7 18 18 330
28 75 59 67 M 0 2 0.00 M M 5.6 12 300 M M 8 1 20 300
29 81 59 70 M 0 5 0.00 M M 5.9 13 310 M M 4 M M
30 91 55 73 M 0 8 0.00 M M 5.4 21 320 M M 0 27 320
================================================================================
SM 2739 1936 0 395 0.11 M 153.9 M 65
================================================================================
AV 91.3 64.5 5.1 FASTST M M 2 MAX(MPH)
MISC ----> 21 320 # 27 300
================================================================================
NOTES:
# LAST OF SEVERAL OCCURRENCES
COLUMN 17 PEAK WIND IN M.P.H.
PRELIMINARY LOCAL CLIMATOLOGICAL DATA (WS FORM: F-6) , PAGE 2
STATION: RIVERSIDE/MARCH ARB CA
MONTH: SEPTEMBER
YEAR: 2021
LATITUDE: 33 53 N
LONGITUDE: 117-15 E
[TEMPERATURE DATA] [PRECIPITATION DATA] SYMBOLS USED IN COLUMN 16
AVERAGE MONTHLY: 77.9 TOTAL FOR MONTH: 0.11 1 = FOG OR MIST
DPTR FM NORMAL: 0.0 DPTR FM NORMAL: M 2 = FOG REDUCING VISIBILITY
HIGHEST: 104 ON 5 GRTST 24HR 0.11 ON 24-24 TO 1/4 MILE OR LESS
LOWEST: 55 ON 30 3 = THUNDER
SNOW, ICE PELLETS, HAIL 4 = ICE PELLETS
TOTAL MONTH: M 5 = HAIL
GRTST 24HR M ON M 6 = FREEZING RAIN OR DRIZZLE
GRTST DEPTH: M ON M 7 = DUSTSTORM OR SANDSTORM:
VSBY 1/2 MILE OR LESS
8 = SMOKE OR HAZE
[NO. OF DAYS WITH] [WEATHER - DAYS WITH] 9 = BLOWING SNOW
X = TORNADO
MAX 32 OR BELOW: 0 0.01 INCH OR MORE: 1
MAX 90 OR ABOVE: 19 0.10 INCH OR MORE: 1
MIN 32 OR BELOW: 0 0.50 INCH OR MORE: 0
MIN 0 OR BELOW: 0 1.00 INCH OR MORE: 0
[HDD (BASE 65) ]
TOTAL THIS MO. 0 CLEAR (SCALE 0-3) 22
DPTR FM NORMAL M PTCLDY (SCALE 4-7) 8
TOTAL FM JUL 1 0 CLOUDY (SCALE 8-10) 0
DPTR FM NORMAL M
[CDD (BASE 65) ]
TOTAL THIS MO. 395
DPTR FM NORMAL M [PRESSURE DATA]
TOTAL FM JAN 1 1706 HIGHEST SLP M ON M
DPTR FM NORMAL M LOWEST SLP M ON M
[REMARKS]
#FINAL-09-21#