000
CXUS54 KCRP 011210
CF6RKP
PRELIMINARY LOCAL CLIMATOLOGICAL DATA (WS FORM: F-6)
STATION: ROCKPORT
MONTH: AUGUST
YEAR: 2021
LATITUDE: 28 4 N
LONGITUDE: 97 3 W
TEMPERATURE IN F: :PCPN: SNOW: WIND :SUNSHINE: SKY :PK WND
================================================================================
1 2 3 4 5 6A 6B 7 8 9 10 11 12 13 14 15 16 17 18
12Z AVG MX 2MIN
DY MAX MIN AVG DEP HDD CDD WTR SNW DPTH SPD SPD DIR MIN PSBL S-S WX SPD DR
================================================================================
1 93 83 88 2 0 23 0.00 0.0 0 9.1 16 140 M M 1 20 150
2 93 81 87 1 0 22 0.00 0.0 0 6.7 15 140 M M 2 13 21 140
3 91 80 86 0 0 21 0.00 0.0 0 4.2 10 150 M M 2 3 13 150
4 91 79 85 -1 0 20 0.19 0.0 0 5.9 13 120 M M 4 13 17 230
5 88 78 83 -3 0 18 0.62 0.0 0 7.5 16 100 M M 4 138 21 100
6 93 77 85 -1 0 20 T 0.0 0 6.9 15 130 M M 1 13 19 160
7 93 81 87 1 0 22 0.00 0.0 0 9.9 16 150 M M 2 8 23 160
8 93 84 89 3 0 24 0.00 0.0 0 11.3 18 150 M M 1 26 150
9 93 84 89 3 0 24 0.00 0.0 0 12.2 18 140 M M 2 25 150
10 93 84 89 3 0 24 0.00 0.0 0 10.0 17 150 M M 2 22 140
11 93 84 89 3 0 24 0.00 0.0 0 9.9 17 140 M M 1 22 140
12 93 80 87 1 0 22 0.00 0.0 0 8.9 17 140 M M 1 1 22 140
13 93 80 87 1 0 22 0.00 0.0 0 7.4 15 140 M M 2 3 19 150
14 92 79 86 0 0 21 0.06 0.0 0 6.1 14 100 M M 2 13 17 110
15 93 78 86 0 0 21 0.00 0.0 0 6.6 14 40 M M 1 38 20 20
16 92 76 84 -2 0 19 0.00 0.0 0 7.0 14 120 M M 1 17 150
17 93 84 89 3 0 24 0.00 0.0 0 9.9 17 140 M M 3 3 22 130
18 94 81 88 2 0 23 0.33 0.0 0 12.8 20 150 M M 3 138 27 150
19 93 85 89 3 0 24 0.00 0.0 0 11.5 18 140 M M 2 24 150
20 93 84 89 3 0 24 0.00 0.0 0 11.3 18 140 M M 1 8 24 150
21 93 85 89 3 0 24 T 0.0 0 11.4 18 140 M M 1 8 23 130
22 93 82 88 2 0 23 0.00 0.0 0 8.1 14 140 M M 2 8 19 130
23 93 81 87 1 0 22 0.01 0.0 0 7.8 15 130 M M 1 18 19 130
24 93 79 86 0 0 21 0.00 0.0 0 7.6 15 130 M M 1 18 20 140
25 93 82 88 3 0 23 0.00 0.0 0 7.4 14 120 M M 1 8 17 120
26 93 78 86 1 0 21 0.00 0.0 0 5.9 15 130 M M 0 1 18 110
27 88 76 82 -3 0 17 0.29 0.0 0 6.9 23 360 M M 2 138 27 110
28 90 77 84 -1 0 19 0.57 0.0 0 7.9 14 120 M M 2 18 19 110
29 92 81 87 2 0 22 0.00 0.0 0 5.8 10 150 M M 2 14 120
30 95 80 88 3 0 23 0.00 0.0 0 6.8 13 180 M M 0 18 21 170
31 93 77 85 0 0 20 0.00 0.0 0 8.5 16 140 M M 1 18 21 150
================================================================================
SM 2866 2500 0 677 2.07 0.0 259.2 M 51
================================================================================
AV 92.5 80.6 8.4 FASTST M M 2 MAX(MPH)
MISC ----> 23 360 # 27 150
================================================================================
NOTES:
# LAST OF SEVERAL OCCURRENCES
COLUMN 17 PEAK WIND IN M.P.H.
PRELIMINARY LOCAL CLIMATOLOGICAL DATA (WS FORM: F-6) , PAGE 2
STATION: ROCKPORT
MONTH: AUGUST
YEAR: 2021
LATITUDE: 28 4 N
LONGITUDE: 97 3 W
[TEMPERATURE DATA] [PRECIPITATION DATA] SYMBOLS USED IN COLUMN 16
AVERAGE MONTHLY: 86.5 TOTAL FOR MONTH: 2.07 1 = FOG OR MIST
DPTR FM NORMAL: 0.7 DPTR FM NORMAL: 0.57 2 = FOG REDUCING VISIBILITY
HIGHEST: 95 ON 30 GRTST 24HR 0.68 ON 27-28 TO 1/4 MILE OR LESS
LOWEST: 76 ON 27,16 3 = THUNDER
SNOW, ICE PELLETS, HAIL 4 = ICE PELLETS
TOTAL MONTH: 0.0 INCH 5 = HAIL
GRTST 24HR 0.0 6 = FREEZING RAIN OR DRIZZLE
GRTST DEPTH: 0 7 = DUSTSTORM OR SANDSTORM:
VSBY 1/2 MILE OR LESS
8 = SMOKE OR HAZE
[NO. OF DAYS WITH] [WEATHER - DAYS WITH] 9 = BLOWING SNOW
X = TORNADO
MAX 32 OR BELOW: 0 0.01 INCH OR MORE: 7
MAX 90 OR ABOVE: 29 0.10 INCH OR MORE: 5
MIN 32 OR BELOW: 0 0.50 INCH OR MORE: 2
MIN 0 OR BELOW: 0 1.00 INCH OR MORE: 0
[HDD (BASE 65) ]
TOTAL THIS MO. 0 CLEAR (SCALE 0-3) 29
DPTR FM NORMAL 0 PTCLDY (SCALE 4-7) 2
TOTAL FM JUL 1 0 CLOUDY (SCALE 8-10) 0
DPTR FM NORMAL 0
[CDD (BASE 65) ]
TOTAL THIS MO. 677
DPTR FM NORMAL 32 [PRESSURE DATA]
TOTAL FM JAN 1 2707 HIGHEST SLP 30.12 ON 14
DPTR FM NORMAL -29 LOWEST SLP 29.73 ON 31
[REMARKS]
#FINAL-08-21#