000
CXUS52 KFFC 011110
CF6RMG
PRELIMINARY LOCAL CLIMATOLOGICAL DATA (WS FORM: F-6)
STATION: ROME
MONTH: FEBRUARY
YEAR: 2020
LATITUDE: 34 20 N
LONGITUDE: 85 10 W
TEMPERATURE IN F: :PCPN: SNOW: WIND :SUNSHINE: SKY :PK WND
================================================================================
1 2 3 4 5 6A 6B 7 8 9 10 11 12 13 14 15 16 17 18
12Z AVG MX 2MIN
DY MAX MIN AVG DEP HDD CDD WTR SNW DPTH SPD SPD DIR MIN PSBL S-S WX SPD DR
================================================================================
1 52 41 47 5 18 0 T 0.0 0 3.5 13 290 M M 10 18 21 300
2 66 33 50 8 15 0 0.00 0.0 0 5.3 15 250 M M 0 20 230
3 78 33 56 14 9 0 0.00 0.0 0 2.8 13 180 M M 0 17 180
4 65 55 60 18 5 0 0.03 0.0 0 3.0 10 230 M M 7 1 17 210
5 70 60 65 23 0 0 0.68 0.0 0 6.6 15 190 M M 8 13 20 190
6 65 47 56 13 9 0 3.12 M 0 5.4 20 260 M M 10 13 30 270
7 47 29 38 -5 27 0 0.01 M 0 8.7 20 280 M M 7 1 29 280
8 46 28 37 -6 28 0 0.17 0.8 0 1.7 8 130 M M 6 1268 11 130
9 58 35 47 4 18 0 0.00 0.0 0 6.4 13 140 M M 6 12 17 150
10 53 40 47 4 18 0 1.90 M 0 3.8 14 310 M M 9 1 16 310
11 73 53 63 20 2 0 0.67 0.0 0 5.2 16 290 M M 9 1 24 220
12 71 49 60 16 5 0 0.07 M 0 5.1 16 190 M M 9 18 24 170
13 69 41 55 11 10 0 0.92 M 0 9.5 20 360 M M 9 13 27 20
14 49 32 41 -3 24 0 0.00 0.0 0 8.1 16 360 M M 0 21 10
15 56 25 41 -3 24 0 0.00 0.0 0 4.4 14 140 M M 0 19 150
16 57 36 47 3 18 0 0.00 0.0 0 2.2 9 130 M M 7 11 150
17 59 39 49 4 16 0 0.00 0.0 0 5.8 14 170 M M 10 12 17 150
18 59 53 56 11 9 0 1.35 0.0 0 3.3 15 350 M M 10 13 18 360
19 56 48 52 7 13 0 0.01 M 0 8.8 17 10 M M 9 22 20
20 49 36 43 -2 22 0 1.25 M 0 9.9 20 360 M M 10 1 25 10
21 47 29 38 -8 27 0 0.00 0.0 0 10.2 20 340 M M 0 26 20
22 56 24 40 -6 25 0 0.00 0.0 0 0.9 12 200 M M 0 15 200
23 54 30 42 -4 23 0 0.00 0.0 0 1.0 8 230 M M 5 12 190
24 50 44 47 1 18 0 0.88 0.0 0 4.0 20 140 M M 10 1 27 130
25 61 47 54 7 11 0 0.04 M 0 3.2 12 250 M M 3 1 16 270
26 52 37 45 -2 20 0 0.05 M 0 6.6 21 290 M M 8 12 27 290
27 49 30 40 -7 25 0 0.00 0.0 0 7.5 18 340 M M 3 25 330
28 52 28 40 -8 25 0 0.00 0.0 0 5.4 18 260 M M 5 25 280
29 56 31 44 M 21 0 0.01 M 0 5.3 21 320 M M 2 27 310
================================================================================
SM 1675 1113 485 0 11.16 0.8 153.6 M 172
================================================================================
AV 57.8 38.4 5.3 FASTST M M 6 MAX(MPH)
MISC ----> # 21 290 # 30 270
================================================================================
NOTES:
# LAST OF SEVERAL OCCURRENCES
COLUMN 17 PEAK WIND IN M.P.H.
PRELIMINARY LOCAL CLIMATOLOGICAL DATA (WS FORM: F-6) , PAGE 2
STATION: ROME
MONTH: FEBRUARY
YEAR: 2020
LATITUDE: 34 20 N
LONGITUDE: 85 10 W
[TEMPERATURE DATA] [PRECIPITATION DATA] SYMBOLS USED IN COLUMN 16
AVERAGE MONTHLY: 48.1 TOTAL FOR MONTH: 11.16 1 = FOG OR MIST
DPTR FM NORMAL: M DPTR FM NORMAL: 6.29 2 = FOG REDUCING VISIBILITY
HIGHEST: 78 ON 3 GRTST 24HR 3.12 ON 6- 6 TO 1/4 MILE OR LESS
LOWEST: 24 ON 22 3 = THUNDER
SNOW, ICE PELLETS, HAIL 4 = ICE PELLETS
TOTAL MONTH: 0.8 INCH 5 = HAIL
GRTST 24HR 0.8 ON 8- 8 6 = FREEZING RAIN OR DRIZZLE
GRTST DEPTH: 0 7 = DUSTSTORM OR SANDSTORM:
VSBY 1/2 MILE OR LESS
8 = SMOKE OR HAZE
[NO. OF DAYS WITH] [WEATHER - DAYS WITH] 9 = BLOWING SNOW
X = TORNADO
MAX 32 OR BELOW: 0 0.01 INCH OR MORE: 16
MAX 90 OR ABOVE: 0 0.10 INCH OR MORE: 9
MIN 32 OR BELOW: 10 0.50 INCH OR MORE: 8
MIN 0 OR BELOW: 0 1.00 INCH OR MORE: 4
[HDD (BASE 65) ]
TOTAL THIS MO. 485 CLEAR (SCALE 0-3) 8
DPTR FM NORMAL -95 PTCLDY (SCALE 4-7) 10
TOTAL FM JUL 1 2060 CLOUDY (SCALE 8-10) 11
DPTR FM NORMAL -1142
[CDD (BASE 65) ]
TOTAL THIS MO. 0
DPTR FM NORMAL 0 [PRESSURE DATA]
TOTAL FM JAN 1 0 HIGHEST SLP 30.55 ON 21
DPTR FM NORMAL 0 LOWEST SLP 29.32 ON 6
[REMARKS]
#FINAL-02-20#