000
CXUS51 KRNK 010755
CLMRNK
CLIMATE REPORT
NATIONAL WEATHER SERVICE BLACKSBURG, VA
255 AM EST FRI DEC 01 2023
...................................
...THE BLACKSBURG VA CLIMATE SUMMARY FOR THE MONTH OF NOVEMBER 2023...
CLIMATE NORMAL PERIOD: 1991 TO 2020
CLIMATE RECORD PERIOD: 1893 TO 2023
WEATHER OBSERVED NORMAL DEPART LAST YEAR`S
VALUE DATE(S) VALUE FROM VALUE
NORMAL
..............................................................
TEMPERATURE (F)
RECORD
HIGH 82 11/01/2004
LOW -1 11/16/1908
HIGHEST 75 11/08 76
11/09
LOWEST 17 11/29 17
AVG. MAXIMUM 57.1 54.8 2.3 57.2
AVG. MINIMUM 30.8 30.7 0.1 35.2
MEAN 44.0 42.7 1.3 46.2
DAYS MAX >= 90 0 0.0 0.0 0
DAYS MAX <= 32 0 0.4 -0.4 0
DAYS MIN <= 32 18 19.0 -1.0 13
DAYS MIN <= 0 0 0.0 0.0 0
PRECIPITATION (INCHES)
RECORD
MAXIMUM 7.84 1920
MINIMUM 0.41 2001
TOTALS 1.76 2.85 -1.09 3.61
DAYS >= .01 4 9.0 -5.0 9
DAYS >= .10 2 5.6 -3.6 5
DAYS >= .50 1 2.1 -1.1 3
DAYS >= 1.00 1 0.5 0.5 2
GREATEST
24 HR. TOTAL 1.50 1.34
SNOWFALL (INCHES)
TOTALS T 0.4 -0.4 T
DAYS >= TRACE 3 0.6 2.4 3
DAYS >= 1.0 0 0.1 -0.1 0
GREATEST
24 HR TOTAL T T
DEGREE DAYS
HEATING TOTAL 624 668 -44 560
COOLING TOTAL 0 0 0 4
..............................................................
WIND (MPH)
AVERAGE WIND SPEED 3.1
RESULTANT WIND SPEED/DIRECTION 1/300
HIGHEST WIND SPEED/DIRECTION 24/320 DATE 11/01
HIGHEST GUST SPEED/DIRECTION 33/310 DATE 11/01
33/300 11/23
SKY COVER
AVERAGE SKY COVER 0.26
AVERAGE RH (PERCENT) 66
WEATHER CONDITIONS. NUMBER OF DAYS WITH
THUNDERSTORM 1 MIXED PRECIP 0
HEAVY RAIN 1 RAIN 3
LIGHT RAIN 7 FREEZING RAIN 0
LT FREEZING RAIN 0 HAIL 0
HEAVY SNOW 0 SNOW 0
LIGHT SNOW 3 SLEET 0
FOG 8 FOG W/VIS <= 1/4 MILE 2
HAZE 0
- INDICATES NEGATIVE NUMBERS.
R INDICATES RECORD WAS SET OR TIED.
MM INDICATES DATA IS MISSING.
T INDICATES TRACE AMOUNT.
$$
PW