000
CXUS56 KSGX 012223
CLMRNM
CLIMATE REPORT
NATIONAL WEATHER SERVICE SAN DIEGO, CA
223 PM PST FRI MAR 01 2024
...................................
...THE RAMONA AIRPORT CA CLIMATE SUMMARY FOR THE MONTH OF FEBRUARY 2024...
CLIMATE NORMAL PERIOD: 1991 TO 2020
CLIMATE RECORD PERIOD: 1974 TO 2024
WEATHER OBSERVED NORMAL DEPART LAST YEAR`S
VALUE DATE(S) VALUE FROM VALUE DATE(S)
NORMAL
................................................................
TEMPERATURE (F)
RECORD
HIGH 89 02/13/1981
LOW 19 02/05/2020
HIGHEST 76 02/23 68 8 74 02/09
02/10
LOWEST 29 02/13 39 -10 22 02/16
AVG. MAXIMUM 63.1 65.9 -2.8 61.8
AVG. MINIMUM 39.9 37.9 2.0 33.6
MEAN 51.5 51.9 -0.4 47.7
DAYS MAX >= 90 0 0.0 0.0 0
DAYS MAX <= 32 0 0.0 0.0 0
DAYS MAX >= 45 29 28
DAYS MAX >= 120 0 0
DAYS MIN <= 32 4 7.8 -3.8 12
DAYS MIN <= 0 0 0.0 0.0 0
PRECIPITATION (INCHES)
RECORD
MAXIMUM 12.88 1980
MINIMUM 0.11 2016
TOTALS 5.67 3.66 2.01 3.05
DAILY AVG. 0.20 NAN NAN 0.11
DAYS >= .01 11 8.2 2.8 12
DAYS >= .10 9 5.2 3.8 7
DAYS >= .50 5 2.2 2.8 2
DAYS >= 1.00 1 0.8 0.2 1
DAYS >= %-5.2F 0 0
DAYS >= %-5.2F 0 0
GREATEST
24 HR. TOTAL 1.90 02/05 TO 02/06 1.29 02/25 TO 02/26
STORM TOTAL 1.32 1.22
(MM/DD(HH)) MM
DEGREE DAYS
HEATING TOTAL 385 367 18 477
SINCE 7/1 1461 1626 -165 MM
COOLING TOTAL 0 1 -1 0
SINCE 1/1 0 2 -2 MM
FREEZE DATES
RECORD
EARLIEST 10/10/1974
LATEST 05/07/1975
EARLIEST 11/09
LATEST 04/05
................................................................
WIND (MPH)
AVERAGE WIND SPEED 4.3
RESULTANT WIND SPEED/DIRECTION 2/250
HIGHEST WIND SPEED/DIRECTION 24/270 DATE 02/08
HIGHEST GUST SPEED/DIRECTION 32/330 DATE 02/21
SKY COVER
POSSIBLE SUNSHINE (PERCENT) MM
AVERAGE SKY COVER 0.58
NUMBER OF DAYS FAIR 7
NUMBER OF DAYS PC 9
NUMBER OF DAYS CLOUDY 13
AVERAGE RH (PERCENT) 74
WEATHER CONDITIONS. NUMBER OF DAYS WITH
THUNDERSTORM 1 MIXED PRECIP 0
HEAVY RAIN 6 RAIN 9
LIGHT RAIN 11 FREEZING RAIN 0
LT FREEZING RAIN 0 HAIL 0
HEAVY SNOW 0 SNOW 0
LIGHT SNOW 0 SLEET 0
FOG 28 FOG W/VIS <= 1/4 MILE 14
HAZE 12
- INDICATES NEGATIVE NUMBERS.
R INDICATES RECORD WAS SET OR TIED.
MM INDICATES DATA IS MISSING.
T INDICATES TRACE AMOUNT.
$$