000
CXUS51 KRNK 010612
CF6ROA
PRELIMINARY LOCAL CLIMATOLOGICAL DATA (WS FORM: F-6)
STATION: ROANOKE VA
MONTH: OCTOBER
YEAR: 2022
LATITUDE: 37 19 N
LONGITUDE: 79 58 W
TEMPERATURE IN F: :PCPN: SNOW: WIND :SUNSHINE: SKY :PK WND
================================================================================
1 2 3 4 5 6A 6B 7 8 9 10 11 12 13 14 15 16 17 18
12Z AVG MX 2MIN
DY MAX MIN AVG DEP HDD CDD WTR SNW DPTH SPD SPD DIR MIN PSBL S-S WX SPD DR
================================================================================
1 57 53 55 -9 10 0 2.11 0.0 0 4.5 32 20 M M 10 1 43 30
2 59 54 57 -7 8 0 0.01 0.0 0 8.8 20 20 M M 10 24 20
3 69 50 60 -4 5 0 0.00 0.0 0 8.4 16 20 M M 6 20 20
4 67 43 55 -8 10 0 0.00 0.0 0 8.1 17 310 M M 5 21 310
5 77 49 63 0 2 0 0.00 0.0 0 8.1 18 330 M M 1 23 320
6 77 48 63 1 2 0 0.00 0.0 0 4.5 10 250 M M 1 17 260
7 80 51 66 4 0 1 0.00 0.0 0 6.9 20 310 M M 1 28 310
8 64 43 54 -8 11 0 0.00 0.0 0 7.9 15 320 M M 1 19 310
9 68 35 52 -9 13 0 0.00 0.0 0 2.8 15 230 M M 0 19 220
10 69 38 54 -7 11 0 0.00 0.0 0 1.7 13 30 M M 0 18 20
11 69 40 55 -6 10 0 0.00 0.0 0 1.5 10 170 M M 3 13 140
12 72 43 58 -2 7 0 0.19 0.0 0 4.5 17 160 M M 6 13 26 150
13 77 55 66 6 0 1 0.01 0.0 0 7.2 17 230 M M 7 1 23 310
14 71 43 57 -3 8 0 0.00 0.0 0 4.2 20 240 M M 1 26 260
15 81 41 61 2 4 0 0.00 0.0 0 4.9 21 230 M M 1 27 240
16 70 57 64 5 1 0 0.47 0.0 0 4.7 17 340 M M 8 13 21 340
17 68 46 57 -2 8 0 0.04 0.0 0 6.3 18 300 M M 6 12 25 250
18 50 37 44 -14 21 0 0.00 0.0 0 11.7 25 310 M M 5 33 280
19 54 36 45 -13 20 0 0.00 0.0 0 7.5 17 280 M M 5 27 250
20 63 35 49 -9 16 0 0.00 0.0 0 5.8 17 270 M M 1 23 250
21 66 34 50 -7 15 0 0.00 0.0 0 2.1 9 120 M M 1 11 130
22 71 34 53 -4 12 0 0.00 0.0 0 1.5 9 130 M M 0 13 160
23 72 37 55 -1 10 0 0.00 0.0 0 3.2 13 60 M M 1 17 50
24 79 40 60 4 5 0 0.00 0.0 0 1.3 7 120 M M 0 9 60
25 72 42 57 1 8 0 0.00 0.0 0 4.4 16 120 M M 1 22 120
26 71 50 61 6 4 0 0.02 0.0 0 8.1 22 320 M M 7 1 28 330
27 68 47 58 3 7 0 0.00 0.0 0 7.2 17 30 M M 2 21 330
28 64 39 52 -3 13 0 0.00 0.0 0 4.6 13 20 M M 4 15 20
29 62 52 57 3 8 0 0.00 0.0 0 3.9 12 80 M M 9 13 70
30 61 51 56 2 9 0 T 0.0 0 3.2 9 140 M M 9 12 120
31 59 37 48 -6 17 0 0.25 0.0 0 2.3 9 110 M M 10 1 12 110
================================================================================
SM 2107 1360 275 2 3.10 0.0 161.8 M 122
================================================================================
AV 68.0 43.9 5.2 FASTST M M 4 MAX(MPH)
MISC ----> 32 20 43 30
================================================================================
NOTES:
# LAST OF SEVERAL OCCURRENCES
COLUMN 17 PEAK WIND IN M.P.H.
PRELIMINARY LOCAL CLIMATOLOGICAL DATA (WS FORM: F-6) , PAGE 2
STATION: ROANOKE VA
MONTH: OCTOBER
YEAR: 2022
LATITUDE: 37 19 N
LONGITUDE: 79 58 W
[TEMPERATURE DATA] [PRECIPITATION DATA] SYMBOLS USED IN COLUMN 16
AVERAGE MONTHLY: 55.9 TOTAL FOR MONTH: 3.10 1 = FOG OR MIST
DPTR FM NORMAL: -3.0 DPTR FM NORMAL: 0.14 2 = FOG REDUCING VISIBILITY
HIGHEST: 81 ON 15 GRTST 24HR 3.03 ON 30- 1 TO 1/4 MILE OR LESS
LOWEST: 34 ON 22,21 3 = THUNDER
SNOW, ICE PELLETS, HAIL 4 = ICE PELLETS
TOTAL MONTH: 0.0 INCH 5 = HAIL
GRTST 24HR 0.0 6 = FREEZING RAIN OR DRIZZLE
GRTST DEPTH: 0 7 = DUSTSTORM OR SANDSTORM:
VSBY 1/2 MILE OR LESS
8 = SMOKE OR HAZE
[NO. OF DAYS WITH] [WEATHER - DAYS WITH] 9 = BLOWING SNOW
X = TORNADO
MAX 32 OR BELOW: 0 0.01 INCH OR MORE: 8
MAX 90 OR ABOVE: 0 0.10 INCH OR MORE: 4
MIN 32 OR BELOW: 0 0.50 INCH OR MORE: 1
MIN 0 OR BELOW: 0 1.00 INCH OR MORE: 1
[HDD (BASE 65) ]
TOTAL THIS MO. 275 CLEAR (SCALE 0-3) 16
DPTR FM NORMAL 57 PTCLDY (SCALE 4-7) 9
TOTAL FM JUL 1 306 CLOUDY (SCALE 8-10) 6
DPTR FM NORMAL 53
[CDD (BASE 65) ]
TOTAL THIS MO. 2
DPTR FM NORMAL -28 [PRESSURE DATA]
TOTAL FM JAN 1 1507 HIGHEST SLP M ON M
DPTR FM NORMAL 143 LOWEST SLP 29.65 ON 17
[REMARKS]
#FINAL-10-22#